-- Table structure for table `front_about_us`
--

CREATE TABLE `front_about_us` (
  `id` int(10) UNSIGNED NOT NULL,
  `slug` varchar(191) COLLATE utf8mb4_unicode_ci NOT NULL,
  `status` enum('publish','not_publish') COLLATE utf8mb4_unicode_ci NOT NULL,
  `title` text COLLATE utf8mb4_unicode_ci NOT NULL,
  `home_title` text COLLATE utf8mb4_unicode_ci DEFAULT NULL,
  `description` text COLLATE utf8mb4_unicode_ci NOT NULL,
  `image` varchar(191) COLLATE utf8mb4_unicode_ci NOT NULL,
  `created_at` timestamp NULL DEFAULT NULL,
  `updated_at` timestamp NULL DEFAULT NULL
) ENGINE=InnoDB DEFAULT CHARSET=utf8mb4 COLLATE=utf8mb4_unicode_ci;

--
-- Dumping data for table `front_about_us`
--

INSERT INTO `front_about_us` (`id`, `slug`, `status`, `title`, `home_title`, `description`, `image`, `created_at`, `updated_at`) VALUES
(1, 'Mr. Farman Ali Khan', 'publish', 'Principal\'s Message', 'Mr. Farman Ali Khan', '<p><strong>Education is a journey to explore experiment and explain the meaning of life.</strong></p>\n<p style=\"text-align: left;\">&nbsp; Each movement unfolds into a beautiful expression o<em>f life&rsquo;s bounty in laughter, cheer, conc</em>ern and dream of our students as they move towards&nbsp; &nbsp; &nbsp; &nbsp;excellence in Education and all around development.</p>\n<p style=\"padding-left: 40px;\">Dear students, you are the central point of the whole exercise of running the school.&nbsp; We at school believe in developing a person with integrity, good values, positive attitude and strength of character, a person with strong will and determination to succeed using fair means and make the personal significant contribution towards positive growth of community, society and the nation.&nbsp; The school would help you with full opportunity to move on the path of self development &amp; success by providing you a unique teaching learning environment&nbsp; in pursuit of all round excellence.</p>\n<p style=\"padding-left: 40px;\">At Swat Collegiate School, Kalindi, We not only believe in having students&nbsp; to be trailblazer in academics but also in topping and show-casing their boundless talents.</p>\nDear students,\n\nYou are the central point of the whole exercise of running the school. We, at school believe in developing a person with integrity, good values, positive attitude and strength of character, a person with strong will and determination to succeed using fair means and make the personal significant contribution towards positive growth of community, society and the nation. Swat Collegiate School & College would help you with full opportunity to move on the path of self-development & success by providing you a unique teaching learning environment in pursuit of all round excellence. At Swat Collegiate School & College, We not only believe in having students to be trailblazer in academics but also in topping and show-casing their boundless talents.', 'speendad.jpg', '2023-01-10 13:08:34', '2023-01-10 13:08:34');

-- --------------------------------------------------------

--
-- Table structure for table `front_events`
--

CREATE TABLE `front_events` (
  `id` bigint(20) UNSIGNED NOT NULL,
  `title` text COLLATE utf8mb4_unicode_ci NOT NULL,
  `description` text COLLATE utf8mb4_unicode_ci NOT NULL,
  `status` enum('publish','not_publish') COLLATE utf8mb4_unicode_ci NOT NULL,
  `images` text COLLATE utf8mb4_unicode_ci NOT NULL,
  `from` date NOT NULL,
  `to` date NOT NULL,
  `created_at` timestamp NULL DEFAULT NULL,
  `updated_at` timestamp NULL DEFAULT NULL
) ENGINE=InnoDB DEFAULT CHARSET=utf8mb4 COLLATE=utf8mb4_unicode_ci;

-- --------------------------------------------------------

--
-- Table structure for table `front_gallery_categories`
--

CREATE TABLE `front_gallery_categories` (
  `id` int(10) UNSIGNED NOT NULL,
  `slug` varchar(191) COLLATE utf8mb4_unicode_ci NOT NULL,
  `category_name` text COLLATE utf8mb4_unicode_ci NOT NULL,
  `created_at` timestamp NULL DEFAULT NULL,
  `updated_at` timestamp NULL DEFAULT NULL
) ENGINE=InnoDB DEFAULT CHARSET=utf8mb4 COLLATE=utf8mb4_unicode_ci;

--
-- Dumping data for table `front_gallery_categories`
--

INSERT INTO `front_gallery_categories` (`id`, `slug`, `category_name`, `created_at`, `updated_at`) VALUES
(1, 'Photo', 'Photo', '2023-01-11 15:30:13', '2023-01-11 15:30:13');

-- --------------------------------------------------------

--
-- Table structure for table `front_gallery_contents`
--

CREATE TABLE `front_gallery_contents` (
  `id` int(10) UNSIGNED NOT NULL,
  `slug` varchar(191) COLLATE utf8mb4_unicode_ci NOT NULL,
  `thumb_image` varchar(191) COLLATE utf8mb4_unicode_ci NOT NULL,
  `category_id` int(10) UNSIGNED NOT NULL,
  `title` text COLLATE utf8mb4_unicode_ci NOT NULL,
  `description` text COLLATE utf8mb4_unicode_ci NOT NULL,
  `status` enum('publish','not_publish') COLLATE utf8mb4_unicode_ci NOT NULL,
  `elements` text COLLATE utf8mb4_unicode_ci NOT NULL,
  `created_at` timestamp NULL DEFAULT NULL,
  `updated_at` timestamp NULL DEFAULT NULL
) ENGINE=InnoDB DEFAULT CHARSET=utf8mb4 COLLATE=utf8mb4_unicode_ci;

--
-- Dumping data for table `front_gallery_contents`
--

INSERT INTO `front_gallery_contents` (`id`, `slug`, `thumb_image`, `category_id`, `title`, `description`, `status`, `elements`, `created_at`, `updated_at`) VALUES
(1, 'sdsf', 'silde3.jfif', 1, 'swat', 'UPDATE `front_gallery_contents` SET `thumb_image` = \'silde3.jfif\' WHERE `front_gallery_contents`.`id` = 1;\n', 'publish', '{\"1\":{\"image\":\"slide1.jfif\",\"type\":\"1\",\"video_url\":null,\"date\":\"2023-01-12 20:52:20\"}}', '2023-01-11 15:34:11', NULL),
(2, 'LAtest', 'slide2.jfif', 1, 'dsfsdf', 'UPDATE `front_gallery_contents` SET `thumb_image` = \'silde3.jfif\' WHERE `front_gallery_contents`.`id` = 1;\r\n', 'publish', '[]', '2023-01-11 15:34:11', NULL);

-- --------------------------------------------------------

--
-- Table structure for table `front_news`
--

CREATE TABLE `front_news` (
  `id` int(10) UNSIGNED NOT NULL,
  `status` enum('publish','not_publish') COLLATE utf8mb4_unicode_ci NOT NULL,
  `date` date NOT NULL,
  `title` text COLLATE utf8mb4_unicode_ci NOT NULL,
  `slug` varchar(191) COLLATE utf8mb4_unicode_ci NOT NULL,
  `description` text COLLATE utf8mb4_unicode_ci NOT NULL,
  `created_at` timestamp NULL DEFAULT NULL,
  `updated_at` timestamp NULL DEFAULT NULL
) ENGINE=InnoDB DEFAULT CHARSET=utf8mb4 COLLATE=utf8mb4_unicode_ci;

--
-- Dumping data for table `front_news`
--

INSERT INTO `front_news` (`id`, `status`, `date`, `title`, `slug`, `description`, `created_at`, `updated_at`) VALUES
(1, 'publish', '2023-01-10', 'Top Star Rating Schools Award', 'Top Star Rating Schools Award', 'Top Star Rating Schools Award', '2023-01-10 05:55:07', '2023-01-10 05:55:07'),
(2, 'publish', '2023-01-10', 'Myuuu', 'Top Star Rating Schools Award', 'Top Star Rating Schools Award', '2023-01-10 05:55:07', '2023-01-10 05:55:07');

-- --------------------------------------------------------

--
-- Table structure for table `front_notices`
--

CREATE TABLE `front_notices` (
  `id` bigint(20) UNSIGNED NOT NULL,
  `title` text COLLATE utf8mb4_unicode_ci NOT NULL,
  `description` text COLLATE utf8mb4_unicode_ci NOT NULL,
  `status` enum('publish','not_publish') COLLATE utf8mb4_unicode_ci NOT NULL,
  `created_at` timestamp NULL DEFAULT NULL,
  `updated_at` timestamp NULL DEFAULT NULL
) ENGINE=InnoDB DEFAULT CHARSET=utf8mb4 COLLATE=utf8mb4_unicode_ci;

-- --------------------------------------------------------

--
-- Table structure for table `front_sliders`
--

CREATE TABLE `front_sliders` (
  `id` int(10) UNSIGNED NOT NULL,
  `status` enum('publish','not_publish') COLLATE utf8mb4_unicode_ci NOT NULL,
  `title` text COLLATE utf8mb4_unicode_ci NOT NULL,
  `description` text COLLATE utf8mb4_unicode_ci NOT NULL,
  `slider_image` varchar(191) COLLATE utf8mb4_unicode_ci NOT NULL,
  `btn_name` varchar(191) COLLATE utf8mb4_unicode_ci DEFAULT NULL,
  `btn_url` varchar(191) COLLATE utf8mb4_unicode_ci DEFAULT NULL,
  `created_at` timestamp NULL DEFAULT NULL,
  `updated_at` timestamp NULL DEFAULT NULL
) ENGINE=InnoDB DEFAULT CHARSET=utf8mb4 COLLATE=utf8mb4_unicode_ci;

--
-- Dumping data for table `front_sliders`
--

INSERT INTO `front_sliders` (`id`, `status`, `title`, `description`, `slider_image`, `btn_name`, `btn_url`, `created_at`, `updated_at`) VALUES
(1, 'publish', 'Better education for', '\r\n Lorem ipsum dolor sit amet, consectetuer adipiscingl elit sed diam nonumm nibhy euismod tincidunt ut laoreet dolore magna aliquam erat volutpat. GET STARTED NOW VIEW COURSES', 'silde3.jfif', 'Read More', 'http://localhost/phpmyadmin/', '2023-01-09 17:21:16', '2023-01-09 17:21:16'),
(2, 'publish', '452', '\r\n Lorem ipsum dolor sit amet, consectetuer adipiscingl elit sed diam nonumm nibhy euismod tincidunt ut laoreet dolore magna aliquam erat volutpat. GET STARTED NOW VIEW COURSES', 'slide1.jfif', NULL, NULL, '2023-01-09 17:21:16', '2023-01-09 17:21:16');

-- --------------------------------------------------------

--
-- Table structure for table `global_settings`
--

CREATE TABLE `global_settings` (
  `id` int(10) UNSIGNED NOT NULL,
  `school_name` varchar(191) COLLATE utf8mb4_unicode_ci NOT NULL,
  `phone` varchar(50) COLLATE utf8mb4_unicode_ci DEFAULT NULL,
  `address` text COLLATE utf8mb4_unicode_ci DEFAULT NULL,
  `registration_code` text COLLATE utf8mb4_unicode_ci DEFAULT NULL,
  `registration_date` date DEFAULT NULL,
  `school_type` enum('boys','girls','boys_and_girls') COLLATE utf8mb4_unicode_ci NOT NULL DEFAULT 'boys',
  `school_level` enum('primary','middle','high','inter') COLLATE utf8mb4_unicode_ci NOT NULL DEFAULT 'inter',
  `currency_id` int(10) UNSIGNED NOT NULL,
  `start_date` date DEFAULT NULL,
  `date_format` varchar(191) COLLATE utf8mb4_unicode_ci NOT NULL DEFAULT 'm/d/Y',
  `time_format` enum('12','24') COLLATE utf8mb4_unicode_ci NOT NULL DEFAULT '24',
  `time_zone` varchar(191) COLLATE utf8mb4_unicode_ci NOT NULL DEFAULT 'Asia/Karachi',
  `start_month` varchar(40) COLLATE utf8mb4_unicode_ci NOT NULL,
  `biometric` int(11) DEFAULT 0,
  `biometric_device` text COLLATE utf8mb4_unicode_ci DEFAULT NULL,
  `is_rtl` varchar(10) COLLATE utf8mb4_unicode_ci DEFAULT 'disabled',
  `is_duplicate_fees_invoice` int(11) DEFAULT 0,
  `session_id` int(10) UNSIGNED DEFAULT NULL,
  `cron_secret_key` varchar(100) COLLATE utf8mb4_unicode_ci NOT NULL,
  `currency_symbol_placement` enum('before','after') COLLATE utf8mb4_unicode_ci NOT NULL DEFAULT 'before',
  `attendence_type` tinyint(1) NOT NULL DEFAULT 0,
  `image` varchar(100) COLLATE utf8mb4_unicode_ci DEFAULT NULL,
  `admin_logo` varchar(191) COLLATE utf8mb4_unicode_ci NOT NULL,
  `admin_small_logo` varchar(191) COLLATE utf8mb4_unicode_ci NOT NULL,
  `fee_due_days` int(11) DEFAULT 0,
  `adm_auto_insert` tinyint(1) NOT NULL DEFAULT 1,
  `adm_prefix` varchar(50) COLLATE utf8mb4_unicode_ci NOT NULL DEFAULT 'ssadm19/20',
  `adm_start_from` varchar(11) COLLATE utf8mb4_unicode_ci NOT NULL,
  `adm_no_digit` int(11) NOT NULL DEFAULT 6,
  `adm_update_status` tinyint(1) NOT NULL DEFAULT 0,
  `staffid_auto_insert` int(11) NOT NULL DEFAULT 1,
  `staffid_prefix` varchar(100) COLLATE utf8mb4_unicode_ci NOT NULL DEFAULT 'staffss/19/20',
  `staffid_start_from` varchar(50) COLLATE utf8mb4_unicode_ci NOT NULL,
  `staffid_no_digit` int(11) NOT NULL DEFAULT 6,
  `staffid_update_status` int(11) NOT NULL DEFAULT 0,
  `is_active` varchar(191) COLLATE utf8mb4_unicode_ci DEFAULT '0',
  `online_admission` int(11) DEFAULT 0,
  `is_blood_group` tinyint(1) NOT NULL DEFAULT 1,
  `is_student_house` tinyint(1) NOT NULL DEFAULT 1,
  `roll_no` tinyint(1) NOT NULL DEFAULT 1,
  `category` tinyint(1) NOT NULL DEFAULT 1,
  `religion` tinyint(1) NOT NULL DEFAULT 1,
  `cast` tinyint(1) NOT NULL DEFAULT 1,
  `mobile_no` tinyint(1) NOT NULL DEFAULT 1,
  `student_email` tinyint(1) NOT NULL DEFAULT 1,
  `admission_date` tinyint(1) NOT NULL DEFAULT 1,
  `lastname` tinyint(1) NOT NULL DEFAULT 1,
  `middlename` tinyint(1) NOT NULL DEFAULT 1,
  `student_photo` tinyint(1) NOT NULL DEFAULT 1,
  `student_height` tinyint(1) NOT NULL DEFAULT 1,
  `student_weight` tinyint(1) NOT NULL DEFAULT 1,
  `measurement_date` tinyint(1) NOT NULL DEFAULT 1,
  `father_name` tinyint(1) NOT NULL DEFAULT 1,
  `father_phone` tinyint(1) NOT NULL DEFAULT 1,
  `father_occupation` tinyint(1) NOT NULL DEFAULT 1,
  `father_pic` tinyint(1) NOT NULL DEFAULT 1,
  `mother_name` tinyint(1) NOT NULL DEFAULT 1,
  `mother_phone` tinyint(1) NOT NULL DEFAULT 1,
  `mother_occupation` tinyint(1) NOT NULL DEFAULT 1,
  `mother_pic` tinyint(1) NOT NULL DEFAULT 1,
  `guardian_name` tinyint(1) NOT NULL DEFAULT 1,
  `guardian_relation` tinyint(1) NOT NULL DEFAULT 1,
  `guardian_phone` tinyint(1) NOT NULL DEFAULT 1,
  `guardian_email` tinyint(1) NOT NULL DEFAULT 1,
  `guardian_pic` tinyint(1) NOT NULL DEFAULT 1,
  `guardian_occupation` tinyint(1) NOT NULL DEFAULT 1,
  `guardian_address` tinyint(1) NOT NULL DEFAULT 1,
  `current_address` tinyint(1) NOT NULL DEFAULT 1,
  `permanent_address` tinyint(1) NOT NULL DEFAULT 1,
  `route_list` tinyint(1) NOT NULL DEFAULT 1,
  `hostel_id` tinyint(1) NOT NULL DEFAULT 1,
  `bank_account_no` tinyint(1) NOT NULL DEFAULT 1,
  `ifsc_code` tinyint(1) NOT NULL DEFAULT 1,
  `bank_name` tinyint(1) NOT NULL DEFAULT 1,
  `national_identification_no` tinyint(1) NOT NULL DEFAULT 1,
  `local_identification_no` tinyint(1) NOT NULL DEFAULT 1,
  `rte` tinyint(1) NOT NULL DEFAULT 1,
  `previous_school_details` tinyint(1) NOT NULL DEFAULT 1,
  `student_note` tinyint(1) NOT NULL DEFAULT 1,
  `upload_documents` tinyint(1) NOT NULL DEFAULT 1,
  `staff_designation` tinyint(1) NOT NULL DEFAULT 1,
  `staff_department` tinyint(1) NOT NULL DEFAULT 1,
  `staff_last_name` tinyint(1) NOT NULL DEFAULT 1,
  `staff_father_name` tinyint(1) NOT NULL DEFAULT 1,
  `staff_mother_name` tinyint(1) NOT NULL DEFAULT 1,
  `staff_date_of_joining` tinyint(1) NOT NULL DEFAULT 1,
  `staff_phone` tinyint(1) NOT NULL DEFAULT 1,
  `staff_emergency_contact` tinyint(1) NOT NULL DEFAULT 1,
  `staff_marital_status` tinyint(1) NOT NULL DEFAULT 1,
  `staff_photo` tinyint(1) NOT NULL DEFAULT 1,
  `staff_current_address` tinyint(1) NOT NULL DEFAULT 1,
  `staff_permanent_address` tinyint(1) NOT NULL DEFAULT 1,
  `staff_qualification` tinyint(1) NOT NULL DEFAULT 1,
  `staff_work_experience` tinyint(1) NOT NULL DEFAULT 1,
  `staff_note` tinyint(1) NOT NULL DEFAULT 1,
  `staff_epf_no` tinyint(1) NOT NULL DEFAULT 1,
  `staff_basic_salary` tinyint(1) NOT NULL DEFAULT 1,
  `staff_contract_type` tinyint(1) NOT NULL DEFAULT 1,
  `staff_work_shift` tinyint(1) NOT NULL DEFAULT 1,
  `staff_work_location` tinyint(1) NOT NULL DEFAULT 1,
  `staff_leaves` tinyint(1) NOT NULL DEFAULT 1,
  `staff_account_details` tinyint(1) NOT NULL DEFAULT 1,
  `staff_social_media` tinyint(1) NOT NULL DEFAULT 1,
  `staff_upload_documents` tinyint(1) NOT NULL DEFAULT 1,
  `mobile_api_url` text COLLATE utf8mb4_unicode_ci NOT NULL,
  `app_primary_color_code` varchar(20) COLLATE utf8mb4_unicode_ci DEFAULT NULL,
  `app_secondary_color_code` varchar(20) COLLATE utf8mb4_unicode_ci DEFAULT NULL,
  `app_logo` varchar(250) COLLATE utf8mb4_unicode_ci DEFAULT NULL,
  `student_profile_edit` tinyint(1) NOT NULL DEFAULT 0,
  `start_week` varchar(10) COLLATE utf8mb4_unicode_ci NOT NULL,
  `my_question` tinyint(1) NOT NULL DEFAULT 0,
  `created_at` timestamp NULL DEFAULT NULL,
  `updated_at` timestamp NULL DEFAULT NULL
) ENGINE=InnoDB DEFAULT CHARSET=utf8mb4 COLLATE=utf8mb4_unicode_ci;

-- --------------------------------------------------------

--
-- Table structure for table `guardians`
--

CREATE TABLE `guardians` (
  `id` int(10) UNSIGNED NOT NULL,
  `guardian_name` varchar(191) COLLATE utf8mb4_unicode_ci NOT NULL,
  `guardian_relation` varchar(191) COLLATE utf8mb4_unicode_ci DEFAULT NULL,
  `guardian_occupation` varchar(191) COLLATE utf8mb4_unicode_ci DEFAULT NULL,
  `guardian_phone` varchar(191) COLLATE utf8mb4_unicode_ci DEFAULT NULL,
  `guardian_cnic` varchar(250) COLLATE utf8mb4_unicode_ci DEFAULT NULL,
  `guardian_email` varchar(191) COLLATE utf8mb4_unicode_ci DEFAULT NULL,
  `guardian_address` varchar(191) COLLATE utf8mb4_unicode_ci DEFAULT NULL,
  `guardian_image` varchar(191) COLLATE utf8mb4_unicode_ci DEFAULT NULL,
  `created_at` timestamp NULL DEFAULT NULL,
  `updated_at` timestamp NULL DEFAULT NULL
) ENGINE=InnoDB DEFAULT CHARSET=utf8mb4 COLLATE=utf8mb4_unicode_ci;

--
-- Dumping data for table `guardians`
--

INSERT INTO `guardians` (`id`, `guardian_name`, `guardian_relation`, `guardian_occupation`, `guardian_phone`, `guardian_cnic`, `guardian_email`, `guardian_address`, `guardian_image`, `created_at`, `updated_at`) VALUES
(1, 'RAHMAT', 'Father', NULL, '349 3360003', '', NULL, NULL, NULL, '2022-01-02 13:08:54', '2022-12-09 12:04:58'),
(2, 'ISHTAMAND', 'Father', NULL, '03429608548', '15602-3903338-3', NULL, NULL, NULL, '2022-01-02 13:11:13', '2022-01-19 10:40:42'),
(3, 'ROZI RAHMAN', 'Father', NULL, '03319233304', '1560234468893', NULL, NULL, NULL, '2022-01-02 13:11:13', '2022-01-19 10:43:09'),
(4, 'IRAD ALI KHAN', 'Father', NULL, '03455221155', '', NULL, NULL, NULL, '2022-01-02 13:11:13', '2022-01-19 10:45:20'),
(5, 'SHAHID KHAN', 'Father', NULL, '03470974485', '1560276536841', NULL, NULL, NULL, '2022-01-02 13:11:13', '2022-01-19 10:46:51'),
(6, 'STOORY', 'Father', NULL, '03418353051', '1560247091770', NULL, NULL, NULL, '2022-01-02 13:11:13', '2022-01-27 11:02:50'),
(7, 'HAYATUR RAHMAN', 'Father', NULL, '03479268800', '', NULL, NULL, NULL, '2022-01-02 13:11:14', '2022-02-17 07:31:58'),
(8, 'Ajmal Khan', 'Father', 'NA', NULL, '1560284699029', NULL, NULL, NULL, '2022-01-02 13:11:14', '2022-01-02 13:11:14'),
(9, 'Niamatullah', 'Father', 'NA', NULL, '1560235316253', NULL, NULL, NULL, '2022-01-02 13:11:14', '2022-01-02 13:11:14'),
(10, 'FAZAL MUHAMMAD', 'Father', NULL, '03459451960', '', NULL, NULL, NULL, '2022-01-02 13:11:14', '2022-01-27 10:50:41'),
(11, 'UBAID UR RAHMAN', 'Father', NULL, '03488978948', '1560202305551', NULL, NULL, NULL, '2022-01-02 13:11:14', '2022-01-27 10:56:21'),
(12, 'Shafi Ur Rahman', 'Father', 'NA', NULL, '1560205242835', NULL, NULL, NULL, '2022-01-02 13:11:14', '2022-01-02 13:11:14'),
(13, 'RAHMAT ALI', 'Father', NULL, '03449881868', '1560278220313', NULL, NULL, NULL, '2022-01-02 13:11:14', '2022-01-27 10:55:03'),
(14, 'HAZRAT ALI', 'Father', NULL, '03449656460', '1560274288091', NULL, NULL, NULL, '2022-01-02 13:11:14', '2022-01-27 10:54:18'),
(15, 'Muhammad Asghar', 'Father', 'NA', NULL, '', NULL, NULL, NULL, '2022-01-02 13:11:14', '2022-01-02 13:11:14'),
(16, 'Muhammad Zamin', 'Father', 'NA', NULL, '156264221457', NULL, NULL, NULL, '2022-01-02 13:11:14', '2022-01-02 13:11:14'),
(17, 'Usman Ali', 'Father', 'NA', NULL, '1560291462525', NULL, NULL, NULL, '2022-01-02 13:11:14', '2022-01-02 13:11:14'),
(18, 'Usman Ali', 'Father', 'NA', NULL, '1560291462525', NULL, NULL, NULL, '2022-01-02 13:11:14', '2022-01-02 13:11:14'),
(19, 'Raham Ali', 'Father', 'NA', NULL, '1560248677963', NULL, NULL, NULL, '2022-01-02 13:11:14', '2022-01-02 13:11:14'),
(20, 'Mumtaz Ali', 'Father', 'NA', NULL, '', NULL, NULL, NULL, '2022-01-02 13:11:14', '2022-01-02 13:11:14'),
(21, 'Ajab Khan', 'Father', 'NA', NULL, '1560234186849', NULL, NULL, NULL, '2022-01-02 13:11:14', '2022-01-02 13:11:14'),
(22, 'Mohammad Faheem Khan', 'Father', 'NA', NULL, '1560203017631', NULL, NULL, NULL, '2022-01-02 13:11:14', '2022-01-02 13:11:14'),
(23, 'NISAR IQBAL', 'Father', NULL, '03481994346', '', NULL, NULL, NULL, '2022-01-02 13:11:14', '2022-02-27 05:33:57'),
(24, 'Sulaiman', 'Father', 'NA', NULL, '', NULL, NULL, NULL, '2022-01-02 13:11:14', '2022-01-02 13:11:14'),
(25, 'HAYAT UR RAHMAN', 'Father', NULL, '03479268800', '', NULL, NULL, NULL, '2022-01-02 13:11:14', '2022-02-17 07:26:14'),
(26, 'Sajid', 'Father', 'NA', '03137767076', '', NULL, NULL, NULL, '2022-01-02 13:11:14', '2022-09-09 05:30:24'),
(27, 'Raz Muhammad', 'Father', 'NA', NULL, '', NULL, NULL, NULL, '2022-01-02 13:11:14', '2022-01-02 13:11:14'),
(28, 'Fazal Karim', 'Father', 'NA', NULL, '1560275257641', NULL, NULL, NULL, '2022-01-02 13:11:14', '2022-01-02 13:11:14'),
(29, 'Fazal Rabi Khan', 'Father', 'NA', NULL, '4240189281401', NULL, NULL, NULL, '2022-01-02 13:11:14', '2022-01-02 13:11:14'),
(30, 'Ayaz Ali', 'Father', 'NA', NULL, '', NULL, NULL, NULL, '2022-01-02 13:11:14', '2022-01-02 13:11:14'),
(31, 'ISLAM KHAN', 'Father', NULL, '03409894862', '', NULL, NULL, NULL, '2022-01-02 13:11:14', '2022-01-27 10:59:33'),
(32, 'Mohsin Kamal', 'Father', 'NA', NULL, '', NULL, NULL, NULL, '2022-01-02 13:11:14', '2022-01-02 13:11:14'),
(33, 'Mohsin Kamal', 'Father', 'Agriculture', NULL, '1560281623791', NULL, NULL, NULL, '2022-01-02 13:11:22', '2022-01-02 13:11:22'),
(34, 'MAHBOOB GUL', 'Father', NULL, '03453954777', '15602-0292520-3', NULL, NULL, NULL, '2022-01-02 13:11:23', '2022-02-15 16:35:05'),
(35, 'AKHTAR AYUB KHAN', 'Father', NULL, '315 9081880', '1560299865419', NULL, NULL, NULL, '2022-01-02 13:11:23', '2022-12-29 03:36:08'),
(36, 'ABDULLAH KHAN', 'Father', NULL, '03445063821', '1560282302567', NULL, NULL, NULL, '2022-01-02 13:11:23', '2022-02-04 05:47:30'),
(37, 'Kishwar Rahman', 'Father', 'NA', NULL, '1560202911505', NULL, NULL, NULL, '2022-01-02 13:11:23', '2022-01-02 13:11:23'),
(38, 'Muhammad Habib', 'Father', 'NA', NULL, '15602-0453051-9', NULL, NULL, NULL, '2022-01-02 13:11:23', '2022-01-02 13:11:23'),
(39, 'DILFARAZ KHAN', 'Father', NULL, '03469694081', '15602-0481328-3', NULL, NULL, NULL, '2022-01-02 13:11:23', '2022-01-27 10:40:44'),
(40, 'GOHAR RAHMAN', 'Father', NULL, '03449643963', '15602-8249215-9', NULL, NULL, NULL, '2022-01-02 13:11:23', '2022-02-04 07:21:48'),
(41, 'Sajad Ali Khan', 'Father', 'NA', NULL, '15602-9561534-5', NULL, NULL, NULL, '2022-01-02 13:11:23', '2022-01-02 13:11:23'),
(42, 'Akbar Hussain', 'Father', 'NA', '03449609977', '15602-6977072-1', NULL, NULL, NULL, '2022-01-02 13:11:23', '2022-03-12 03:43:01'),
(43, 'Nisar Ali Khan', 'Father', 'NA', NULL, '15602-0332965-1', NULL, NULL, NULL, '2022-01-02 13:11:23', '2022-01-02 13:11:23'),
(44, 'FARMAN ALI', 'Father', NULL, '03329209766', '15602-0332965-1', NULL, NULL, NULL, '2022-01-02 13:11:23', '2022-02-04 07:20:58'),
(45, 'RAHAM ZEB BADSHA', 'Father', NULL, '03449898031', '1560282969831', NULL, NULL, NULL, '2022-01-02 13:11:23', '2022-02-08 06:38:46'),
(46, 'Irfan Ali', 'Father', 'NA', NULL, '15602-5407729-9', NULL, NULL, NULL, '2022-01-02 13:11:23', '2022-01-02 13:11:23'),
(47, 'Alam Zeb', 'Father', 'NA', NULL, '1560225246741', NULL, NULL, NULL, '2022-01-02 13:11:23', '2022-01-02 13:11:23'),
(48, 'Asghar Ali Khan', 'Father', 'NA', NULL, '1560212858251', NULL, NULL, NULL, '2022-01-02 13:11:23', '2022-01-02 13:11:23'),
(49, 'MUHAMMAD ARIF', 'Father', NULL, '03469453073', '1560202792135', NULL, NULL, NULL, '2022-01-02 13:11:23', '2022-01-27 10:52:52'),
(50, 'Ahsanullah Khan', 'Father', 'NA', NULL, '1560204856411', NULL, NULL, NULL, '2022-01-02 13:11:23', '2022-01-02 13:11:23'),
(51, 'ISMAIL', 'Father', NULL, '03489202065', '1560205162607', NULL, NULL, NULL, '2022-01-02 13:11:23', '2022-03-08 06:57:12'),
(52, 'Latif-ur-rahman', 'Father', 'NA', NULL, '1560275143359', NULL, NULL, NULL, '2022-01-02 13:11:23', '2022-01-02 13:11:23'),
(53, 'ASGHAR ALI', 'Father', NULL, '03409141341', '', NULL, NULL, NULL, '2022-01-02 13:11:23', '2022-02-01 18:12:59'),
(54, 'BARKAT ALI', 'Father', NULL, '03464153150', '', NULL, NULL, NULL, '2022-01-02 13:11:23', '2022-01-27 10:43:41'),
(55, 'Hussain Ahmad', 'Father', 'NA', NULL, '', NULL, NULL, NULL, '2022-01-02 13:11:23', '2022-01-02 13:11:23'),
(56, 'HASHMAT ALI', 'Father', NULL, '03469400329', '', NULL, NULL, NULL, '2022-01-02 13:11:23', '2022-01-27 10:45:03'),
(57, 'Alyar', 'Father', 'NA', NULL, '', NULL, NULL, NULL, '2022-01-02 13:11:23', '2022-01-02 13:11:23'),
(58, 'MUHAMMAD RAHMAN', 'Father', NULL, '03479093883', '', NULL, NULL, NULL, '2022-01-02 13:11:23', '2022-02-10 08:27:15'),
(59, 'ALAM KHAN', 'Father', NULL, '03469459648', '1560247403355', NULL, NULL, NULL, '2022-01-02 13:11:23', '2022-02-01 18:17:53'),
(60, 'BASHAREEN', 'Father', NULL, '00000000000', '', NULL, NULL, NULL, '2022-01-02 13:11:23', '2022-01-27 10:42:02'),
(61, 'UBAIDUR RAHMAN', 'Father', NULL, '03450595934', '1560202305551', NULL, NULL, NULL, '2022-01-02 13:11:23', '2022-01-27 10:55:14'),
(62, 'Malak Adnan', 'Father', 'NA', NULL, '1560503672805', NULL, NULL, NULL, '2022-01-02 13:11:23', '2022-01-02 13:11:23'),
(63, 'USMAN', 'Father', NULL, '03329106521', '1730179151573', NULL, NULL, NULL, '2022-01-02 13:11:23', '2022-02-01 18:05:00'),
(64, 'Rahim Shah Mian', 'Father', 'NA', NULL, '', NULL, NULL, NULL, '2022-01-02 13:11:23', '2022-01-02 13:11:23'),
(65, 'Muhammad Ali', 'Father', 'NA', NULL, '', NULL, NULL, NULL, '2022-01-02 13:11:23', '2022-01-02 13:11:23'),
(66, 'FAZLI HAD', 'Father', NULL, '03439810022', '', NULL, NULL, NULL, '2022-01-02 13:11:23', '2022-10-06 08:11:48'),
(67, 'Wahid Zada', 'Father', 'NA', NULL, '1560261595121', NULL, NULL, NULL, '2022-01-02 13:11:23', '2022-01-02 13:11:23'),
(68, 'NASIR ALI', 'Father', NULL, '03456114713', '', NULL, NULL, NULL, '2022-01-02 13:11:23', '2022-04-16 08:31:28'),
(69, 'ALI SHAH', 'Father', NULL, '03449679062', '1560202689687', NULL, NULL, NULL, '2022-01-02 13:11:23', '2022-03-04 04:47:02'),
(70, 'Noor Muhammad', 'Father', 'NA', '03429824675', '', NULL, NULL, NULL, '2022-01-02 13:11:23', '2022-05-24 04:03:34'),
(71, 'Muhammad Shahid', 'Father', 'NA', NULL, '1560204319445', NULL, NULL, NULL, '2022-01-02 13:11:23', '2022-01-02 13:11:23'),
(72, 'Alyar Khan', 'Father', NULL, '03456785022', '1560203140351', NULL, NULL, NULL, '2022-01-02 13:14:30', '2022-01-31 14:20:07'),
(73, 'Aftab Ali Khan', 'Father', NULL, '03469442996', '', NULL, NULL, NULL, '2022-01-02 13:14:30', '2022-01-31 14:20:52'),
(74, 'SAJJAD ALI KHAN', 'Father', NULL, '03449623316', '', NULL, NULL, NULL, '2022-01-02 13:14:30', '2022-01-31 14:21:31'),
(75, 'FAZAL KARIM', 'Father', NULL, '03460505975', '', NULL, NULL, NULL, '2022-01-02 13:14:30', '2022-01-31 14:22:08'),
(76, 'MUHAMMAD NAWAB', 'Father', NULL, '336 9143095', '1560503543177', NULL, NULL, NULL, '2022-01-02 13:14:30', '2022-12-26 05:43:58'),
(77, 'MAWJOODULLAH', 'Father', NULL, '03469443958', '1560204708823', NULL, NULL, NULL, '2022-01-02 13:14:30', '2022-01-31 14:23:27'),
(78, 'GULZAR HUSSAIN', 'Father', NULL, '03469202715', '1560249889145', NULL, NULL, NULL, '2022-01-02 13:14:30', '2022-01-31 14:24:00'),
(79, 'AMIR BACHA', 'Father', NULL, '03415725255', '', NULL, NULL, NULL, '2022-01-02 13:14:30', '2022-01-31 14:24:30'),
(80, 'AMIR BACHA', 'Father', NULL, '03415725255', '', NULL, NULL, NULL, '2022-01-02 13:14:30', '2022-01-31 14:25:02'),
(81, 'NOORDAD KHAN', 'Father', NULL, '0220081____', '1560221217805', NULL, NULL, NULL, '2022-01-02 13:14:30', '2022-01-31 14:25:50'),
(82, 'SARDAR ALI KHAN', 'Father', NULL, '03449881588', '1560251415665', NULL, NULL, NULL, '2022-01-02 13:14:30', '2022-01-27 10:24:16'),
(83, 'MIAN GHAFAR KHAN', 'Father', NULL, '03444334913', '1560204128279', NULL, NULL, NULL, '2022-01-02 13:14:30', '2022-01-31 14:26:46'),
(84, 'ROZI AKBAR', 'Father', NULL, '03408841451', '1560205143839', NULL, NULL, NULL, '2022-01-02 13:14:30', '2022-01-31 14:27:16'),
(85, 'AMIR HAMZA', 'Father', NULL, '03449894670', '1560282084523', NULL, NULL, NULL, '2022-01-02 13:14:30', '2022-01-27 10:35:40'),
(86, 'SHAHID HUSSAIN', 'Father', NULL, '03409896062', '', NULL, NULL, NULL, '2022-01-02 13:14:30', '2022-03-26 06:07:54'),
(87, 'RAHMAT ALI', 'Father', NULL, '03454644555', '', NULL, NULL, NULL, '2022-01-02 13:14:30', '2022-01-31 14:28:35'),
(88, 'HAYAT', 'Father', NULL, '03438654986', '', NULL, NULL, NULL, '2022-01-02 13:14:30', '2022-02-03 05:59:32'),
(89, 'ISRAR ALI KHAN', 'Father', NULL, '03469383202', '1560204529525', NULL, NULL, NULL, '2022-01-02 13:14:30', '2022-01-31 14:29:41'),
(90, 'ISRAR ALI KHAN', 'Father', NULL, '03469383202', '1560204529525', NULL, NULL, NULL, '2022-01-02 13:14:30', '2022-01-31 14:30:08'),
(91, 'SHARAFAT ALI', 'Father', NULL, '03469383202', '1560204520681', NULL, NULL, NULL, '2022-01-02 13:14:30', '2022-01-31 14:30:50'),
(92, 'MUHAMMAD ALAM', 'Father', NULL, '03420950011', '', NULL, NULL, NULL, '2022-01-02 13:14:30', '2022-01-31 14:31:26'),
(93, 'KHAISTA BACHA', 'Father', NULL, '03429600066', '', NULL, NULL, NULL, '2022-01-02 13:14:31', '2022-01-31 14:31:55'),
(94, 'AKBAR ALI', 'Father', NULL, '03439121266', '15602-2320553-3', NULL, NULL, NULL, '2022-01-02 13:14:31', '2022-01-31 14:32:23'),
(95, 'ABDUL WAHAB', 'Father', NULL, '344 5063821', '156021081304-0', NULL, NULL, NULL, '2022-01-02 13:14:31', '2023-01-06 03:42:31'),
(96, 'KHURSHID ALI', 'Father', NULL, '0220096____', '15602-7647211-3', NULL, NULL, NULL, '2022-01-02 13:14:31', '2022-01-31 14:33:34'),
(97, 'PARVAIZ', 'Father', NULL, '03468734144', '', NULL, NULL, NULL, '2022-01-02 13:14:31', '2022-01-31 14:34:12'),
(98, 'MOHAMMAD SELAB KHAN', 'Father', NULL, '03450548620', '9030901206457', NULL, NULL, NULL, '2022-01-02 13:14:31', '2022-08-24 04:46:46'),
(99, 'Sultanat Khan', 'Father', 'Agriculture', NULL, '', NULL, NULL, NULL, '2022-01-02 13:14:38', '2022-01-02 13:14:38'),
(100, 'MUHAMMAD SAEED MIAN', 'Father', NULL, '03449898022', '1560202729707', NULL, NULL, NULL, '2022-01-02 13:14:38', '2022-01-31 16:33:44'),
(101, 'Akhtar Anawab', 'Father', 'Agriculture', NULL, '1560503543177', NULL, NULL, NULL, '2022-01-02 13:14:38', '2022-01-02 13:14:38'),
(102, 'Muhammad Kabir', 'Father', 'Agriculture', NULL, '15602-0453064-7', NULL, NULL, NULL, '2022-01-02 13:14:38', '2022-01-02 13:14:38'),
(103, 'Akhtar Ali', 'Father', 'Agriculture', NULL, '1560250782633', NULL, NULL, NULL, '2022-01-02 13:14:38', '2022-01-02 13:14:38'),
(104, 'IRFAN ALI', 'Father', 'Agriculture', NULL, '', NULL, NULL, NULL, '2022-01-02 13:14:38', '2022-01-02 13:14:38'),
(105, 'Mian Anwar Zeb', 'Father', 'Agriculture', NULL, '1560276967837', NULL, NULL, NULL, '2022-01-02 13:14:38', '2022-01-02 13:14:38'),
(106, 'Kamran Kami', 'Father', 'Agriculture', NULL, '1560273380811', NULL, NULL, NULL, '2022-01-02 13:14:38', '2022-01-02 13:14:38'),
(107, 'Khurshid Ali', 'Father', 'NA', NULL, '1560266619921', NULL, NULL, NULL, '2022-01-02 13:14:38', '2022-01-02 13:14:38'),
(108, 'Salahudin', 'Father', 'NA', NULL, '1560284494119', NULL, NULL, NULL, '2022-01-02 13:14:38', '2022-01-02 13:14:38'),
(109, 'Ajmal Khan', 'Father', 'NA', NULL, '1560284699029', NULL, NULL, NULL, '2022-01-02 13:14:38', '2022-01-02 13:14:38'),
(110, 'Raham Zeb Badshah', 'Father', 'NA', NULL, '1560282969831', NULL, NULL, NULL, '2022-01-02 13:14:38', '2022-01-02 13:14:38'),
(111, 'Anwar Sher', 'Father', 'NA', NULL, '1560205238615', NULL, NULL, NULL, '2022-01-02 13:14:38', '2022-01-02 13:14:38'),
(112, 'Habib Khan', 'Father', 'NA', NULL, '1560204818591', NULL, NULL, NULL, '2022-01-02 13:14:38', '2022-01-02 13:14:38'),
(113, 'Asif Ali', 'Father', 'NA', NULL, '1560285108829', NULL, NULL, NULL, '2022-01-02 13:14:39', '2022-01-02 13:14:39'),
(114, 'Rozi Muhammad', 'Father', 'NA', '03443373384', '1560295889183', NULL, NULL, NULL, '2022-01-02 13:14:39', '2022-04-05 08:06:57'),
(115, 'Fazal Wahab', 'Father', 'NA', '00349154374', '', NULL, NULL, NULL, '2022-01-02 13:14:39', '2022-06-27 05:23:16'),
(116, 'Shoukat Ali', 'Father', 'NA', NULL, '1560295336111', NULL, NULL, NULL, '2022-01-02 13:14:39', '2022-01-02 13:14:39'),
(117, 'Khurshid Ali', 'Father', 'NA', NULL, '', NULL, NULL, NULL, '2022-01-02 13:14:39', '2022-01-02 13:14:39'),
(118, 'AHMAD ALI', 'Father', NULL, '03459253312', '1560203687273', NULL, NULL, NULL, '2022-01-02 13:14:39', '2022-02-01 07:24:00'),
(119, 'Hayat Muhammad Khan', 'Father', 'NA', '03429666155', '', NULL, NULL, NULL, '2022-01-02 13:14:39', '2022-08-03 03:24:20'),
(120, 'MIAN GUL ALI', 'Father', NULL, '03429606162', '1560252556095', NULL, NULL, NULL, '2022-01-02 13:14:39', '2022-03-01 06:39:56'),
(121, 'GUL MASTAN', 'Father', NULL, '03417132700', '15601-9479910-1', NULL, NULL, NULL, '2022-01-02 13:14:39', '2022-05-21 06:03:21'),
(122, 'Mumtaz Ali', 'Father', 'NA', '03470974485', '1560258555513', NULL, NULL, NULL, '2022-01-02 13:14:39', '2022-07-02 03:24:20'),
(123, 'Zarjanan', 'Father', 'NA', NULL, '2170603797357', NULL, NULL, NULL, '2022-01-02 13:14:39', '2022-01-02 13:14:39'),
(124, 'Muhammad Rafiq', 'Father', 'NA', NULL, '', NULL, NULL, NULL, '2022-01-02 13:14:39', '2022-01-02 13:14:39'),
(125, 'Sajad Ur Rahman', 'Father', 'NA', NULL, '1560205144567', NULL, NULL, NULL, '2022-01-02 13:14:39', '2022-01-02 13:14:39'),
(126, 'Inamullah', 'Father', 'NA', NULL, '1560286174555', NULL, NULL, NULL, '2022-01-02 13:14:39', '2022-01-02 13:14:39'),
(127, 'Nabi Salar', 'Father', 'NA', NULL, '', NULL, NULL, NULL, '2022-01-02 13:17:47', '2022-01-02 13:17:47'),
(128, 'NA', 'Father', 'NA', NULL, '', NULL, NULL, NULL, '2022-01-02 13:17:47', '2022-01-02 13:17:47'),
(129, 'AHMAD ALI KHAN', 'Father', NULL, '03329209766', '1560203329651', NULL, NULL, NULL, '2022-01-02 13:17:47', '2022-02-27 04:14:04'),
(130, 'SHAH DAWRAN', 'Father', NULL, '3329491123', '1560202726072', NULL, NULL, NULL, '2022-01-02 13:17:47', '2022-12-16 05:02:11'),
(131, 'Ali Akbar', 'Father', 'Agriculture', NULL, '156021688007', NULL, NULL, NULL, '2022-01-02 13:17:47', '2022-01-02 13:17:47'),
(132, 'Muhammmad Qasim', 'Father', 'Agriculture', NULL, '1560272765409', NULL, NULL, NULL, '2022-01-02 13:17:47', '2022-01-02 13:17:47'),
(133, 'Inam Ali', 'Father', 'Agriculture', '03462331645', '', NULL, NULL, NULL, '2022-01-02 13:17:47', '2022-03-05 08:02:05'),
(134, 'Roidar Ali', 'Father', 'Agriculture', '03469994344', '', NULL, NULL, NULL, '2022-01-02 13:17:47', '2022-06-17 04:02:38'),
(135, 'NAWAB SHER', 'Father', NULL, '03459164885', '', NULL, NULL, NULL, '2022-01-02 13:17:47', '2022-01-27 10:27:26'),
(136, 'Khan Nawab', 'Father', 'Agriculture', NULL, '1560503543177', NULL, NULL, NULL, '2022-01-02 13:17:47', '2022-01-02 13:17:47'),
(137, 'Jamal Ud Din', 'Father', 'Agriculture', NULL, '1560202781483', NULL, NULL, NULL, '2022-01-02 13:17:47', '2022-01-02 13:17:47'),
(138, 'Saran Zeb Khan', 'Father', 'Agriculture', NULL, '1560284702179', NULL, NULL, NULL, '2022-01-02 13:17:47', '2022-01-02 13:17:47'),
(139, 'Syed Akbar Khan', 'Father', 'Agriculture', '03479518883', '1560277727895', NULL, NULL, NULL, '2022-01-02 13:17:47', '2022-09-01 06:09:28'),
(140, 'Amjad Ali', 'Father', 'Agriculture', NULL, '1560237068433', NULL, NULL, NULL, '2022-01-02 13:17:47', '2022-01-02 13:17:47'),
(141, 'Muhammad Saeed Mian', 'Father', 'Agriculture', NULL, '1560202729707', NULL, NULL, NULL, '2022-01-02 13:17:47', '2022-01-02 13:17:47'),
(142, 'Wali Khan', 'Father', 'NA', '03459063125', '', NULL, NULL, NULL, '2022-01-02 13:17:47', '2022-02-03 03:55:28'),
(143, 'SAJID ANWAR', 'Father', 'NA', NULL, '', NULL, NULL, NULL, '2022-01-02 13:17:47', '2022-01-02 13:17:47'),
(144, 'Bakht Ali', 'Father', 'NA', NULL, '', NULL, NULL, NULL, '2022-01-02 13:17:47', '2022-01-02 13:17:47'),
(145, 'Nisar Iqbal', 'Father', 'NA', NULL, '', NULL, NULL, NULL, '2022-01-02 13:17:47', '2022-01-02 13:17:47'),
(146, 'Akhtar Ali', 'Father', 'NA', NULL, '', NULL, NULL, NULL, '2022-01-02 13:17:47', '2022-01-02 13:17:47'),
(147, 'Husnul Maab', 'Father', NULL, '03035884541', '1560252372203', NULL, NULL, NULL, '2022-01-02 13:17:54', '2022-01-31 11:03:51'),
(148, 'NA', 'Father', 'NA', NULL, '', NULL, NULL, NULL, '2022-01-02 13:17:54', '2022-01-02 13:17:54'),
(149, 'Habibun Nabi', 'Father', 'Agriculture', NULL, '1560223873397', NULL, NULL, NULL, '2022-01-02 13:17:54', '2022-01-02 13:17:54'),
(150, 'Said Nawab', 'Father', 'Agriculture', NULL, '1560203539061', NULL, NULL, NULL, '2022-01-02 13:17:54', '2022-01-02 13:17:54'),
(151, 'ASADULLAH', 'Father', NULL, '03463015520', '1560211124507', NULL, NULL, NULL, '2022-01-02 13:17:54', '2022-01-31 16:43:22'),
(152, 'Tariq Aziz', 'Father', 'Agriculture', NULL, '1560223632361', NULL, NULL, NULL, '2022-01-02 13:17:54', '2022-01-02 13:17:54'),
(153, 'MOMIN KHAN', 'Father', NULL, '03448152710', '15501-3717461-9', NULL, NULL, NULL, '2022-01-02 13:17:54', '2022-01-27 10:35:01'),
(154, 'NISAR AHMAD', 'Father', NULL, '03419201773', '', NULL, NULL, NULL, '2022-01-02 13:17:54', '2022-01-27 10:24:48'),
(155, 'Gowhar Ali', 'Father', 'Agriculture', '03411906413', '1560203692323', NULL, NULL, NULL, '2022-01-02 13:17:54', '2022-10-06 03:49:42'),
(156, 'Fazal Khaliq', 'Father', 'Agriculture', NULL, '1560503458805', NULL, NULL, NULL, '2022-01-02 13:17:54', '2022-01-02 13:17:54'),
(157, 'PIR ZADA KHAN', 'Father', NULL, '03453441979', '', NULL, NULL, NULL, '2022-01-02 13:17:54', '2022-01-27 10:31:13'),
(158, 'Ihsanullah', 'Father', 'NA', NULL, '', NULL, NULL, NULL, '2022-01-02 13:17:54', '2022-01-02 13:17:54'),
(159, 'KHURSHID ALI', 'Father', NULL, '03439121266', '15602-7647211-3', NULL, NULL, NULL, '2022-01-02 13:17:54', '2022-02-04 07:25:10'),
(160, 'USMAN', 'Father', NULL, '03329106521', '1730179151573', NULL, NULL, NULL, '2022-01-02 13:17:54', '2022-01-31 11:05:03'),
(161, 'MUHAMMAD ALI', 'Father', NULL, '03419077250', '', NULL, NULL, NULL, '2022-01-02 13:17:54', '2022-01-27 10:23:04'),
(162, 'FAZAL HAD', 'Father', NULL, '03439810022', '', NULL, NULL, NULL, '2022-01-02 13:17:54', '2022-10-06 08:06:59'),
(163, 'Shafi Ur Rahman', 'Father', 'NA', NULL, '1560205242835', NULL, NULL, NULL, '2022-01-02 13:17:54', '2022-01-02 13:17:54'),
(164, 'Sajad Ur Rahman', 'Father', 'NA', NULL, '1560205144567', NULL, NULL, NULL, '2022-01-02 13:17:54', '2022-01-02 13:17:54'),
(165, 'Na', 'Father', 'NA', NULL, '1560294509521', NULL, NULL, NULL, '2022-01-02 13:21:10', '2022-01-02 13:21:10'),
(166, 'NA', 'Father', 'NA', NULL, '', NULL, NULL, NULL, '2022-01-02 13:21:10', '2022-01-02 13:21:10'),
(167, 'NA', 'Father', 'NA', NULL, '1560264391267', NULL, NULL, NULL, '2022-01-02 13:21:10', '2022-01-02 13:21:10'),
(168, 'NA', 'Father', 'NA', NULL, '1560202403037', NULL, NULL, NULL, '2022-01-02 13:21:10', '2022-01-02 13:21:10'),
(169, 'Na', 'Father', 'NA', NULL, '1560204856411', NULL, NULL, NULL, '2022-01-02 13:21:10', '2022-01-02 13:21:10'),
(170, 'Farhat Ali', 'Father', NULL, '03458299333', '', NULL, NULL, NULL, '2022-01-02 13:21:11', '2022-08-06 08:37:43'),
(171, 'Muhammad Ayaz', 'Father', NULL, '03409559005', '1560279232719', NULL, NULL, NULL, '2022-01-02 13:21:11', '2022-01-27 10:12:57'),
(172, 'Sardar Ali', 'Father', NULL, '03462468060', '', NULL, NULL, NULL, '2022-01-02 13:21:11', '2022-01-31 07:05:16'),
(173, 'Alam Zeb', 'Father', '', NULL, '1560225246741', NULL, NULL, NULL, '2022-01-02 13:21:11', '2022-01-02 13:21:11'),
(174, 'Nisar-ul-mulk', 'Father', '', NULL, '', NULL, NULL, NULL, '2022-01-02 13:21:11', '2022-01-02 13:21:11'),
(175, 'Na', 'Father', 'NA', NULL, '', NULL, NULL, NULL, '2022-01-02 13:21:11', '2022-01-02 13:21:11'),
(176, 'Na', 'Father', 'NA', NULL, '1560204366477', NULL, NULL, NULL, '2022-01-02 13:21:11', '2022-01-02 13:21:11'),
(177, 'Barkat Ali', 'Father', '', NULL, '1560206724045', NULL, NULL, NULL, '2022-01-02 13:21:11', '2022-01-02 13:21:11'),
(178, 'Khurshed Ali', 'Father', NULL, '03439610830', '', NULL, NULL, NULL, '2022-01-02 13:21:11', '2022-01-13 08:43:14'),
(179, 'NA', 'Father', 'NA', NULL, '1560205242739', NULL, NULL, NULL, '2022-01-02 13:21:11', '2022-01-02 13:21:11'),
(180, 'Bacha Zada', 'Father', NULL, '03499021298', '', NULL, NULL, NULL, '2022-01-02 13:21:11', '2022-02-03 05:46:46'),
(181, 'Farman Ali', 'Father', NULL, '347 9288002', '1560241297185', NULL, NULL, NULL, '2022-01-02 13:21:11', '2023-01-05 04:53:21'),
(182, 'Irfan-ul-haq', 'Father', 'NA', NULL, '1560211576633', NULL, NULL, NULL, '2022-01-02 13:21:11', '2022-01-02 13:21:11'),
(183, 'Kamran Kami', 'Father', 'Agriculture', NULL, '1560273480811', NULL, NULL, NULL, '2022-01-02 13:21:11', '2022-01-02 13:21:11'),
(184, 'Farman Ali', 'Father', 'Agriculture', NULL, '1560261789649', NULL, NULL, NULL, '2022-01-02 13:21:11', '2022-01-02 13:21:11'),
(185, 'DILFARAZ KHAN', 'Father', NULL, '03469694081', '1560204813283', NULL, NULL, NULL, '2022-01-02 13:21:11', '2022-01-27 10:14:35'),
(186, 'AJMAL KHAN', 'Father', 'NA', NULL, '', NULL, NULL, NULL, '2022-01-02 13:21:11', '2022-01-02 13:21:11'),
(187, 'Javed Anwar', 'Father', 'NA', NULL, '', NULL, NULL, NULL, '2022-01-02 13:21:11', '2022-01-02 13:21:11'),
(188, 'Salah Uddin', 'Father', 'NA', NULL, '1560206227001', NULL, NULL, NULL, '2022-01-02 13:21:11', '2022-01-02 13:21:11'),
(189, 'Salah Uddin', 'Father', 'NA', '03455444600', '1560206227001', NULL, NULL, NULL, '2022-01-02 13:21:11', '2022-03-25 04:57:10'),
(190, 'HAMAYUN KHAN', 'Father', NULL, '302 8574836', '', NULL, NULL, NULL, '2022-01-02 13:21:11', '2023-01-06 07:01:00'),
(191, 'Awal Khan', 'Father', 'NA', NULL, '1560204996533', NULL, NULL, NULL, '2022-01-02 13:21:11', '2022-01-02 13:21:11'),
(192, 'Suliman Khan', 'Father', 'NA', '03133942420', '', NULL, NULL, NULL, '2022-01-02 13:21:11', '2022-10-03 05:59:12'),
(193, 'Zafar Ali', 'Father', 'NA', NULL, '1560203950093', NULL, NULL, NULL, '2022-01-02 13:21:11', '2022-01-02 13:21:11'),
(194, 'Shahi Mohammad', 'Father', 'NA', NULL, '1560269301031', NULL, NULL, NULL, '2022-01-02 13:21:11', '2022-01-02 13:21:11'),
(195, 'Na', 'Father', 'NA', NULL, '', NULL, NULL, NULL, '2022-01-02 13:23:16', '2022-01-02 13:23:16'),
(196, 'NA', 'Father', 'NA', '03469404616', '', NULL, NULL, NULL, '2022-01-02 13:23:16', '2022-08-03 03:42:03'),
(197, 'Alam Khan', 'Father', NULL, '03469481048', '1560202689681', NULL, NULL, NULL, '2022-01-02 13:23:16', '2022-02-08 06:50:43'),
(198, 'NA', 'Father', 'NA', '03463037929', '1560271612851', NULL, NULL, NULL, '2022-01-02 13:23:16', '2022-11-19 03:04:02'),
(199, 'Rozi Akbar', 'Father', '', NULL, '', NULL, NULL, NULL, '2022-01-02 13:23:16', '2022-01-02 13:23:16'),
(200, 'INAM UL HAQ', 'Father', NULL, '03472069212', '1560204799543', NULL, NULL, NULL, '2022-01-02 13:23:16', '2022-02-04 04:54:15'),
(201, 'NA', 'Father', 'NA', '345 8882252', '1560295615345', NULL, NULL, NULL, '2022-01-02 13:23:16', '2022-12-26 05:45:21'),
(202, 'Riaz Khan', 'Father', NULL, '03445187857', '1560202464583', NULL, NULL, NULL, '2022-01-02 13:23:16', '2022-02-08 07:50:22'),
(203, 'Shah Dawran', 'Father', NULL, '03488978733', '1560211982597', NULL, NULL, NULL, '2022-01-02 13:23:17', '2022-01-27 10:06:09'),
(204, 'Aftab Ali Khan', 'Father', '', NULL, '', NULL, NULL, NULL, '2022-01-02 13:23:17', '2022-01-02 13:23:17'),
(205, 'Na', 'Father', 'NA', NULL, '1560209617627', NULL, NULL, NULL, '2022-01-02 13:23:17', '2022-01-02 13:23:17'),
(206, 'NA', 'Father', 'NA', NULL, '', NULL, NULL, NULL, '2022-01-02 13:23:17', '2022-01-02 13:23:17'),
(207, 'ABDUL WARIS', 'Father', NULL, '03488979799', '', NULL, NULL, NULL, '2022-01-02 13:23:17', '2022-01-29 05:27:04'),
(208, 'Khan Gulay', 'Father', NULL, '03439392200', '', NULL, NULL, NULL, '2022-01-02 13:23:17', '2022-02-16 14:20:53'),
(209, 'Zakirullah', 'Father', 'NA', '03469860359', '', NULL, NULL, NULL, '2022-01-02 13:23:17', '2022-02-03 06:12:34'),
(210, 'Shujaat Ali', 'Father', NULL, '03449815546', '', NULL, NULL, NULL, '2022-01-02 13:23:17', '2022-06-08 03:55:49'),
(211, 'NA', 'Father', 'NA', '00349154374', '1560244371031', NULL, NULL, NULL, '2022-01-02 13:23:17', '2022-01-27 06:29:36'),
(212, 'NA', 'Father', 'NA', NULL, '', NULL, NULL, NULL, '2022-01-02 13:23:17', '2022-01-02 13:23:17'),
(213, 'Jamal Uddin', 'Father', 'Agriculture', NULL, '1560202781483', NULL, NULL, NULL, '2022-01-02 13:23:17', '2022-01-02 13:23:17'),
(214, 'Sohrab Khan', 'Father', 'NA', NULL, '1560295273591', NULL, NULL, NULL, '2022-01-02 13:23:17', '2022-01-02 13:23:17'),
(215, 'Syed Hussain', 'Father', 'NA', NULL, '1560213779843', NULL, NULL, NULL, '2022-01-02 13:23:17', '2022-01-02 13:23:17'),
(216, 'Mian Syed Anwar', 'Father', 'NA', NULL, '', NULL, NULL, NULL, '2022-01-02 13:23:17', '2022-01-02 13:23:17'),
(217, 'AKBAR ALI', 'Father', NULL, '03439121266', '15602-2320553-3', NULL, NULL, NULL, '2022-01-02 13:23:17', '2022-02-04 07:26:09'),
(218, 'Sher Zaman Khan', 'Father', 'NA', '03429625384', '1560240591045', NULL, NULL, NULL, '2022-01-02 13:23:17', '2022-03-25 04:27:19'),
(219, 'SHAFI-UR-RAHMAN', 'Father', NULL, '03499743599', '', NULL, NULL, NULL, '2022-01-02 13:23:17', '2022-02-01 07:25:39'),
(220, 'Noor Muhammad', 'Father', 'NA', '342 9824675', '42401-4249674-9', NULL, NULL, NULL, '2022-01-02 13:23:17', '2023-01-06 04:00:29'),
(221, 'Zarjanan', 'Father', 'NA', NULL, '2170603797357', NULL, NULL, NULL, '2022-01-02 13:23:17', '2022-01-02 13:23:17'),
(222, 'FAZAL JAMEEL', 'Father', NULL, '03442569682', '', NULL, NULL, NULL, '2022-01-02 13:23:17', '2022-02-16 14:40:19'),
(223, 'Ajab Khan', 'Father', 'NA', '03443593790', '1560267366787', NULL, NULL, NULL, '2022-01-02 13:23:17', '2022-06-08 03:33:21'),
(224, 'AKBAR NAWAB MIAN', 'Father', NULL, '03469994817', '', NULL, NULL, NULL, '2022-01-02 13:23:17', '2022-01-31 10:38:45'),
(225, 'SHAFI UR RAHMAN', 'Father', NULL, '03439392017', '1560205242835', NULL, NULL, NULL, '2022-01-02 13:23:17', '2022-01-13 08:38:49'),
(226, 'Habibul Wahab', 'Father', 'NA', NULL, '1560244179861', NULL, NULL, NULL, '2022-01-02 13:23:17', '2022-01-02 13:23:17'),
(227, 'FAZAL AZIM', 'Father', NULL, '03433779953', '', NULL, NULL, NULL, '2022-01-02 13:23:17', '2022-01-13 08:40:28'),
(228, 'Muhammad Islam', 'Father', NULL, '03409743282', '', NULL, NULL, NULL, '2022-01-02 13:25:35', '2022-02-03 05:44:00'),
(229, 'Ahmad Gul', 'Father', NULL, '00346960256', '', NULL, NULL, NULL, '2022-01-02 13:25:36', '2022-01-13 08:37:51'),
(230, 'Na', 'Father', 'NA', NULL, '', NULL, NULL, NULL, '2022-01-02 13:25:36', '2022-01-02 13:25:36'),
(231, 'NA', 'Father', 'NA', '343 9602560', '', NULL, NULL, NULL, '2022-01-02 13:25:36', '2023-01-09 08:08:55'),
(232, 'NA', 'Father', 'NA', '03413344430', '', NULL, NULL, NULL, '2022-01-02 13:25:36', '2022-10-26 03:12:50'),
(233, 'Sher Nawab', 'Father', NULL, '03469549658', '', NULL, NULL, NULL, '2022-01-02 13:25:36', '2022-02-02 05:45:26'),
(234, 'Na', 'Father', 'NA', NULL, '', NULL, NULL, NULL, '2022-01-02 13:25:36', '2022-01-02 13:25:36'),
(235, 'NA', 'Father', 'NA', '03469793261', '', NULL, NULL, NULL, '2022-01-02 13:25:36', '2022-05-24 03:09:47'),
(236, 'NA', 'Father', 'NA', NULL, '', NULL, NULL, NULL, '2022-01-02 13:25:36', '2022-01-02 13:25:36'),
(237, 'Alam Zeb Khan', 'Father', NULL, '03413785822', '', NULL, NULL, NULL, '2022-01-02 13:25:36', '2022-03-03 04:34:35'),
(238, 'NA', 'Father', 'NA', '03449668175', '', NULL, NULL, NULL, '2022-01-02 13:25:36', '2022-10-08 05:09:46'),
(239, 'NA', 'Father', 'NA', NULL, '', NULL, NULL, NULL, '2022-01-02 13:25:36', '2022-01-02 13:25:36'),
(240, 'Na', 'Father', 'NA', '03484933844', '', NULL, NULL, NULL, '2022-01-02 13:25:36', '2022-01-31 06:00:24'),
(241, 'NA', 'Father', 'NA', NULL, '', NULL, NULL, NULL, '2022-01-02 13:25:36', '2022-01-02 13:25:36'),
(242, 'Muhammad Usman', 'Father', 'NA', NULL, '', NULL, NULL, NULL, '2022-01-02 13:25:36', '2022-01-02 13:25:36'),
(243, 'SHER KHAN', 'Father', NULL, '03459494918', '1560285241285', NULL, NULL, NULL, '2022-01-02 13:25:36', '2022-02-02 19:15:22'),
(244, 'NA', 'Father', 'NA', NULL, '', NULL, NULL, NULL, '2022-01-02 13:25:36', '2022-01-02 13:25:36'),
(245, 'Usman Ali', 'Father', 'NA', '345 9040405', '', NULL, NULL, NULL, '2022-01-02 13:25:36', '2023-01-06 06:17:47'),
(246, 'SAIF UR RAHMAN', 'Father', 'NA', NULL, '', NULL, NULL, NULL, '2022-01-02 13:25:36', '2022-01-02 13:25:36'),
(247, 'SAIF UR RAHMAN', 'Father', 'NA', NULL, '', NULL, NULL, NULL, '2022-01-02 13:25:36', '2022-01-02 13:25:36'),
(248, 'AKHTAR HUSSAIN', 'Father', NULL, '03433779953', '', NULL, NULL, NULL, '2022-01-02 13:25:36', '2022-01-13 08:41:46'),
(249, 'Bakht Sahib Khan', 'Father', 'NA', NULL, '1560249151939', NULL, NULL, NULL, '2022-01-02 13:25:36', '2022-01-02 13:25:36'),
(250, 'Azaday Khan', 'Father', 'NA', NULL, '', NULL, NULL, NULL, '2022-01-02 13:25:36', '2022-01-02 13:25:36'),
(251, 'Muhammad Yaseen', 'Father', 'NA', NULL, '2170683773059', NULL, NULL, NULL, '2022-01-02 13:25:36', '2022-01-02 13:25:36'),
(252, 'Hazrat Hussain', 'Father', 'NA', NULL, '1560204438021', NULL, NULL, NULL, '2022-01-02 13:25:36', '2022-01-02 13:25:36'),
(253, 'Sajad Ur Rahman', 'Father', 'NA', NULL, '1560205144567', NULL, NULL, NULL, '2022-01-02 13:25:36', '2022-01-02 13:25:36'),
(254, 'Muhammad Sher Khan', 'Father', 'NA', '00000000000', '', NULL, NULL, NULL, '2022-01-02 13:25:36', '2022-03-11 04:27:49'),
(255, 'MUHAMMAD AMIN', 'Father', NULL, '03469401810', '1560204528315', NULL, NULL, NULL, '2022-01-02 13:25:36', '2022-01-27 09:54:47'),
(256, 'Latifur Rahman', 'Father', NULL, '03449622558', '', NULL, NULL, NULL, '2022-01-02 13:26:13', '2022-01-13 08:46:40'),
(257, 'NA', 'Father', 'NA', '03453954777', '1560202925203', NULL, NULL, NULL, '2022-01-02 13:26:13', '2022-04-23 05:14:51'),
(258, 'Na', 'Father', 'NA', NULL, '1560277289541', NULL, NULL, NULL, '2022-01-02 13:26:13', '2022-01-02 13:26:13'),
(259, 'Na', 'Father', 'NA', NULL, '', NULL, NULL, NULL, '2022-01-02 13:26:13', '2022-01-02 13:26:13'),
(260, 'Na', 'Father', 'NA', NULL, '', NULL, NULL, NULL, '2022-01-02 13:26:13', '2022-01-02 13:26:13'),
(261, 'NA', 'Father', 'NA', NULL, '1560204902925', NULL, NULL, NULL, '2022-01-02 13:26:13', '2022-01-02 13:26:13'),
(262, 'Na', 'Father', 'NA', NULL, '', NULL, NULL, NULL, '2022-01-02 13:26:13', '2022-01-02 13:26:13'),
(263, 'Na', 'Father', 'NA', NULL, '', NULL, NULL, NULL, '2022-01-02 13:26:13', '2022-01-02 13:26:13'),
(264, 'Na', 'Father', 'NA', NULL, '1560276068165', NULL, NULL, NULL, '2022-01-02 13:26:13', '2022-01-02 13:26:13'),
(265, 'Wazir Zada', 'Father', NULL, '03469693011', '1560267144819', NULL, NULL, NULL, '2022-01-02 13:26:13', '2022-01-27 11:17:34'),
(266, 'Khan Zada', 'Father', NULL, '03476977583', '', NULL, NULL, NULL, '2022-01-02 13:26:13', '2022-02-02 05:11:53'),
(267, 'Noor Muhammad', 'Father', NULL, '03409894862', '', NULL, NULL, NULL, '2022-01-02 13:26:13', '2022-01-27 10:02:45'),
(268, 'INAM UL HAQ', 'Father', 'NA', NULL, '', NULL, NULL, NULL, '2022-01-02 13:26:13', '2022-01-02 13:26:13'),
(269, 'Na', 'Father', 'NA', '03475124728', '', NULL, NULL, NULL, '2022-01-02 13:26:13', '2022-06-09 03:47:25'),
(270, 'Muhammad Nazar', 'Father', NULL, '03415496762', '1720165618657', NULL, NULL, NULL, '2022-01-02 13:26:13', '2022-01-27 09:58:01'),
(271, 'Na', 'Father', 'NA', NULL, '', NULL, NULL, NULL, '2022-01-02 13:26:13', '2022-01-02 13:26:13'),
(272, 'Na', 'Father', 'NA', NULL, '1560204052123', NULL, NULL, NULL, '2022-01-02 13:26:13', '2022-01-02 13:26:13'),
(273, 'NA', 'Father', 'NA', NULL, '156020514487', NULL, NULL, NULL, '2022-01-02 13:26:13', '2022-01-02 13:26:13'),
(274, 'Na', 'Father', 'NA', NULL, '', NULL, NULL, NULL, '2022-01-02 13:26:13', '2022-01-02 13:26:13'),
(275, 'Na', 'Father', 'NA', NULL, '', NULL, NULL, NULL, '2022-01-02 13:26:13', '2022-01-02 13:26:13'),
(276, 'Hazrat Ali', 'Father', NULL, '03465490973', '', NULL, NULL, NULL, '2022-01-02 13:26:13', '2022-02-03 05:50:53'),
(277, 'BAKHTAWAR KHAN', 'Father', 'Agriculture', '03439617918', '', NULL, NULL, NULL, '2022-01-02 13:26:13', '2022-02-01 06:30:24'),
(278, 'Misbah Uddin', 'Father', 'Agriculture', NULL, '1560230988767', NULL, NULL, NULL, '2022-01-02 13:26:13', '2022-01-02 13:26:13'),
(279, 'Mian Ghafar Khan', 'Father', 'NA', NULL, '1560204128279', NULL, NULL, NULL, '2022-01-02 13:26:13', '2022-01-02 13:26:13'),
(280, 'Amir Sultan', 'Father', 'NA', NULL, '1560228362569', NULL, NULL, NULL, '2022-01-02 13:26:13', '2022-01-02 13:26:13'),
(281, 'Muslim Khan', 'Father', 'NA', NULL, '', NULL, NULL, NULL, '2022-01-02 13:26:13', '2022-01-02 13:26:13'),
(282, 'KHAN NAWAB', 'Father', NULL, '03139442800', '', NULL, NULL, NULL, '2022-01-02 13:28:49', '2022-01-23 12:13:52'),
(283, 'Amir Zeb', 'Father', NULL, '03459523345', '1560204705765', NULL, NULL, NULL, '2022-01-02 13:28:49', '2022-01-23 12:09:00'),
(284, 'Latifur Rahman', 'Father', NULL, '03449622558', '', NULL, NULL, NULL, '2022-01-02 13:28:49', '2022-01-25 08:05:28'),
(285, 'Deadan Gran', 'Father', NULL, '03469460660', '1560271813033', NULL, NULL, NULL, '2022-01-02 13:28:49', '2022-01-25 08:06:10'),
(286, 'Umar Malik', 'Father', NULL, '03469455704', '1560273454997', NULL, NULL, NULL, '2022-01-02 13:28:49', '2022-01-25 08:06:54'),
(287, 'Fazal Hussain', 'Father', NULL, '03459457459', '1560225895693', NULL, NULL, NULL, '2022-01-02 13:28:49', '2022-01-25 08:07:38'),
(288, 'SAMIULLAH KHAN', 'Father', NULL, '03008599993', '1560258865905', NULL, NULL, NULL, '2022-01-02 13:28:49', '2022-01-25 08:08:17'),
(289, 'Khaista Nawab', 'Father', NULL, '03475130400', '1560202746367', NULL, NULL, NULL, '2022-01-02 13:28:49', '2022-01-25 08:09:03'),
(290, 'Suliman', 'Father', NULL, '03470975097', '1560260607667', NULL, NULL, NULL, '2022-01-02 13:28:49', '2022-01-25 08:09:32'),
(291, 'NA', 'Father', 'NA', NULL, '', NULL, NULL, NULL, '2022-01-02 13:28:49', '2022-01-02 13:28:49'),
(292, 'NA', 'Father', 'NA', '03453954777', '1560202925203', NULL, NULL, NULL, '2022-01-02 13:28:49', '2022-06-17 05:09:59'),
(293, 'NA', 'Father', 'NA', NULL, '1560203411427', NULL, NULL, NULL, '2022-01-02 13:28:49', '2022-01-02 13:28:49'),
(294, 'NA', 'Father', 'NA', NULL, '1560261803149', NULL, NULL, NULL, '2022-01-02 13:28:49', '2022-01-02 13:28:49'),
(295, 'NA', 'Father', 'NA', NULL, '1560205242163', NULL, NULL, NULL, '2022-01-02 13:28:49', '2022-01-02 13:28:49'),
(296, 'Latifur Rahman', 'Father', NULL, '03444890526', '', NULL, NULL, NULL, '2022-01-02 13:28:49', '2022-02-11 06:08:22'),
(297, 'NA', 'Father', 'NA', '03464942120', '1560214185003', NULL, NULL, NULL, '2022-01-02 13:28:49', '2022-06-17 05:10:53'),
(298, 'Liaqat Ali', 'Father', NULL, '03432271162', '1560212836723', NULL, NULL, NULL, '2022-01-02 13:28:49', '2022-02-01 07:27:36'),
(299, 'NA', 'Father', 'NA', NULL, '1560274469717', NULL, NULL, NULL, '2022-01-02 13:28:49', '2022-01-02 13:28:49'),
(300, 'Na', 'Father', 'NA', NULL, '15602', NULL, NULL, NULL, '2022-01-02 13:28:49', '2022-01-02 13:28:49'),
(301, 'Mian Dawood', 'Father', NULL, '03459899211', '1560239274473', NULL, NULL, NULL, '2022-01-02 13:28:49', '2022-01-31 05:27:25'),
(302, 'NA', 'Father', 'NA', '03469475641', '', NULL, NULL, NULL, '2022-01-02 13:28:50', '2022-06-17 05:12:35'),
(303, 'Israr Khan', 'Father', NULL, '03463127726', '', NULL, NULL, NULL, '2022-01-02 13:28:50', '2022-01-13 05:20:16'),
(304, 'Na', 'Father', 'NA', '03409080430', '1560202426747', NULL, NULL, NULL, '2022-01-02 13:28:50', '2022-06-17 05:15:39'),
(305, 'Amjad Ali', 'Father', NULL, '03453431745', '1560204907103', NULL, NULL, NULL, '2022-01-02 13:28:50', '2022-01-29 05:18:48'),
(306, 'NA', 'Father', 'NA', '03005745786', '1560205316759', NULL, NULL, NULL, '2022-01-02 13:28:50', '2022-06-17 05:16:48'),
(307, 'SHOUKAT ALI', 'Father', NULL, '03469458786', '1560205316759', NULL, NULL, NULL, '2022-01-02 13:28:50', '2022-01-27 09:53:11'),
(308, 'NA', 'Father', 'NA', '03459455786', '1560203347885', NULL, NULL, NULL, '2022-01-02 13:28:50', '2022-06-17 05:19:19'),
(309, 'Inam Ali Khan', 'Father', 'NA', NULL, '', NULL, NULL, NULL, '2022-01-02 13:28:50', '2022-01-02 13:28:50'),
(310, 'Na', 'Father', 'NA', '03458677666', '', NULL, NULL, NULL, '2022-01-02 13:28:50', '2022-06-14 04:36:07'),
(311, 'Khkwalay Khan', 'Father', NULL, '03453259232', '', NULL, NULL, NULL, '2022-01-02 13:28:50', '2022-01-13 08:45:06'),
(312, 'Na', 'Father', 'NA', NULL, '', NULL, NULL, NULL, '2022-01-02 13:28:50', '2022-01-02 13:28:50'),
(313, 'Muhammad Hasan', 'Father', NULL, '03478118618', '', NULL, NULL, NULL, '2022-01-02 13:28:50', '2022-01-27 09:50:36'),
(314, 'ABDUR RAHMAN', 'Father', NULL, '03413322550', '', NULL, NULL, NULL, '2022-01-02 13:28:50', '2022-01-24 08:28:09'),
(315, 'SARDAR', 'Father', NULL, '03496508064', '1560202467151', NULL, NULL, NULL, '2022-01-02 13:28:50', '2022-01-25 07:58:58'),
(316, 'Shah Wadan Mian', 'Father', 'NA', '03453928116', '1560225368391', NULL, NULL, NULL, '2022-01-02 13:28:50', '2022-09-05 04:22:48'),
(317, 'IZAT MAND', 'Father', NULL, '03339484160', '', NULL, NULL, NULL, '2022-01-02 13:28:50', '2022-01-28 14:08:49'),
(318, 'SAADAT AFSAR', 'Father', NULL, '03469229124', '15602-4552427-1', NULL, NULL, NULL, '2022-01-02 13:28:50', '2022-01-24 08:31:29'),
(319, 'Jehan Zeb', 'Father', 'NA', NULL, '1560267087893', NULL, NULL, NULL, '2022-01-02 13:28:50', '2022-01-02 13:28:50'),
(320, 'Khadim Shah', 'Father', 'NA', NULL, '1560285968051', NULL, NULL, NULL, '2022-01-02 13:28:50', '2022-01-02 13:28:50'),
(321, 'MUHAMMAD ALI', 'Father', NULL, '03469400996', '', NULL, NULL, NULL, '2022-01-02 13:28:50', '2022-01-24 07:31:13'),
(322, 'Abdul Kabir Khan', 'Father', 'NA', '03449630668', '1560204049733', NULL, NULL, NULL, '2022-01-02 13:28:50', '2022-06-17 05:20:13'),
(323, 'Inamullah', 'Father', 'NA', NULL, '1560286174555', NULL, NULL, NULL, '2022-01-02 13:28:50', '2022-01-02 13:28:50'),
(324, 'Alam Zeb Khan', 'Father', 'NA', '03409134734', '1560298102489', NULL, NULL, NULL, '2022-01-02 13:28:50', '2022-06-17 05:21:54'),
(325, 'Nisar Iqbal', 'Father', 'NA', '03481994346', '', NULL, NULL, NULL, '2022-01-02 13:28:50', '2022-06-17 05:23:18'),
(326, 'Nisar Iqbal', 'Father', 'NA', NULL, '', NULL, NULL, NULL, '2022-01-02 13:28:50', '2022-01-02 13:28:50'),
(327, 'MUHAMMAD SIFWAN ULLAH', 'Father', 'NA', '03469401231', '', NULL, NULL, NULL, '2022-01-02 13:28:50', '2022-06-17 05:24:18'),
(328, 'Riaz Ahmad', 'Father', 'NA', NULL, '', NULL, NULL, NULL, '2022-01-02 13:28:50', '2022-01-02 13:28:50'),
(329, 'Akbar Khan', 'Father', 'NA', '03469401231', '', NULL, NULL, NULL, '2022-01-02 13:28:50', '2022-06-17 05:25:24'),
(330, 'BAKHT ZADA', 'Father', NULL, '03439392116', '1560202793629', NULL, NULL, NULL, '2022-01-02 13:31:34', '2022-01-24 07:39:02'),
(331, 'Muhammad Siraj', 'Father', NULL, '343 9909699', '1560203330413', NULL, NULL, NULL, '2022-01-02 13:31:34', '2023-01-06 05:06:38'),
(332, 'Shah Hosh Khan', 'Father', NULL, '03459991077', '1560205564997', NULL, NULL, NULL, '2022-01-02 13:31:34', '2022-01-24 07:43:33'),
(333, 'Abdur Rahim Khan', 'Father', NULL, '03458885225', '1560265410341', NULL, NULL, NULL, '2022-01-02 13:31:34', '2022-01-24 07:46:36'),
(334, 'Muhammad Anwar Khan', 'Father', NULL, '03402357312', '', NULL, NULL, NULL, '2022-01-02 13:31:35', '2022-01-10 08:03:55'),
(335, 'Muhammad Zamin', 'Father', NULL, '03419526098', '1560264221457', NULL, NULL, NULL, '2022-01-02 13:31:35', '2022-01-24 07:47:19'),
(336, 'Muhammad Zahir Khan', 'Father', NULL, '03439393144', '', NULL, NULL, NULL, '2022-01-02 13:31:35', '2022-01-10 08:02:03'),
(337, 'Muhammad Nawab', 'Father', NULL, '03369143095', '', NULL, NULL, NULL, '2022-01-02 13:31:35', '2022-01-10 06:30:08'),
(338, 'Ishtamand', 'Father', NULL, '03429608548', '', NULL, NULL, NULL, '2022-01-02 13:31:35', '2022-01-10 08:08:40'),
(339, 'Khurshed Ali', 'Father', NULL, '03439602345', '1560294248549', NULL, NULL, NULL, '2022-01-02 13:31:35', '2022-01-10 06:25:04'),
(340, 'Hayat Khan', 'Father', NULL, '03449668175', '', NULL, NULL, NULL, '2022-01-02 13:31:35', '2022-01-10 08:07:50'),
(341, 'NAZIR ALI', 'Father', NULL, '03459527857', '', NULL, NULL, NULL, '2022-01-02 13:31:35', '2022-01-24 07:48:25'),
(342, 'AMINULLAH', 'Father', NULL, '03449667046', '', NULL, NULL, NULL, '2022-01-02 13:31:35', '2022-01-19 14:01:29'),
(343, 'Muhammmad Qasim', 'Father', NULL, '03428333287', '', NULL, NULL, NULL, '2022-01-02 13:31:35', '2022-02-01 07:20:24'),
(344, 'AMIR SULTAN', 'Father', NULL, '03132742012', '', NULL, NULL, NULL, '2022-01-02 13:31:35', '2022-01-24 07:49:59'),
(345, 'Adil Poshad Khan', 'Father', NULL, '03439385299', '156020453729', NULL, NULL, NULL, '2022-01-02 13:31:35', '2022-01-24 07:50:49'),
(346, 'Sher Ihsanullah', 'Father', NULL, '03468984007', '', NULL, NULL, NULL, '2022-01-02 13:31:35', '2022-01-24 07:51:54'),
(347, 'Inam Ali', 'Father', NULL, '03462331645', '', NULL, NULL, NULL, '2022-01-02 13:31:35', '2022-03-02 04:37:12'),
(348, 'Ikramul Haq', 'Father', NULL, '03449663830', '', NULL, NULL, NULL, '2022-01-02 13:31:35', '2022-01-11 07:54:07'),
(349, 'Ahmad Ali Khan', 'Father', NULL, '03459253312', '', NULL, NULL, NULL, '2022-01-02 13:31:35', '2022-01-12 06:51:44'),
(350, 'AHSANULLAH', 'Father', NULL, '03459165636', '', NULL, NULL, NULL, '2022-01-02 13:31:35', '2022-01-24 08:11:41'),
(351, 'Fazal Rabi', 'Father', NULL, '03469404340', '', NULL, NULL, NULL, '2022-01-02 13:31:35', '2022-01-24 08:12:22'),
(352, 'Muhammad Saeed Mian', 'Father', NULL, '03449898022', '', NULL, NULL, NULL, '2022-01-02 13:31:35', '2022-01-24 08:13:14'),
(353, 'Akhtar Ali', 'Father', NULL, '03469431632', '', NULL, NULL, NULL, '2022-01-02 13:31:35', '2022-02-16 07:04:43'),
(354, 'Muhammad Salim Khan', 'Father', NULL, '03463037929', '', NULL, NULL, NULL, '2022-01-02 13:31:35', '2022-01-24 08:15:07'),
(355, 'Ali Akbar', 'Father', NULL, '03456084476', '', NULL, NULL, NULL, '2022-01-02 13:31:35', '2022-01-24 08:15:44'),
(356, 'ABID UR RAHIM', 'Father', NULL, '03452090814', '', NULL, NULL, NULL, '2022-01-02 13:31:35', '2022-02-10 06:38:34'),
(357, 'Riaz Khan', 'Father', NULL, '03445187857', '', NULL, NULL, NULL, '2022-01-02 13:31:35', '2022-02-08 07:52:25'),
(358, 'Sher Azim Khan', 'Father', NULL, '03458803555', '', NULL, NULL, NULL, '2022-01-02 13:31:35', '2022-01-24 08:19:00'),
(359, 'Muhammad Shahid', 'Father', NULL, '00347953764', '', NULL, NULL, NULL, '2022-01-02 13:31:35', '2022-10-08 08:00:02'),
(360, 'Muhammad Faheem Khan', 'Father', NULL, '03469410591', '', NULL, NULL, NULL, '2022-01-02 13:31:35', '2022-01-24 08:20:49'),
(361, 'Haidar Ali', 'Father', NULL, '03470983501', '150203517375', NULL, NULL, NULL, '2022-01-02 13:31:35', '2022-03-03 04:15:40'),
(362, 'Khadim Shah', 'Father', NULL, '03419051742', '156021270003', NULL, NULL, NULL, '2022-01-02 13:31:51', '2022-01-25 07:37:27'),
(363, 'Haidar Ali', 'Father', NULL, '03470983501', '1560203517375', NULL, NULL, NULL, '2022-01-02 13:31:51', '2022-03-03 04:15:12'),
(364, 'Akbar Hussain', 'Father', NULL, '03013041550', '1560259629397', NULL, NULL, NULL, '2022-01-02 13:31:51', '2022-01-25 07:39:47'),
(365, 'Muhammad Turab Mian', 'Father', NULL, '03463026709', '1560202805099', NULL, NULL, NULL, '2022-01-02 13:31:51', '2022-01-25 07:41:21'),
(366, 'Muhammad Saeed', 'Father', NULL, '03439392092', '', NULL, NULL, NULL, '2022-01-02 13:31:51', '2022-01-25 07:41:58'),
(367, 'Zafar Ali Khan', 'Father', NULL, '03456729702', '1560203950093', NULL, NULL, NULL, '2022-01-02 13:31:51', '2022-01-25 07:43:00'),
(368, 'Muhammad Riaz', 'Father', NULL, '03449623028', '1560204865145', NULL, NULL, NULL, '2022-01-02 13:31:51', '2022-01-25 07:43:50'),
(369, 'Ahmad Aziz', 'Father', NULL, '03439392092', '1560204996159', NULL, NULL, NULL, '2022-01-02 13:31:51', '2022-01-25 07:44:24'),
(370, 'SAJJAD ALI KHAN', 'Father', NULL, '03449623316', '1560254747717', NULL, NULL, NULL, '2022-01-02 13:31:51', '2022-01-10 06:31:08'),
(371, 'UMAR ALI', 'Father', NULL, '347 9097505', '', NULL, NULL, NULL, '2022-01-02 13:31:51', '2022-12-29 03:36:30'),
(372, 'BAKHTAWAR KHAN', 'Father', NULL, '03449444473', '', NULL, NULL, NULL, '2022-01-02 13:31:51', '2022-01-25 07:45:42'),
(373, 'ALAM ZEB', 'Father', NULL, '03420303010', '', NULL, NULL, NULL, '2022-01-02 13:31:51', '2022-01-10 06:27:23'),
(374, 'ANWAR SHAH', 'Father', NULL, '03005747879', '1560275650909', NULL, NULL, NULL, '2022-01-02 13:31:51', '2022-01-25 07:46:11'),
(375, 'IKRAM UL HAQ', 'Father', NULL, '03212023491', '4240158832689', NULL, NULL, NULL, '2022-01-02 13:31:51', '2022-01-10 06:26:11'),
(376, 'SOHRAB KHAN', 'Father', NULL, '03444282695', '1560295273591', NULL, NULL, NULL, '2022-01-02 13:31:51', '2022-01-25 07:46:39'),
(377, 'JAVED ANWAR', 'Father', NULL, '03339484160', '', NULL, NULL, NULL, '2022-01-02 13:31:51', '2022-01-25 07:47:14'),
(378, 'MIAN GUL ALI', 'Father', NULL, '03469400996', '1560252556095', NULL, NULL, NULL, '2022-01-02 13:31:51', '2022-01-24 07:14:04'),
(379, 'HAYAT-UR-RAHMAN', 'Father', NULL, '03479268800', '', NULL, NULL, NULL, '2022-01-02 13:31:51', '2022-01-25 07:47:51'),
(380, 'MASTAN', 'Father', NULL, '03417132700', '15602-9479910-1', NULL, NULL, NULL, '2022-01-02 13:31:51', '2022-01-25 07:48:38'),
(381, 'SHER ZAMAN KHAN', 'Father', NULL, '03429625384', '15602-4059104-5', NULL, NULL, NULL, '2022-01-02 13:31:51', '2022-01-10 06:32:40'),
(382, 'GOHAR RAHMAN', 'Father', NULL, '03449643963', '', NULL, NULL, NULL, '2022-01-02 13:31:51', '2022-01-25 07:49:09'),
(383, 'AKBAR ZADA', 'Father', NULL, '03449890144', '15602-7315809-3', NULL, NULL, NULL, '2022-01-02 13:31:51', '2022-01-10 06:33:59'),
(384, 'SAKHI JAN', 'Father', NULL, '03449993079', '1560202937805', NULL, NULL, NULL, '2022-01-02 13:31:51', '2022-01-10 06:35:04'),
(385, 'NOOR MUHAMMAD', 'Father', NULL, '03429824675', '42401-4249674-9', NULL, NULL, NULL, '2022-01-02 13:31:51', '2022-01-25 07:49:43'),
(386, 'MUMTAZ ALI', 'Father', NULL, '03499264401', '', NULL, NULL, NULL, '2022-01-02 13:31:51', '2022-01-10 08:06:43'),
(387, 'MUHAMMAD IDREES KHAN', 'Father', NULL, '03439610817', '', NULL, NULL, NULL, '2022-01-02 13:31:51', '2022-01-10 06:29:14'),
(388, 'GHULAM NABI', 'Father', NULL, '03449816077', '', NULL, NULL, NULL, '2022-01-02 13:31:51', '2022-01-25 07:50:13'),
(389, 'MUSLIM KHAN', 'Father', NULL, '03439392078', '', NULL, NULL, NULL, '2022-01-02 13:31:51', '2022-02-10 07:34:13'),
(390, 'HAZRAT HUSSAIN', 'Father', NULL, '03458354335', '', NULL, NULL, NULL, '2022-01-02 13:31:51', '2022-01-25 07:51:20'),
(391, 'MUHAMMAD HAYAT', 'Father', NULL, '03409839059', '1560504163653', NULL, NULL, NULL, '2022-01-02 13:31:51', '2022-01-25 07:51:57'),
(392, 'Na', 'Father', 'NA', NULL, '', NULL, NULL, NULL, '2022-01-02 13:34:30', '2022-01-02 13:34:30'),
(393, 'Muhammad Umar', 'Father', NULL, '03365161519', '', NULL, NULL, NULL, '2022-01-02 13:34:30', '2022-05-24 04:34:26'),
(394, 'Aurang Zeb', 'Father', 'Na', NULL, '', NULL, NULL, NULL, '2022-01-02 13:34:30', '2022-01-02 13:34:30'),
(395, 'Akbar Ali', 'Father', NULL, '3169562085', '', NULL, NULL, NULL, '2022-01-02 13:34:30', '2022-12-12 06:02:41'),
(396, 'Sardawar Khan', 'Father', NULL, '03469431343', '', NULL, NULL, NULL, '2022-01-02 13:34:30', '2022-05-24 04:35:26'),
(397, 'MUSA KHAN', 'Father', NULL, '03473301732', '', NULL, NULL, NULL, '2022-01-02 13:34:30', '2022-01-10 08:06:07'),
(398, 'MUHAMMAD YOUNAS KHAN', 'Father', 'NA', NULL, '', NULL, NULL, NULL, '2022-01-02 13:34:30', '2022-01-02 13:34:30'),
(399, 'MUSA KHAN', 'Father', NULL, '03420556309', '', NULL, NULL, NULL, '2022-01-02 13:34:30', '2022-02-16 17:34:13'),
(400, 'Na', 'Father', 'NA', NULL, '', NULL, NULL, NULL, '2022-01-02 13:34:30', '2022-01-02 13:34:30'),
(401, 'ISA MUHAMMAD', 'Father', 'NA', NULL, '', NULL, NULL, NULL, '2022-01-02 13:34:30', '2022-01-02 13:34:30'),
(402, 'MUHAMMAD KARAM', 'Father', 'NA', NULL, '', NULL, NULL, NULL, '2022-01-02 13:34:30', '2022-01-02 13:34:30'),
(403, 'Muhammad Ibrahim', 'Father', 'Agriculture', NULL, '1560203644173', NULL, NULL, NULL, '2022-01-02 13:34:30', '2022-01-02 13:34:30'),
(404, 'SHER KHAN', 'Father', NULL, '03450505833', '', NULL, NULL, NULL, '2022-01-02 13:34:30', '2022-02-18 05:23:46'),
(405, 'Muhammad Nabi', 'Father', 'Agriculture', NULL, '', NULL, NULL, NULL, '2022-01-02 13:34:30', '2022-01-02 13:34:30'),
(406, 'HUJAJ KHAN', 'Father', NULL, '03469340760', '15602-0377938-7', NULL, NULL, NULL, '2022-01-02 13:34:30', '2022-02-03 05:56:17'),
(407, 'Bakht Ali', 'Father', 'NA', NULL, '', NULL, NULL, NULL, '2022-01-02 13:34:30', '2022-01-02 13:34:30');
INSERT INTO `guardians` (`id`, `guardian_name`, `guardian_relation`, `guardian_occupation`, `guardian_phone`, `guardian_cnic`, `guardian_email`, `guardian_address`, `guardian_image`, `created_at`, `updated_at`) VALUES
(408, 'RAHIM KHAN', 'Father', NULL, '03456104494', '1560202461265', NULL, NULL, NULL, '2022-01-02 13:34:30', '2022-02-22 08:35:08'),
(409, 'SHER ZAMAN KHAN', 'Father', NULL, '342 9625384', '15602-4059104-5', NULL, NULL, NULL, '2022-01-02 13:34:30', '2023-01-02 05:35:53'),
(410, 'BAKHSHI MUHAMMAD KHAN', 'Father', NULL, '03469339984', '15602-0429727-5', NULL, NULL, NULL, '2022-01-02 13:34:30', '2022-02-04 07:23:36'),
(411, 'Saeed-ud-din', 'Father', 'NA', NULL, '1560203332159', NULL, NULL, NULL, '2022-01-02 13:34:30', '2022-01-02 13:34:30'),
(413, 'BAKHSHI MUHAMMAD KHAN', 'Father', NULL, '03469339984', '1560204297275', NULL, NULL, NULL, '2022-01-02 13:34:31', '2022-02-04 07:22:53'),
(414, 'Sher Khan', 'Father', 'NA', '03415566717', '', NULL, NULL, NULL, '2022-01-02 13:34:31', '2022-02-02 08:00:15'),
(415, 'FAZAL RAHIM', 'Father', NULL, '03442179720', '', NULL, NULL, NULL, '2022-01-02 13:34:31', '2022-05-24 04:36:12'),
(416, 'Asghar Khan', 'Father', 'NA', '03400881801', '1560204319215', NULL, NULL, NULL, '2022-01-02 13:34:31', '2022-01-07 10:13:06'),
(417, 'BACHA ZADA', 'Father', NULL, '03474223336', '1560239144867', NULL, NULL, NULL, '2022-01-02 13:34:31', '2022-02-02 05:41:12'),
(418, 'IZAT MAND KHAN', 'Father', NULL, '03428996363', '1560204190319', NULL, NULL, NULL, '2022-01-02 13:34:31', '2022-02-11 03:59:28'),
(419, 'ASHRAF ALI MIAN', 'Father', NULL, '03418883048', '', NULL, NULL, NULL, '2022-01-02 13:34:31', '2022-02-02 05:39:22'),
(420, 'Hazir Nawab', 'Father', 'NA', NULL, '', NULL, NULL, NULL, '2022-01-02 13:34:31', '2022-01-02 13:34:31'),
(421, 'Dawood', 'Father', 'NA', NULL, '1560277634511', NULL, NULL, NULL, '2022-01-02 13:34:31', '2022-01-02 13:34:31'),
(422, 'AFSAR ALI', 'Father', NULL, '03467524794', '', NULL, NULL, NULL, '2022-01-02 13:34:31', '2022-03-03 05:28:55'),
(423, 'AKBAR ALI KHAN', 'Father', NULL, '03479680322', '1560202501753', NULL, NULL, NULL, '2022-01-02 13:34:31', '2022-02-16 17:57:19'),
(424, 'Fazal Maula', 'Father', 'NA', '03149748500', '', NULL, NULL, NULL, '2022-01-02 13:34:31', '2022-09-26 04:02:09'),
(425, 'Matali Khan', 'Father', 'NA', NULL, '', NULL, NULL, NULL, '2022-01-02 13:34:31', '2022-01-02 13:34:31'),
(426, 'MUHAMMAD DAWOOD', 'Father', NULL, '03469472113', '1560211978157', NULL, NULL, NULL, '2022-01-02 13:34:38', '2022-01-23 13:13:31'),
(427, 'Na', 'Father', 'NA', NULL, '1560202785585', NULL, NULL, NULL, '2022-01-02 13:34:38', '2022-01-02 13:34:38'),
(428, 'Saran Zeb Khan', 'Father', 'NA', '03449657073', '', NULL, NULL, NULL, '2022-01-02 13:34:38', '2022-09-03 03:45:02'),
(429, 'Sher Khan', 'Father', NULL, '03460505833', '', NULL, NULL, NULL, '2022-01-02 13:34:38', '2022-02-18 05:22:05'),
(430, 'Anwar Sher', 'Father', NULL, '03459277011', '', NULL, NULL, NULL, '2022-01-02 13:34:38', '2022-05-24 04:39:07'),
(431, 'Fazal Rahim', 'Father', 'NA', NULL, '', NULL, NULL, NULL, '2022-01-02 13:34:38', '2022-01-02 13:34:38'),
(432, 'NA', 'Father', 'NA', NULL, '', NULL, NULL, NULL, '2022-01-02 13:34:38', '2022-01-02 13:34:38'),
(433, 'Syed Ahmad', 'Father', '', NULL, '', NULL, NULL, NULL, '2022-01-02 13:34:38', '2022-01-02 13:34:38'),
(434, 'NA', 'Father', 'NA', NULL, '', NULL, NULL, NULL, '2022-01-02 13:34:38', '2022-01-02 13:34:38'),
(435, 'Nawab Sher Khan', 'Father', NULL, '03459164885', '', NULL, NULL, NULL, '2022-01-02 13:34:38', '2022-01-23 13:07:38'),
(436, 'Muhammad Ali Khan', 'Father', '', NULL, '', NULL, NULL, NULL, '2022-01-02 13:34:38', '2022-01-02 13:34:38'),
(437, 'Afzal Khan', 'Father', NULL, '03456053410', '', NULL, NULL, NULL, '2022-01-02 13:34:38', '2022-05-24 04:30:43'),
(438, 'ABDUL RASHID KHAN', 'Father', NULL, '03462926943', '', NULL, NULL, NULL, '2022-01-02 13:34:38', '2022-05-24 04:32:17'),
(439, 'Khurshid Khan', 'Father', NULL, '03365161519', '', NULL, NULL, NULL, '2022-01-02 13:34:38', '2022-05-24 04:32:44'),
(440, 'NA', 'Father', 'NA', '03439399378', '1560503541931', NULL, NULL, NULL, '2022-01-02 13:34:38', '2022-04-14 06:13:10'),
(441, 'Na', 'Father', 'NA', NULL, '1560266041563', NULL, NULL, NULL, '2022-01-02 13:34:38', '2022-01-02 13:34:38'),
(442, 'UMRIN', 'Father', 'NA', '03315869490', '', NULL, NULL, NULL, '2022-01-02 13:34:38', '2022-08-13 03:48:32'),
(443, 'Fazal Khaliq', 'Father', 'Agriculture', NULL, '', NULL, NULL, NULL, '2022-01-02 13:34:38', '2022-01-02 13:34:38'),
(445, 'Habibun Nabi', 'Father', 'Agriculture', NULL, '1560223873397', NULL, NULL, NULL, '2022-01-02 13:34:38', '2022-01-02 13:34:38'),
(446, 'Alamdad Khan', 'Father', 'Agriculture', NULL, '', NULL, NULL, NULL, '2022-01-02 13:34:38', '2022-01-02 13:34:38'),
(447, 'Khitab Ali Khan', 'Father', 'Agriculture', NULL, '', NULL, NULL, NULL, '2022-01-02 13:34:38', '2022-01-02 13:34:38'),
(448, 'Hazrat Hussain', 'Father', 'NA', NULL, '', NULL, NULL, NULL, '2022-01-02 13:34:38', '2022-01-02 13:34:38'),
(449, 'Burhan Ali', 'Father', 'NA', NULL, '1560298839643', NULL, NULL, NULL, '2022-01-02 13:34:38', '2022-01-02 13:34:38'),
(450, 'Muhammad Sher', 'Father', 'NA', NULL, '', NULL, NULL, NULL, '2022-01-02 13:34:38', '2022-01-02 13:34:38'),
(451, 'GUL MASTAN', 'Father', 'NA', NULL, '1560294799101', NULL, NULL, NULL, '2022-01-02 13:34:38', '2022-01-02 13:34:38'),
(452, 'Ajab Khan', 'Father', 'NA', '03443593790', '1560267366787', NULL, NULL, NULL, '2022-01-02 13:34:38', '2022-06-08 03:22:49'),
(453, 'Muhammad Iqbal', 'Father', 'NA', NULL, '1560231158957', NULL, NULL, NULL, '2022-01-02 13:34:38', '2022-01-02 13:34:38'),
(454, 'SHER MUHAMMAD', 'Father', NULL, '03459494918', '', NULL, NULL, NULL, '2022-01-02 13:34:38', '2022-02-15 08:04:59'),
(455, 'Fazal Qadim', 'Father', 'NA', NULL, '1560241217735', NULL, NULL, NULL, '2022-01-02 13:34:38', '2022-01-02 13:34:38'),
(456, 'Noor Ahmad', 'Father', 'NA', NULL, '1560261515003', NULL, NULL, NULL, '2022-01-02 13:34:38', '2022-01-02 13:34:38'),
(457, 'Mohibullah', 'Father', NULL, '03479097710', '', NULL, NULL, NULL, '2022-01-02 13:34:46', '2022-01-19 14:21:49'),
(458, 'Na', 'Father', 'NA', NULL, '', NULL, NULL, NULL, '2022-01-02 13:34:46', '2022-01-02 13:34:46'),
(459, 'Abdul Waris', 'Father', NULL, '03329474239', '', NULL, NULL, NULL, '2022-01-02 13:34:46', '2022-01-19 14:23:31'),
(460, 'Tariq Aziz', 'Father', NULL, '03459451332', '', NULL, NULL, NULL, '2022-01-02 13:34:46', '2022-01-19 14:24:06'),
(461, 'RAHMATULLAH', 'Father', NULL, '343 8987822', '1560203949291', NULL, NULL, NULL, '2022-01-02 13:34:46', '2022-12-08 08:18:43'),
(462, 'HAZRAT YOUSAF', 'Father', NULL, '03456410484', '', NULL, NULL, NULL, '2022-01-02 13:34:46', '2022-01-19 14:25:50'),
(463, 'Muhammad Hasan', 'Father', NULL, '03478118618', '', NULL, NULL, NULL, '2022-01-02 13:34:46', '2022-01-19 14:26:31'),
(464, 'Ahmad Ali Khan', 'Father', NULL, '03329209776', '', NULL, NULL, NULL, '2022-01-02 13:34:47', '2022-01-19 14:27:08'),
(465, 'Fazal Rahman', 'Father', NULL, '03059406330', '', NULL, NULL, NULL, '2022-01-02 13:34:47', '2022-01-19 14:27:41'),
(466, 'Sher Bahadar Khan', 'Father', NULL, '03463127726', '', NULL, NULL, NULL, '2022-01-02 13:34:47', '2022-01-13 06:08:11'),
(467, 'Shah Dildar Khan', 'Father', '', NULL, '', NULL, NULL, NULL, '2022-01-02 13:34:47', '2022-01-02 13:34:47'),
(468, 'Sardawar Khan', 'Father', NULL, '03469431343', '', NULL, NULL, NULL, '2022-01-02 13:34:47', '2022-01-19 14:30:14'),
(469, 'Khurshed Ali', 'Father', NULL, '03439610830', '', NULL, NULL, NULL, '2022-01-02 13:34:47', '2022-01-19 14:31:04'),
(470, 'Mian Dawood', 'Father', NULL, '03449187242', '', NULL, NULL, NULL, '2022-01-02 13:34:47', '2022-01-23 12:55:18'),
(471, 'Shahi Riaz Khan', 'Father', NULL, '03441987242', '', NULL, NULL, NULL, '2022-01-02 13:34:47', '2022-01-19 14:31:55'),
(472, 'Fazal Muhammad', 'Father', NULL, '03459451960', '', NULL, NULL, NULL, '2022-01-02 13:34:47', '2022-01-19 14:34:07'),
(473, 'AKHTAR ALI KHAN', 'Father', NULL, '03475125610', '', NULL, NULL, NULL, '2022-01-02 13:34:47', '2022-02-11 04:02:34'),
(474, 'Rehmat Ali Khan', 'Father', NULL, '03454644555', '', NULL, NULL, NULL, '2022-01-02 13:34:47', '2022-01-12 06:52:31'),
(475, 'Mawjood Ullah', 'Father', NULL, '03469443958', '', NULL, NULL, NULL, '2022-01-02 13:34:47', '2022-01-19 14:40:08'),
(476, 'Pir Zada Khan', 'Father', NULL, '03453441979', '1560258982503', NULL, NULL, NULL, '2022-01-02 13:34:47', '2022-01-19 14:40:49'),
(477, 'Akbar Ali', 'Father', NULL, '03459455786', '1560203347885', NULL, NULL, NULL, '2022-01-02 13:34:47', '2022-01-19 14:41:33'),
(478, 'Ghaforur Rahman', 'Father', NULL, '03449882227', '1560204909307', NULL, NULL, NULL, '2022-01-02 13:34:47', '2022-01-19 14:42:28'),
(479, 'Liaqat Ali', 'Father', NULL, '03449890273', '1560241611115', NULL, NULL, NULL, '2022-01-02 13:34:47', '2022-01-19 14:43:09'),
(480, 'Umar Ali Khan', 'Father', NULL, '03028527542', '1560202501909', NULL, NULL, NULL, '2022-01-02 13:34:47', '2022-01-19 14:43:56'),
(481, 'BAKHTAWAR KHAN', 'Father', NULL, '03439617918', '', NULL, NULL, NULL, '2022-01-02 13:34:47', '2022-01-10 07:39:25'),
(482, 'SHAH DAWRAN', 'Father', NULL, '3329491123', '1560202726072', NULL, NULL, NULL, '2022-01-02 13:34:47', '2022-12-16 05:01:37'),
(483, 'HABIBUL HAQ', 'Father', NULL, '03469407634', '', NULL, NULL, NULL, '2022-01-02 13:34:47', '2022-01-19 14:45:25'),
(484, 'MUHAMMAD NAWAB', 'Father', NULL, '03449708299', '', NULL, NULL, NULL, '2022-01-02 13:34:47', '2022-01-19 14:49:21'),
(485, 'KHALID MAHMOOD', 'Father', NULL, '03400965828', '', NULL, NULL, NULL, '2022-01-02 13:34:47', '2022-01-19 14:50:03'),
(486, 'IZAT MAND', 'Father', NULL, '03339484160', '', NULL, NULL, NULL, '2022-01-02 13:34:47', '2022-01-19 14:50:39'),
(487, 'KHALID MAHMOOD', 'Father', NULL, '03400965828', '', NULL, NULL, NULL, '2022-01-02 13:34:47', '2022-01-19 14:51:16'),
(488, 'JEHAN ZEB', 'Father', NULL, '03413322550', '1560267087893', NULL, NULL, NULL, '2022-01-02 13:34:47', '2022-01-19 14:51:57'),
(489, 'ZARIN ZADA', 'Father', NULL, '03449886143', '1560256342483', NULL, NULL, NULL, '2022-01-02 13:34:47', '2022-01-19 14:52:45'),
(490, 'FARMAN ALI', 'Father', NULL, '346 4630898', '', NULL, NULL, NULL, '2022-01-02 13:34:47', '2022-12-08 08:19:24'),
(491, 'AKHUN ZADA', 'Father', NULL, '03479509900', '15101-3957627-7', NULL, NULL, NULL, '2022-01-02 13:34:47', '2022-01-19 14:54:10'),
(492, 'KHAN ZADA', 'Father', NULL, '03479509900', '', NULL, NULL, NULL, '2022-01-02 13:34:47', '2022-01-19 14:54:53'),
(493, 'Akhtar Ali Khan', 'Father', NULL, '03475125610', '', NULL, NULL, NULL, '2022-01-02 13:37:28', '2022-01-19 11:49:30'),
(494, 'HABIBUL HAQ', 'Father', NULL, '03469407634', '', NULL, NULL, NULL, '2022-01-02 13:37:28', '2022-01-19 11:50:49'),
(495, 'Shah Zaman Khan', 'Father', NULL, '03463577096', '1560204051217', NULL, NULL, NULL, '2022-01-02 13:37:28', '2022-01-19 11:51:49'),
(496, 'Ahmad Saeed Mian', 'Father', NULL, '03464179862', '', NULL, NULL, NULL, '2022-01-02 13:37:28', '2022-01-19 11:52:38'),
(497, 'KHUBAN SHAH BACHA', 'Father', NULL, '03439237428', '', NULL, NULL, NULL, '2022-01-02 13:37:28', '2022-01-19 11:53:28'),
(498, 'Bakht Zada', 'Father', NULL, '03465221784', '', NULL, NULL, NULL, '2022-01-02 13:37:28', '2022-01-19 11:54:17'),
(499, 'Muhammad Amin', 'Father', NULL, '03315979683', '', NULL, NULL, NULL, '2022-01-02 13:37:28', '2022-01-19 11:56:10'),
(500, 'SULTANAT KHAN', 'Father', NULL, '03328378746', '', NULL, NULL, NULL, '2022-01-02 13:37:28', '2022-01-19 11:57:58'),
(501, 'Muhammad Khaliq', 'Father', NULL, '00968965419', '', NULL, NULL, NULL, '2022-01-02 13:37:28', '2022-01-19 11:59:11'),
(502, 'Muhammad Younas Khan', 'Father', NULL, '03015914672', '', NULL, NULL, NULL, '2022-01-02 13:37:28', '2022-01-19 12:01:10'),
(503, 'Akbar Bacha', 'Father', NULL, '03442344915', '', NULL, NULL, NULL, '2022-01-02 13:37:28', '2022-01-19 12:06:16'),
(504, 'Syed Rehman', 'Father', NULL, '03458202062', '', NULL, NULL, NULL, '2022-01-02 13:37:28', '2022-01-19 12:07:03'),
(505, 'Noor Zeb Khan', 'Father', NULL, '03469443522', '', NULL, NULL, NULL, '2022-01-02 13:37:28', '2022-01-19 12:07:49'),
(506, 'Saraf', 'Father', NULL, '03469408034', '', NULL, NULL, NULL, '2022-01-02 13:37:28', '2022-01-19 12:09:23'),
(507, 'Akbar Ali', 'Father', NULL, '03459455786', '', NULL, NULL, NULL, '2022-01-02 13:37:28', '2022-01-19 12:10:16'),
(508, 'Bahr-e-karam', 'Father', NULL, '03449708332', '', NULL, NULL, NULL, '2022-01-02 13:37:28', '2022-01-19 12:12:28'),
(509, 'Akbar Ali Khan', 'Father', NULL, '03319916522', '', NULL, NULL, NULL, '2022-01-02 13:37:28', '2022-01-19 12:14:37'),
(510, 'Inam Ali Khan', 'Father', NULL, '03458102414', '', NULL, NULL, NULL, '2022-01-02 13:37:28', '2022-01-19 12:15:49'),
(511, 'Manawar Khan', 'Father', NULL, '03139074210', '', NULL, NULL, NULL, '2022-01-02 13:37:28', '2022-01-19 12:16:40'),
(512, 'Ali Muhammad', 'Father', NULL, '03018063325', '', NULL, NULL, NULL, '2022-01-02 13:37:28', '2022-01-19 12:17:26'),
(513, 'Haji Muhammad', 'Father', NULL, '03409080017', '', NULL, NULL, NULL, '2022-01-02 13:37:28', '2022-01-10 07:34:03'),
(514, 'MAHMOOD KHAN', 'Father', NULL, '03447970737', '1560253326437', NULL, NULL, NULL, '2022-01-02 13:37:28', '2022-01-19 12:19:33'),
(515, 'Muhammad Turab Mian', 'Father', NULL, '03463026709', '1560202805099', NULL, NULL, NULL, '2022-01-02 13:37:28', '2022-01-19 12:20:24'),
(516, 'ALAM ZEB KHAN', 'Father', NULL, '03409134734', '', NULL, NULL, NULL, '2022-01-02 13:37:28', '2022-01-19 12:21:17'),
(517, 'ALAM ZEB KHAN', 'Father', NULL, '03409134734', '', NULL, NULL, NULL, '2022-01-02 13:37:28', '2022-01-19 12:22:09'),
(518, 'FAZAL SUBHAN', 'Father', NULL, '03469464317', '1560295112217', NULL, NULL, NULL, '2022-01-02 13:37:28', '2022-01-19 12:22:51'),
(519, 'SAHIB SATTAR', 'Father', NULL, '03449894963', '1560503512515', NULL, NULL, NULL, '2022-01-02 13:37:28', '2022-01-19 12:23:44'),
(520, 'BAKHT ZADA', 'Father', NULL, '03449816035', '15602-6960590-9', NULL, NULL, NULL, '2022-01-02 13:37:28', '2022-01-19 12:25:20'),
(521, 'ZARIN ZADA', 'Father', NULL, '03449816035', '15602-5634248-3', NULL, NULL, NULL, '2022-01-02 13:37:28', '2022-01-19 12:26:06'),
(522, 'BASHMAND KHAN', 'Father', NULL, '03412307537', '1560204864041', NULL, NULL, NULL, '2022-01-02 13:37:28', '2022-01-19 12:27:04'),
(523, 'NOOR MUHAMMAD', 'Father', NULL, '03429824675', '4240142496749', NULL, NULL, NULL, '2022-01-02 13:37:28', '2022-01-19 12:27:45'),
(524, 'FAZAL AKBAR', 'Father', NULL, '03469456906', '1560104517711', NULL, NULL, NULL, '2022-01-02 13:37:28', '2022-01-19 12:29:30'),
(525, 'MUHAMMAD HASAN', 'Father', NULL, '03478118618', '', NULL, NULL, NULL, '2022-01-02 13:37:28', '2022-01-19 12:30:32'),
(526, 'AKBAR ZADA', 'Father', NULL, '03449890144', '15602-7315809-3', NULL, NULL, NULL, '2022-01-02 13:37:28', '2022-01-19 12:31:25'),
(527, 'ZIA-UR-RAHMAN', 'Father', NULL, '03489506518', '', NULL, NULL, NULL, '2022-01-02 13:37:28', '2022-01-19 12:32:06'),
(528, 'SHAFI-UR-RAHMAN', 'Father', NULL, '03499743599', '', NULL, NULL, NULL, '2022-01-02 13:37:28', '2022-01-13 08:47:41'),
(529, 'FAZAL RAHIM', 'Father', NULL, '03499743599', '1560204318565', NULL, NULL, NULL, '2022-01-02 13:37:28', '2022-01-19 12:35:33'),
(530, 'AZADAI KHAN', 'Father', NULL, '03469488253', '1560267593441', NULL, NULL, NULL, '2022-01-02 13:37:28', '2022-01-19 12:36:17'),
(531, 'ALI RAHMAN', 'Father', NULL, '03469823504', '', NULL, NULL, NULL, '2022-01-02 13:37:28', '2022-01-19 12:37:04'),
(532, 'BAKHT BAIDAR KHAN', 'Father', NULL, '03189181465', '1560282638219', NULL, NULL, NULL, '2022-01-02 13:37:28', '2022-01-19 12:37:45'),
(533, 'Muhammad Ali', 'Father', NULL, '03485409284', '', NULL, NULL, NULL, '2022-01-02 13:37:38', '2022-01-19 12:46:59'),
(534, 'Muhammad Zamin', 'Father', NULL, '03419526098', '1560264221457', NULL, NULL, NULL, '2022-01-02 13:37:38', '2022-01-19 12:47:35'),
(535, 'Muhammad Zahir Khan', 'Father', NULL, '03449890573', '', NULL, NULL, NULL, '2022-01-02 13:37:38', '2022-01-19 12:48:03'),
(536, 'Akhtar Zada', 'Father', NULL, '03469443907', '', NULL, NULL, NULL, '2022-01-02 13:37:38', '2022-01-19 12:49:13'),
(537, 'Sher Khan', 'Father', NULL, '03369449630', '15602-5806603', NULL, NULL, NULL, '2022-01-02 13:37:38', '2022-01-19 12:50:00'),
(538, 'Fazal Rabbi', 'Father', NULL, '03469404340', '', NULL, NULL, NULL, '2022-01-02 13:37:38', '2022-01-19 12:50:56'),
(539, 'Alam Zeb Khan', 'Father', NULL, '03347278972', '', NULL, NULL, NULL, '2022-01-02 13:37:38', '2022-01-19 12:51:43'),
(540, 'Anwar Ali Khan', 'Father', NULL, '03469414261', '', NULL, NULL, NULL, '2022-01-02 13:37:38', '2022-01-19 12:52:18'),
(541, 'Ahmad Gul', 'Father', NULL, '03469453185', '', NULL, NULL, NULL, '2022-01-02 13:37:38', '2022-02-11 06:17:37'),
(542, 'Liaqaat Ali', 'Father', NULL, '03432271162', '', NULL, NULL, NULL, '2022-01-02 13:37:38', '2022-02-03 17:51:21'),
(543, 'Ihsan Ullah', 'Father', NULL, '03411195360', '', NULL, NULL, NULL, '2022-01-02 13:37:38', '2022-01-19 12:53:58'),
(544, 'Afsar Ali', 'Father', NULL, '03428942208', '', NULL, NULL, NULL, '2022-01-02 13:37:38', '2022-01-19 12:54:29'),
(545, 'Rehmat Shah', 'Father', NULL, '03494183199', '', NULL, NULL, NULL, '2022-01-02 13:37:38', '2022-03-03 04:24:12'),
(546, 'Khan Gulay', 'Father', NULL, '03439392200', '', NULL, NULL, NULL, '2022-01-02 13:37:38', '2022-01-19 12:55:56'),
(547, 'Akbar Ali', 'Father', NULL, '03449866772', '', NULL, NULL, NULL, '2022-01-02 13:37:38', '2022-01-19 12:57:01'),
(548, 'Ghafoor Ur Rahman', 'Father', NULL, '03449620050', '', NULL, NULL, NULL, '2022-01-02 13:37:38', '2022-02-24 06:55:43'),
(549, 'Aurang Zeb', 'Father', NULL, '03429606944', '', NULL, NULL, NULL, '2022-01-02 13:37:38', '2022-01-19 12:58:57'),
(550, 'Muhammad Arif', 'Father', NULL, '03469453073', '', NULL, NULL, NULL, '2022-01-02 13:37:38', '2022-01-19 13:00:04'),
(551, 'Shah Farooq Khan', 'Father', NULL, '03439635900', '', NULL, NULL, NULL, '2022-01-02 13:37:38', '2022-01-19 13:00:39'),
(552, 'Umrin Khan', 'Father', NULL, '03481096627', '', NULL, NULL, NULL, '2022-01-02 13:37:38', '2022-01-19 13:01:21'),
(553, 'Aminullah', 'Father', NULL, '03449780330', '1560203201829', NULL, NULL, NULL, '2022-01-02 13:37:38', '2022-01-19 13:02:52'),
(554, 'Imtiaz Khan', 'Father', NULL, '03469793261', '', NULL, NULL, NULL, '2022-01-02 13:37:38', '2022-01-19 13:03:29'),
(555, 'Muhammad Haroon', 'Father', NULL, '03469693493', '1560279149093', NULL, NULL, NULL, '2022-01-02 13:37:38', '2022-01-19 13:03:56'),
(556, 'FAREED MUHAMMAD', 'Father', NULL, '03329480191', '', NULL, NULL, NULL, '2022-01-02 13:37:38', '2022-01-19 13:04:36'),
(557, 'FAZAL MUHAMMAD', 'Father', NULL, '03459451960', '', NULL, NULL, NULL, '2022-01-02 13:37:38', '2022-01-19 13:05:22'),
(558, 'BAKHT BILAND KHAN', 'Father', NULL, '03468007789', '1560203941393', NULL, NULL, NULL, '2022-01-02 13:37:38', '2022-01-19 13:05:57'),
(559, 'Azizullah', 'Father', NULL, '03400952006', '1560250548857', NULL, NULL, NULL, '2022-01-02 13:37:38', '2022-01-19 13:06:41'),
(560, 'HABIB UL WAHAB', 'Father', NULL, '03479093933', '', NULL, NULL, NULL, '2022-01-02 13:37:38', '2022-01-19 13:07:12'),
(561, 'RAHMAT ALI KHAN', 'Father', NULL, '03449881470', '1560215632489', NULL, NULL, NULL, '2022-01-02 13:37:38', '2022-01-19 13:07:42'),
(562, 'MIAN SYED AHMAD', 'Father', NULL, '03453928116', '1560278918077', NULL, NULL, NULL, '2022-01-02 13:37:38', '2022-01-19 13:08:30'),
(563, 'FAZAL HUSSAIN', 'Father', NULL, '03459454251', '1560203411427', NULL, NULL, NULL, '2022-01-02 13:37:39', '2022-01-19 13:08:59'),
(564, 'HAYAT-UR-RAHMAN', 'Father', NULL, '03479268800', '', NULL, NULL, NULL, '2022-01-02 13:37:39', '2022-01-19 13:09:29'),
(565, 'INAM ALI', 'Father', NULL, '03462331645', '', NULL, NULL, NULL, '2022-01-02 13:37:39', '2022-03-05 08:00:45'),
(566, 'MIAN SYED ANWAR', 'Father', NULL, '03402321962', '', NULL, NULL, NULL, '2022-01-02 13:37:39', '2022-01-19 13:10:51'),
(567, 'MOHYUDDIN', 'Father', NULL, '03469383654', '', NULL, NULL, NULL, '2022-01-02 13:37:39', '2022-01-19 13:11:30'),
(568, 'MUHAMMAD AYAZ', 'Father', NULL, '03018064538', '', NULL, NULL, NULL, '2022-01-02 13:37:39', '2022-01-19 13:12:01'),
(569, 'KHURSHID ALI MIAN', 'Father', NULL, '03459253213', '', NULL, NULL, NULL, '2022-01-02 13:37:39', '2022-01-19 13:12:51'),
(570, 'AHMAD KHAN', 'Father', NULL, '03439390903', '', NULL, NULL, NULL, '2022-01-02 13:37:39', '2022-01-19 13:15:22'),
(571, 'MUHAMMAD RAFIQ', 'Father', NULL, '03419242521', '', NULL, NULL, NULL, '2022-01-02 13:37:39', '2022-01-19 13:34:40'),
(572, 'HAIDAR ALI', 'Father', NULL, '03369448280', '', NULL, NULL, NULL, '2022-01-02 13:37:39', '2022-01-19 13:35:49'),
(573, 'HAIDAR ALI', 'Father', NULL, '03470983501', '', NULL, NULL, NULL, '2022-01-02 13:37:39', '2022-03-03 04:14:23'),
(574, 'Mawjood Ullah', 'Father', 'NA', '03469443958', '15602-0470882-3', NULL, NULL, NULL, '2022-01-02 13:41:31', '2022-06-18 03:18:16'),
(575, 'AKHTAR ALI', 'Father', NULL, '03469431632', '1560504264205', NULL, NULL, NULL, '2022-01-02 13:41:31', '2022-02-20 13:06:59'),
(576, 'FAZAL HALEEM', 'Father', NULL, '03449624034', '', NULL, NULL, NULL, '2022-01-02 13:41:31', '2022-02-18 13:30:59'),
(577, 'Sardar Ali', 'Father', 'NA', '03318556932', '1560204108105', NULL, NULL, NULL, '2022-01-02 13:41:31', '2022-06-18 03:27:07'),
(578, 'AKBAR KHAN', 'Father', NULL, '03400119826', '1560235665405', NULL, NULL, NULL, '2022-01-02 13:41:31', '2022-02-27 08:36:16'),
(579, 'DILBAR KHAN', 'Father', NULL, '03474435401', '1560202585627', NULL, NULL, NULL, '2022-01-02 13:41:31', '2022-02-18 13:31:57'),
(580, 'Dawlat Khan', 'Father', 'NA', '03495452682', '1560202585627', NULL, NULL, NULL, '2022-01-02 13:41:31', '2022-03-07 04:01:49'),
(581, 'MUHAMMAD NAEEM', 'Father', NULL, '03451737348', '1560268026135', NULL, NULL, NULL, '2022-01-02 13:41:31', '2022-01-12 06:43:41'),
(582, 'FAZAL AHAD', 'Father', NULL, '03492566561', '1560202468207', NULL, NULL, NULL, '2022-01-02 13:41:32', '2022-02-27 08:44:24'),
(583, 'ABDUL SHAKOOR', 'Father', NULL, '03469452962', '1560235118135', NULL, NULL, NULL, '2022-01-02 13:41:32', '2022-02-03 18:26:04'),
(584, 'UMAR SAHIB', 'Father', NULL, '03469615253', '1560503782803', NULL, NULL, NULL, '2022-01-02 13:41:32', '2022-03-03 05:14:58'),
(585, 'AKBAR ALI KHAN', 'Father', NULL, '03448581625', '4240153687371', NULL, NULL, NULL, '2022-01-02 13:41:32', '2022-02-20 13:08:01'),
(586, 'BAKHTZAR KHAN', 'Father', NULL, '03469401794', '1560247359519', NULL, NULL, NULL, '2022-01-02 13:41:32', '2022-02-20 13:08:38'),
(587, 'ANWAR ALI', 'Father', NULL, '03409464521', '1560202996157', NULL, NULL, NULL, '2022-01-02 13:41:32', '2022-03-10 06:12:44'),
(588, 'GUL MUHAMMAD', 'Father', NULL, '03435628973', '1560288467585', NULL, NULL, NULL, '2022-01-02 13:41:32', '2022-02-20 13:11:44'),
(589, 'Sami Ullah', 'Father', 'NA', '03109805178', '1560205778703', NULL, NULL, NULL, '2022-01-02 13:41:32', '2022-06-18 03:33:50'),
(590, 'SABA KHAN', 'Father', NULL, '03469480716', '1560254677567', NULL, NULL, NULL, '2022-01-02 13:41:32', '2022-02-20 13:09:21'),
(591, 'SAFADAR ALI', 'Father', NULL, '03458820338', '1560210513173', NULL, NULL, NULL, '2022-01-02 13:41:32', '2022-02-20 13:09:50'),
(592, 'SHAMS UL HAQ', 'Father', NULL, '03409839096', '1560238012679', NULL, NULL, NULL, '2022-01-02 13:41:32', '2022-02-20 13:12:39'),
(593, 'IBRAHIM SHAH', 'Father', NULL, '03439667125', '1560204903093', NULL, NULL, NULL, '2022-01-02 13:41:32', '2022-02-18 05:36:19'),
(594, 'Sher Bahadar', 'Father', 'NA', '03133076111', '', NULL, NULL, NULL, '2022-01-02 13:41:32', '2022-01-09 16:19:33'),
(595, 'Hameed Khan', 'Father', 'NA', NULL, '1560290918221', NULL, NULL, NULL, '2022-01-02 13:41:52', '2022-01-02 13:41:52'),
(596, 'MUKARAM KHAN', 'Father', NULL, '03439606660', '1560203230711', NULL, NULL, NULL, '2022-01-02 13:41:52', '2022-02-09 08:11:10'),
(597, 'Farman Ali Khan', 'Father', 'NA', NULL, '1560253239245', NULL, NULL, NULL, '2022-01-02 13:41:53', '2022-01-02 13:41:53'),
(598, 'Jehan Sher', 'Father', 'NA', NULL, '1560204863751', NULL, NULL, NULL, '2022-01-02 13:41:53', '2022-01-02 13:41:53'),
(599, 'AHMAD ALI KHAN', 'Father', NULL, '03177788220', '1560204920847', NULL, NULL, NULL, '2022-01-02 13:41:53', '2022-03-08 06:56:38'),
(600, 'Ibni Amin', 'Father', 'NA', NULL, '1560248162127', NULL, NULL, NULL, '2022-01-02 13:41:53', '2022-01-02 13:41:53'),
(601, 'Muhammad Sher Khan', 'Father', 'NA', NULL, '1560204864105', NULL, NULL, NULL, '2022-01-02 13:41:53', '2022-01-02 13:41:53'),
(602, 'Aqal Zada', 'Father', 'NA', NULL, '1560202880781', NULL, NULL, NULL, '2022-01-02 13:41:53', '2022-01-02 13:41:53'),
(603, 'Akhtar Ali Khan', 'Father', 'NA', NULL, '1560223696425', NULL, NULL, NULL, '2022-01-02 13:41:53', '2022-01-02 13:41:53'),
(604, 'Bakht Zada', 'Father', 'NA', NULL, '1560260112945', NULL, NULL, NULL, '2022-01-02 13:41:53', '2022-01-02 13:41:53'),
(605, 'Saifullah Khan', 'Father', 'NA', '03416621576', '1560270618525', NULL, NULL, NULL, '2022-01-02 13:41:53', '2022-03-10 03:53:30'),
(606, 'Muhammad Rahman', 'Father', 'NA', NULL, '1560232867947', NULL, NULL, NULL, '2022-01-02 13:41:53', '2022-01-02 13:41:53'),
(607, 'Sher Ali', 'Father', 'NA', '03463355433', '1560266645709', NULL, NULL, NULL, '2022-01-02 13:41:53', '2022-03-05 05:04:01'),
(608, 'Zaman Sher', 'Father', 'NA', NULL, '1430104456729', NULL, NULL, NULL, '2022-01-02 13:41:53', '2022-01-02 13:41:53'),
(609, 'Khan Umar', 'Father', 'NA', NULL, '1560204901377', NULL, NULL, NULL, '2022-01-02 13:41:53', '2022-01-02 13:41:53'),
(610, 'Purdil Khan', 'Father', 'NA', NULL, '1560204901411', NULL, NULL, NULL, '2022-01-02 13:41:53', '2022-01-02 13:41:53'),
(611, 'Amir Sardar Khan', 'Father', 'NA', NULL, '1560203071191', NULL, NULL, NULL, '2022-01-02 13:41:53', '2022-01-02 13:41:53'),
(612, 'Sher Zada', 'Father', 'NA', NULL, '1560299223241', NULL, NULL, NULL, '2022-01-02 13:41:53', '2022-01-02 13:41:53'),
(613, 'Fazal Rahman', 'Father', 'NA', NULL, '1560233860881', NULL, NULL, NULL, '2022-01-02 13:41:53', '2022-01-02 13:41:53'),
(614, 'Ghulam Darvaish', 'Father', 'NA', NULL, '', NULL, NULL, NULL, '2022-01-02 13:41:53', '2022-01-02 13:41:53'),
(615, 'MIAN KHADIM SHAH', 'Father', NULL, '03469471896', '1560241780385', NULL, NULL, NULL, '2022-01-02 13:41:53', '2022-03-01 16:06:33'),
(616, 'Latifur Rahman', 'Father', 'NA', NULL, '1560251311911', NULL, NULL, NULL, '2022-01-02 13:41:53', '2022-01-02 13:41:53'),
(617, 'MUHAMMAD AYUB KHAN', 'Father', NULL, '03079260142', '1560234284070', NULL, NULL, NULL, '2022-01-02 13:41:53', '2022-02-28 05:43:47'),
(618, 'Sher Hasan', 'Father', 'NA', NULL, '4250184147235', NULL, NULL, NULL, '2022-01-02 13:41:53', '2022-01-02 13:41:53'),
(619, 'Zahid Ali Khan', 'Father', 'NA', NULL, '1560224442803', NULL, NULL, NULL, '2022-01-02 13:41:53', '2022-01-02 13:41:53'),
(620, 'Muhammad Islam', 'Father', 'NA', NULL, '1560297459913', NULL, NULL, NULL, '2022-01-02 13:41:53', '2022-01-02 13:41:53'),
(621, 'ALI HAZRAT MIAN', 'Father', NULL, '03466604655', '', NULL, NULL, NULL, '2022-01-02 13:41:53', '2022-03-03 05:51:45'),
(622, 'Dost Muhammad Khan', 'Father', 'NA', NULL, '1560204799719', NULL, NULL, NULL, '2022-01-02 13:41:53', '2022-01-02 13:41:53'),
(623, 'Muhammad Jalal', 'Father', 'NA', NULL, '1560205187489', NULL, NULL, NULL, '2022-01-02 13:41:53', '2022-01-02 13:41:53'),
(624, 'Akbar Zada', 'Father', 'NA', NULL, '1560204294203', NULL, NULL, NULL, '2022-01-02 13:41:53', '2022-01-02 13:41:53'),
(625, 'Taj Muhammad', 'Father', 'NA', NULL, '1560248056017', NULL, NULL, NULL, '2022-01-02 13:41:53', '2022-01-02 13:41:53'),
(626, 'Mubarak Ali', 'Father', 'NA', NULL, '1560204928683', NULL, NULL, NULL, '2022-01-02 13:41:53', '2022-01-02 13:41:53'),
(627, 'Khur Shid Ali', 'Father', 'NA', NULL, '', NULL, NULL, NULL, '2022-01-02 13:41:53', '2022-01-02 13:41:53'),
(628, 'Nawsher Ali', 'Father', 'NA', NULL, '1560204314793', NULL, NULL, NULL, '2022-01-02 13:41:53', '2022-01-02 13:41:53'),
(629, 'Hazrat Rahman', 'Brother', 'P.service', NULL, '15602-4579326-7', NULL, NULL, NULL, '2022-01-02 13:41:53', '2022-01-02 13:41:53'),
(630, 'Saeed Ullah', 'Father', 'NA', NULL, '1560205072391', NULL, NULL, NULL, '2022-01-02 13:41:53', '2022-01-02 13:41:53'),
(631, 'Shahid Ali', 'Father', 'Business Man', '03429606944', NULL, NULL, NULL, NULL, '2022-01-03 10:12:30', '2022-02-10 07:27:51'),
(632, 'Saeed Rahman', 'Father', 'Business Man', '03438080938', NULL, NULL, NULL, NULL, '2022-01-08 06:30:47', '2022-01-08 06:30:47'),
(633, 'Ajmal Khan', 'Father', NULL, '03409730457', NULL, NULL, NULL, NULL, '2022-01-10 06:40:23', '2022-02-24 07:26:45'),
(634, 'Zakia Bibi', 'Mother', NULL, '03120917008', NULL, NULL, NULL, NULL, '2022-01-10 06:47:29', '2022-01-10 06:47:29'),
(635, 'Raiz Khan', 'Father', NULL, '344 5187857', NULL, NULL, NULL, NULL, '2022-01-19 15:00:41', '2023-01-02 07:50:41'),
(636, 'qareebullah', 'Father', NULL, '03454829264', NULL, NULL, NULL, NULL, '2022-01-27 10:31:59', '2022-02-03 06:49:57'),
(637, 'waseem khan', 'Father', NULL, '03453015883', NULL, NULL, NULL, NULL, '2022-01-27 10:41:30', '2022-01-27 10:41:30'),
(638, 'Muhmmad Amin', 'Father', NULL, '00346940181', NULL, NULL, NULL, NULL, '2022-01-28 06:20:29', '2022-01-28 06:20:29'),
(639, 'Arshaid Khan', 'Father', NULL, '03459451223', NULL, NULL, NULL, NULL, '2022-01-28 06:30:06', '2022-01-28 06:30:06'),
(640, 'Bahri Mulk', 'Father', NULL, '03428927305', NULL, NULL, NULL, NULL, '2022-01-28 13:43:29', '2022-01-28 13:43:29'),
(641, 'Muhammad Rafiq', 'Father', NULL, '346 9693615', NULL, NULL, NULL, NULL, '2022-01-31 09:29:11', '2022-12-26 05:43:03'),
(642, 'Mukaram Khan', 'Father', NULL, '03439606660', NULL, NULL, NULL, NULL, '2022-02-01 12:42:36', '2022-02-01 12:42:36'),
(643, 'MUKARAM KHAN', 'Father', NULL, '03439606660', NULL, NULL, NULL, NULL, '2022-02-01 17:43:55', '2022-02-01 17:43:55'),
(644, 'Adnan Khan', 'Father', NULL, '03469444680', NULL, NULL, NULL, NULL, '2022-02-02 06:03:34', '2022-02-02 06:03:34'),
(645, 'Zafar Ali', 'Father', NULL, '03449890273', NULL, NULL, NULL, NULL, '2022-02-02 17:33:23', '2022-02-02 17:33:23'),
(646, 'SHERAZ KHAN', 'Father', NULL, '03485575563', NULL, NULL, NULL, NULL, '2022-02-02 17:37:30', '2022-02-02 17:37:30'),
(647, 'MUHAMMAD ANWAR', 'Father', NULL, '03485731294', NULL, NULL, NULL, NULL, '2022-02-02 17:41:22', '2022-02-02 17:41:22'),
(648, 'MURAD ALI', 'Father', NULL, '03431981492', NULL, NULL, NULL, NULL, '2022-02-02 17:45:37', '2022-02-02 17:45:37'),
(649, 'JAMAL KHAN', 'Father', NULL, '03469471825', NULL, NULL, NULL, NULL, '2022-02-02 17:49:02', '2022-02-02 17:49:02'),
(650, 'Kishwar Rahman', 'Father', NULL, '03409865801', NULL, NULL, NULL, NULL, '2022-02-02 17:51:15', '2022-02-02 17:51:15'),
(651, 'SYED KAMAL UDDIN', 'Father', NULL, '03405001824', NULL, NULL, NULL, NULL, '2022-02-02 18:05:44', '2022-05-11 07:34:53'),
(652, 'BAHRI MULK', 'Father', NULL, '03428927305', NULL, NULL, NULL, NULL, '2022-02-02 19:30:07', '2022-02-02 19:30:07'),
(653, 'Gohar Ali', 'Father', NULL, '03028042369', NULL, NULL, NULL, NULL, '2022-02-03 06:46:46', '2022-02-03 06:46:46'),
(654, 'Nawab Ali', 'Father', NULL, '03469994817', NULL, NULL, NULL, NULL, '2022-02-03 07:02:19', '2022-02-03 07:02:19'),
(655, 'Khalid Khan', 'Father', NULL, '03106215455', NULL, NULL, NULL, NULL, '2022-02-03 16:35:10', '2022-02-03 16:35:10'),
(656, 'MUHAMMAD NAEEM', 'Father', NULL, '03459452239', NULL, NULL, NULL, NULL, '2022-02-03 16:39:40', '2022-02-03 16:39:40'),
(657, 'Bahir Mulk', 'Father', NULL, '03428927305', NULL, NULL, NULL, NULL, '2022-02-04 04:58:13', '2022-02-04 04:58:13'),
(658, 'FARMAN ALI', 'Father', NULL, '03329209766', NULL, NULL, NULL, NULL, '2022-02-04 07:29:02', '2022-02-04 07:29:02'),
(659, 'NISAR ALI KHAN', 'Father', NULL, '03469403772', NULL, NULL, NULL, NULL, '2022-02-04 07:31:39', '2022-02-04 07:31:39'),
(660, 'NISAR ALI KHAN', 'Father', NULL, '03469403772', NULL, NULL, NULL, NULL, '2022-02-04 07:34:36', '2022-02-04 07:34:36'),
(661, 'MUHAMMAD RAHMAN', 'Father', NULL, '03469459304', NULL, NULL, NULL, NULL, '2022-02-04 07:36:14', '2022-02-04 07:36:14'),
(662, 'MUHAMMAD AMIN', 'Father', NULL, '03441987950', NULL, NULL, NULL, NULL, '2022-02-08 06:09:30', '2022-03-14 05:13:00'),
(663, 'KHALID KHAN', 'Father', NULL, '03463127726', NULL, NULL, NULL, NULL, '2022-02-08 07:08:44', '2022-02-08 07:08:44'),
(664, 'FAZAL RABI', 'Father', NULL, '03448755142', NULL, NULL, NULL, NULL, '2022-02-09 16:32:08', '2022-02-09 16:32:08'),
(665, 'MUHAMMAD RAHMAN', 'Father', NULL, '03479093883', NULL, NULL, NULL, NULL, '2022-02-09 17:02:05', '2022-02-09 17:02:05'),
(666, 'SAJAD', 'Father', NULL, '00000000000', NULL, NULL, NULL, NULL, '2022-02-15 11:44:51', '2022-02-15 11:44:51'),
(667, 'FAYAZ', 'Father', NULL, '03_________', NULL, NULL, NULL, NULL, '2022-02-15 11:47:11', '2022-02-15 11:47:11'),
(668, 'SHAMS-UR-RAHMAN', 'Father', NULL, '03449688400', NULL, NULL, NULL, NULL, '2022-02-15 11:51:19', '2022-02-17 07:33:24'),
(669, 'FAYAZ', 'Father', NULL, '03460088836', NULL, NULL, NULL, NULL, '2022-02-15 11:53:30', '2022-03-08 03:47:57'),
(670, 'SHER AFZAL', 'Father', NULL, '03495911831', NULL, NULL, NULL, NULL, '2022-02-15 11:55:42', '2022-02-27 06:16:14'),
(671, 'MUHAMMAD ZARNOSH', 'Father', NULL, '03441987950', NULL, NULL, NULL, NULL, '2022-02-15 11:59:40', '2022-02-24 08:08:40'),
(672, 'MUHAMMAD AMIN KHAN', 'Father', NULL, '03441987950', NULL, NULL, NULL, NULL, '2022-02-15 12:03:31', '2022-02-24 08:07:33'),
(673, 'SHER AFZAL KHAN', 'Father', NULL, '03441987950', NULL, NULL, NULL, NULL, '2022-02-15 12:06:37', '2022-02-24 08:02:07'),
(674, 'IQBAL KHAN', 'Father', NULL, '03317189045', NULL, NULL, NULL, NULL, '2022-02-15 12:08:34', '2022-02-18 05:17:04'),
(676, 'AKBAR ALI', 'Father', NULL, '03459524867', NULL, NULL, NULL, NULL, '2022-02-15 12:14:15', '2022-02-15 12:14:15'),
(677, 'LATIFUL HAQ', 'Father', NULL, '03420440772', NULL, NULL, NULL, NULL, '2022-02-15 12:16:13', '2022-02-15 12:16:13'),
(678, 'FAZAL QADIM', 'Father', NULL, '03450774742', NULL, NULL, NULL, NULL, '2022-02-15 12:19:15', '2022-02-15 12:19:15'),
(679, 'FAZAL QADIM', 'Father', NULL, '03450774742', NULL, NULL, NULL, NULL, '2022-02-15 12:22:42', '2022-02-15 12:22:42'),
(680, 'FAZAL AHAD', 'Father', NULL, '03450774742', NULL, NULL, NULL, NULL, '2022-02-15 12:25:15', '2022-02-15 12:25:15'),
(681, 'NOOR AHMAD', 'Father', NULL, '03450774742', NULL, NULL, NULL, NULL, '2022-02-15 12:30:19', '2022-02-15 12:30:19'),
(682, 'NOOR AHMAD', 'Father', NULL, '03450774742', NULL, NULL, NULL, NULL, '2022-02-15 12:33:48', '2022-02-15 12:33:48'),
(683, 'MUHAMMAD KARIM', 'Father', NULL, '03450774742', NULL, NULL, NULL, NULL, '2022-02-15 12:37:14', '2022-02-15 12:37:14'),
(684, 'MUHAMMAD KARIM', 'Father', NULL, '03450774742', NULL, NULL, NULL, NULL, '2022-02-15 12:40:01', '2022-02-15 12:40:01'),
(685, 'FAIZUL HAQ', 'Father', NULL, '03460088538', NULL, NULL, NULL, NULL, '2022-02-15 12:42:42', '2022-02-18 05:50:27'),
(686, 'FAIZUL HAQ', 'Father', NULL, '03460088538', NULL, NULL, NULL, NULL, '2022-02-15 12:46:15', '2022-02-25 05:51:18'),
(687, 'ZAKIR ULLAH', 'Father', NULL, '03456079545', NULL, NULL, NULL, NULL, '2022-02-15 12:48:31', '2022-02-15 12:48:31'),
(688, 'RAHMAT ALI', 'Father', NULL, '03454644555', NULL, NULL, NULL, NULL, '2022-02-15 15:29:17', '2022-03-03 07:11:48'),
(689, 'NIAMATULLAH', 'Father', NULL, '00000000000', NULL, NULL, NULL, NULL, '2022-02-15 15:32:04', '2022-02-15 15:32:04'),
(690, 'ABDULLAH', 'Father', NULL, '00000000000', NULL, NULL, NULL, NULL, '2022-02-15 15:37:20', '2022-02-15 15:37:20'),
(691, 'KHURSHID ALI', 'Father', NULL, '03459524867', NULL, NULL, NULL, NULL, '2022-02-15 15:40:25', '2022-02-15 15:40:25'),
(692, 'NISAR KHAN', 'Father', NULL, '03469994817', NULL, NULL, NULL, NULL, '2022-02-16 13:20:25', '2022-02-16 13:20:25'),
(693, 'ISLAM UD DIN', 'Father', NULL, '03479355298', NULL, NULL, NULL, NULL, '2022-02-16 13:45:33', '2022-02-16 13:45:33'),
(694, 'SHER MUHAMMAD', 'Father', NULL, '03459494918', NULL, NULL, NULL, NULL, '2022-02-16 15:28:48', '2022-02-16 15:28:48'),
(695, 'MOHAMMAD ALI', 'Father', NULL, '03400620351', NULL, NULL, NULL, NULL, '2022-02-18 05:41:33', '2022-02-18 05:41:33'),
(696, 'KHAN MUHAMMAD', 'Father', NULL, '03475130338', NULL, NULL, NULL, NULL, '2022-02-18 05:51:39', '2022-02-18 05:51:39'),
(697, 'Rehmatullah', 'Father', NULL, '343 3752300', NULL, NULL, NULL, NULL, '2022-02-18 10:30:03', '2022-12-08 08:17:52'),
(698, 'BAHADAR KHAN', 'Father', NULL, '03439237011', NULL, NULL, NULL, NULL, '2022-02-23 17:23:11', '2022-02-23 17:23:11'),
(699, 'ALI MUHAMMAD', 'Father', NULL, '03485398700', NULL, NULL, NULL, NULL, '2022-03-01 06:04:16', '2022-03-01 06:04:16'),
(700, 'RAHIM KHAN', 'Father', NULL, '03449521371', NULL, NULL, NULL, NULL, '2022-03-01 08:02:17', '2022-03-01 08:02:17'),
(701, 'MUHAMMAD RAHMAN', 'Father', NULL, '03459525312', NULL, NULL, NULL, NULL, '2022-03-03 04:16:17', '2022-03-03 04:16:17'),
(702, 'ABDUL WAHID', 'Father', NULL, '03028045060', NULL, NULL, NULL, NULL, '2022-03-03 08:16:53', '2022-03-03 08:16:53'),
(703, 'HAZRAT YOUSAF', 'Father', NULL, '03456410484', NULL, NULL, NULL, NULL, '2022-03-05 07:41:08', '2022-03-05 07:41:08'),
(704, 'KHAISTA RAHMAN', 'Father', NULL, '03463094123', NULL, NULL, NULL, NULL, '2022-03-07 07:11:35', '2022-03-07 07:11:35'),
(705, 'KHAISTA RAHMAN', 'Father', NULL, '03463094123', NULL, NULL, NULL, NULL, '2022-03-07 07:15:04', '2022-03-07 07:15:04'),
(706, 'MIAN DAWOOD', 'Father', NULL, '03459899211', NULL, NULL, NULL, NULL, '2022-03-11 04:09:30', '2022-03-11 05:17:38'),
(707, 'MIAN SYED USMAN', 'Father', 'SHOPKEEPER', '03444334913', NULL, NULL, NULL, NULL, '2022-03-12 04:09:32', '2022-03-12 04:09:32'),
(708, 'SAIF UN NABI', 'Father', NULL, '03453966770', NULL, NULL, NULL, NULL, '2022-03-12 07:38:00', '2022-03-12 07:40:02'),
(709, 'GHULAM RASOOL', 'Father', NULL, '03489062930', NULL, NULL, NULL, NULL, '2022-03-14 04:07:17', '2022-03-14 04:07:17'),
(710, 'IRFAN ULLAH', 'Father', NULL, '03468022504', NULL, NULL, NULL, NULL, '2022-03-14 08:08:58', '2022-03-14 08:08:58'),
(711, 'IRFAN ULLAH', 'Father', NULL, '00346802250', NULL, NULL, NULL, NULL, '2022-03-14 08:22:14', '2022-03-14 08:22:14'),
(712, 'MUHAMMAD RAHMAN', 'Father', NULL, '03415191850', NULL, NULL, NULL, NULL, '2022-03-16 03:49:16', '2022-03-16 03:49:16'),
(713, 'BAKHT MUNIR', 'Father', NULL, '03451125044', NULL, NULL, NULL, NULL, '2022-03-16 07:49:14', '2022-03-16 07:49:14'),
(714, 'BAKHT MUNIR', 'Father', NULL, '03451125044', NULL, NULL, NULL, NULL, '2022-03-16 07:52:43', '2022-03-16 07:52:43'),
(715, 'BAKHT MUNIR', 'Father', NULL, '03451125044', NULL, NULL, NULL, NULL, '2022-03-16 08:02:55', '2022-03-16 08:02:55'),
(716, 'BAKHT MUNIR', 'Father', NULL, '03451125044', NULL, NULL, NULL, NULL, '2022-03-16 08:14:42', '2022-03-16 08:14:42'),
(717, 'REHMATULLAH', 'Father', NULL, '03433752300', NULL, NULL, NULL, NULL, '2022-03-24 03:30:37', '2022-03-24 03:30:37'),
(718, 'INAM ALI KHAN', 'Father', NULL, '03458102414', NULL, NULL, NULL, NULL, '2022-03-26 05:47:35', '2022-03-26 05:47:35'),
(719, 'ABU ZAR KHAN', 'Father', NULL, '03466235803', NULL, NULL, NULL, NULL, '2022-04-05 07:40:08', '2022-04-05 07:40:08'),
(720, 'HAZRAT ALI KHAN', 'Father', NULL, '03_________', NULL, NULL, NULL, NULL, '2022-04-07 03:56:32', '2022-04-07 03:56:32'),
(721, 'BAKHT JAMAL', 'Father', NULL, '03469551573', NULL, NULL, NULL, NULL, '2022-04-16 04:41:34', '2022-04-16 04:41:34'),
(722, 'ABDUR RAHMAN', 'Father', NULL, '03469411204', NULL, NULL, NULL, NULL, '2022-04-18 05:38:09', '2022-04-18 05:38:09'),
(723, 'ASGHAR ALI', 'Father', NULL, '03_________', NULL, NULL, NULL, NULL, '2022-04-23 05:56:49', '2022-04-23 05:56:49'),
(724, 'SAJJAD', 'Father', NULL, '03_________', NULL, NULL, NULL, NULL, '2022-04-23 06:00:44', '2022-04-23 06:00:44'),
(725, 'AKBAR ALI', 'Father', NULL, '03_________', NULL, NULL, NULL, NULL, '2022-04-23 06:03:07', '2022-04-23 06:03:07'),
(726, 'AKBAR ALI', 'Father', NULL, '03_________', NULL, NULL, NULL, NULL, '2022-04-23 06:04:49', '2022-04-23 06:04:49'),
(727, 'SAIF UR RAHMAN', 'Father', NULL, '344 9880098', NULL, NULL, NULL, NULL, '2022-04-26 05:17:47', '2022-12-26 05:43:33'),
(728, 'SAIF UR RAHMAN', 'Father', NULL, '344 9880098', NULL, NULL, NULL, NULL, '2022-04-26 05:23:32', '2022-12-26 06:17:09'),
(729, 'MIAN RAHIM SHAH', 'Father', NULL, '00000000000', NULL, NULL, NULL, NULL, '2022-05-11 05:22:36', '2022-05-11 05:22:36'),
(730, 'BADSHAH ZADA', 'Father', NULL, '03028539144', NULL, NULL, NULL, NULL, '2022-05-13 03:15:37', '2022-05-13 03:15:37'),
(731, 'ABID ULLAH', 'Father', NULL, '03453535845', NULL, NULL, NULL, NULL, '2022-05-14 05:54:59', '2022-05-17 07:00:49'),
(732, 'FAZAL WAHID', 'Father', NULL, '03439484806', NULL, NULL, NULL, NULL, '2022-05-16 07:05:57', '2022-05-16 07:05:57'),
(733, 'BABAR SHAH', 'Father', NULL, '03459536063', NULL, NULL, NULL, NULL, '2022-05-16 07:10:33', '2022-05-16 07:10:33'),
(734, 'KHANADAN', 'Father', NULL, '00343367813', NULL, NULL, NULL, NULL, '2022-05-16 07:34:26', '2022-05-16 07:34:26'),
(735, 'KARIMULLAH', 'Father', NULL, '03000000000', NULL, NULL, NULL, NULL, '2022-05-18 03:44:52', '2022-05-18 03:44:52'),
(736, 'GHULAM RASOOL', 'Father', NULL, '03449815283', NULL, NULL, NULL, NULL, '2022-05-23 07:43:12', '2022-05-23 07:43:12'),
(737, 'AZADAY KHAN', 'Father', NULL, '03469488253', NULL, NULL, NULL, NULL, '2022-06-17 04:29:01', '2022-06-17 04:29:01'),
(738, 'IRSHAD KHAN', 'Father', NULL, '346 5592938', NULL, NULL, NULL, NULL, '2022-08-01 03:21:18', '2023-01-05 06:35:35'),
(739, 'UMAR ALI', 'Father', NULL, '03454154828', NULL, NULL, NULL, NULL, '2022-08-03 02:32:48', '2022-08-03 02:32:48'),
(740, 'IHSAN ULLAH', 'Father', NULL, '302 9052850', NULL, NULL, NULL, NULL, '2022-08-30 07:34:14', '2022-12-26 06:09:01'),
(741, 'BADSHAH WAS KHAN', 'Father', NULL, '03439490643', NULL, NULL, NULL, NULL, '2022-09-01 05:49:16', '2022-09-01 05:49:16'),
(742, 'BAKHT KARAM', 'Father', NULL, '348 1225920', NULL, NULL, NULL, NULL, '2022-09-03 06:05:01', '2022-12-29 03:36:47'),
(743, 'NAEEM KHAN', 'Father', NULL, '03_________', NULL, NULL, NULL, NULL, '2022-09-06 03:32:11', '2022-09-06 03:32:11'),
(744, 'ABDUL AZIZ', 'Father', NULL, '03446713450', NULL, NULL, NULL, NULL, '2022-09-13 07:00:59', '2022-09-13 07:00:59'),
(745, 'AKBAR MUHAMMAD', 'Father', NULL, '03472813716', NULL, NULL, NULL, NULL, '2022-09-28 13:49:28', '2022-09-28 13:49:28'),
(746, 'ZEWAR SHAH', 'Father', 'Oversees', '03459237891', NULL, NULL, NULL, NULL, '2022-10-03 06:53:49', '2022-10-03 07:31:00'),
(747, 'SHERIN BASHAR', 'Father', NULL, '03180995984', NULL, NULL, NULL, NULL, '2022-10-03 07:05:29', '2022-10-03 07:05:29'),
(748, 'ALI KHAN', 'Father', NULL, '03435562134', NULL, NULL, NULL, NULL, '2022-10-03 07:10:01', '2022-10-03 07:10:01'),
(749, 'ADALAT KHAN', 'Father', NULL, '03449800144', NULL, NULL, NULL, NULL, '2022-10-03 07:20:45', '2022-10-03 07:20:45'),
(750, 'SARDAR MULK', 'Father', NULL, '03439392015', NULL, NULL, NULL, NULL, '2022-10-03 07:26:44', '2022-10-03 07:26:44'),
(751, 'RASHID ALI', 'Father', NULL, '03489638525', NULL, NULL, NULL, NULL, '2022-10-03 07:36:10', '2022-10-03 07:36:10'),
(752, 'MANAWAR KHAN', 'Father', NULL, '03139074210', NULL, NULL, NULL, NULL, '2022-10-03 07:41:27', '2022-10-03 07:41:27'),
(753, 'FAZAL AHAD', 'Father', NULL, '00000000000', NULL, NULL, NULL, NULL, '2022-10-08 05:38:11', '2022-10-08 05:38:11'),
(754, 'SAHIB ZADA', 'Father', 'farmer', '03149312149', NULL, NULL, NULL, NULL, '2022-10-17 08:07:08', '2022-10-17 08:07:08'),
(755, 'AJAB KHAN', 'Father', NULL, '00000000000', NULL, NULL, NULL, NULL, '2022-10-21 06:02:02', '2022-10-21 06:02:02'),
(756, 'BARKAT SHAH', 'Father', NULL, '00000000000', NULL, NULL, NULL, NULL, '2022-11-01 04:47:03', '2022-11-01 04:47:03'),
(757, 'ZAKIR ULLAH', 'Father', NULL, '03484848105', NULL, NULL, NULL, NULL, '2022-11-03 04:26:32', '2022-11-03 04:26:32'),
(758, 'ZBARG', 'Father', NULL, '00000000000', NULL, NULL, NULL, NULL, '2022-11-10 07:10:28', '2022-11-10 07:10:28'),
(759, 'MIAN SYED HASAN', 'Father', NULL, '00000000000', NULL, NULL, NULL, NULL, '2022-11-16 03:44:37', '2022-11-16 03:44:37'),
(760, 'AKBAR HUSSAIN', 'Father', NULL, '00000000000', NULL, NULL, NULL, NULL, '2022-11-16 04:17:59', '2022-11-16 04:17:59'),
(761, 'JEHAN SHER', 'Father', NULL, '03139476001', NULL, NULL, NULL, NULL, '2022-11-28 05:24:26', '2022-11-28 05:24:26'),
(762, 'AKHUN ZADA', 'Father', NULL, '346 7714142', NULL, NULL, NULL, NULL, '2022-12-17 05:40:40', '2022-12-17 05:41:19'),
(763, 'MALAK ADNAN', 'Father', NULL, '347 8047955', NULL, NULL, NULL, NULL, '2023-01-02 04:53:05', '2023-01-02 06:51:41'),
(764, 'USMAN ALI', 'Father', NULL, '3425570390', NULL, NULL, NULL, NULL, '2023-01-03 04:23:45', '2023-01-03 04:23:45'),
(765, 'ALAM KHAN', 'Father', NULL, '3415476148', NULL, NULL, NULL, NULL, '2023-01-03 06:47:21', '2023-01-03 06:47:21'),
(766, 'ASADULLAH', 'Father', NULL, '3463015520', NULL, NULL, NULL, NULL, '2023-01-04 06:05:36', '2023-01-04 06:05:36'),
(767, 'IKRAM', 'Father', NULL, '3439384313', NULL, NULL, NULL, NULL, '2023-01-05 03:34:50', '2023-01-05 03:34:50'),
(768, 'KHURSHED KHAN', 'Father', NULL, '3443098822', NULL, NULL, NULL, NULL, '2023-01-05 05:44:31', '2023-01-05 05:44:31'),
(769, 'ADNAN KHAN', 'Father', NULL, '3469444680', NULL, NULL, NULL, NULL, '2023-01-05 07:25:48', '2023-01-05 07:25:48'),
(770, 'NASAR', 'Father', NULL, '3028042369', NULL, NULL, NULL, NULL, '2023-01-05 08:02:45', '2023-01-05 08:02:45'),
(771, 'GOHAR ALI', 'Father', NULL, '3028042369', NULL, NULL, NULL, NULL, '2023-01-05 08:04:07', '2023-01-05 08:04:07'),
(772, 'MUHAMMAD ISRAR ULLAH', 'Father', NULL, '3449630065', NULL, NULL, NULL, NULL, '2023-01-07 06:17:30', '2023-01-07 06:17:30');

-- --------------------------------------------------------

--
-- Table structure for table `hrm_allowances`
--

CREATE TABLE `hrm_allowances` (
  `id` int(10) UNSIGNED NOT NULL,
  `allowance` varchar(60) COLLATE utf8mb4_unicode_ci NOT NULL,
  `created_by` int(10) UNSIGNED NOT NULL,
  `deleted_at` timestamp NULL DEFAULT NULL,
  `created_at` timestamp NULL DEFAULT NULL,
  `updated_at` timestamp NULL DEFAULT NULL
) ENGINE=InnoDB DEFAULT CHARSET=utf8mb4 COLLATE=utf8mb4_unicode_ci;

--
-- Dumping data for table `hrm_allowances`
--

INSERT INTO `hrm_allowances` (`id`, `allowance`, `created_by`, `deleted_at`, `created_at`, `updated_at`) VALUES
(1, 'Allowance', 1, NULL, '2022-03-02 06:40:55', '2022-03-02 06:40:55');

-- --------------------------------------------------------

--
-- Table structure for table `hrm_allowance_transaction_lines`
--

CREATE TABLE `hrm_allowance_transaction_lines` (
  `id` int(10) UNSIGNED NOT NULL,
  `hrm_transaction_id` int(10) UNSIGNED NOT NULL,
  `is_enabled` tinyint(1) NOT NULL DEFAULT 0,
  `divider` int(11) NOT NULL DEFAULT 0,
  `allowance_id` int(10) UNSIGNED NOT NULL,
  `amount` decimal(22,4) NOT NULL DEFAULT 0.0000,
  `created_at` timestamp NULL DEFAULT NULL,
  `updated_at` timestamp NULL DEFAULT NULL
) ENGINE=InnoDB DEFAULT CHARSET=utf8mb4 COLLATE=utf8mb4_unicode_ci;

--
-- Dumping data for table `hrm_allowance_transaction_lines`
--

INSERT INTO `hrm_allowance_transaction_lines` (`id`, `hrm_transaction_id`, `is_enabled`, `divider`, `allowance_id`, `amount`, `created_at`, `updated_at`) VALUES
(1, 1, 1, 0, 1, '1430.0000', '2022-03-02 07:58:41', '2022-03-02 07:58:41'),
(2, 4, 1, 0, 1, '900.0000', '2022-03-02 07:59:21', '2022-03-02 07:59:21'),
(3, 6, 1, 0, 1, '480.0000', '2022-03-02 08:00:06', '2022-03-02 08:00:06'),
(4, 12, 1, 0, 1, '660.0000', '2022-03-02 08:00:37', '2022-03-02 08:00:37'),
(5, 13, 1, 0, 1, '1400.0000', '2022-03-02 08:01:19', '2022-03-02 08:01:19'),
(6, 15, 1, 0, 1, '1400.0000', '2022-03-02 08:01:42', '2022-03-02 08:01:42'),
(7, 17, 1, 0, 1, '1330.0000', '2022-03-02 08:02:31', '2022-03-02 08:02:31'),
(8, 18, 1, 0, 1, '1130.0000', '2022-03-02 08:03:02', '2022-03-02 08:03:02'),
(9, 19, 1, 0, 1, '1030.0000', '2022-03-02 08:03:33', '2022-03-02 08:03:33'),
(10, 20, 1, 0, 1, '510.0000', '2022-03-02 08:04:17', '2022-03-02 08:04:17'),
(11, 25, 1, 0, 1, '730.0000', '2022-03-02 08:04:42', '2022-03-02 08:04:42'),
(12, 26, 1, 0, 1, '1330.0000', '2022-03-02 08:05:02', '2022-03-02 08:05:02'),
(13, 27, 1, 0, 1, '900.0000', '2022-03-02 08:05:25', '2022-03-02 08:05:25'),
(14, 31, 1, 0, 1, '1030.0000', '2022-03-02 08:05:52', '2022-03-02 08:05:52'),
(15, 33, 1, 0, 1, '1200.0000', '2022-03-02 08:06:22', '2022-03-02 08:06:22'),
(16, 35, 1, 0, 1, '500.0000', '2022-03-02 08:06:44', '2022-03-02 08:06:44'),
(17, 36, 1, 0, 1, '860.0000', '2022-03-02 08:07:12', '2022-03-02 08:07:12'),
(18, 37, 1, 0, 1, '660.0000', '2022-03-02 08:07:54', '2022-03-02 08:07:54'),
(19, 40, 1, 0, 1, '500.0000', '2022-03-02 08:09:14', '2022-03-02 08:09:14'),
(20, 47, 1, 2, 1, '1433.3300', '2022-04-01 06:35:36', '2022-04-01 06:35:36'),
(21, 50, 1, 2, 1, '900.0000', '2022-04-01 06:45:16', '2022-04-01 06:45:16'),
(22, 52, 1, 2, 1, '966.6700', '2022-04-01 06:46:20', '2022-04-01 06:46:20'),
(23, 53, 1, 2, 1, '1533.3300', '2022-04-01 06:48:51', '2022-04-01 06:48:51'),
(24, 57, 1, 2, 1, '1333.3300', '2022-04-01 06:49:22', '2022-04-01 06:49:22'),
(25, 58, 1, 2, 1, '1400.0000', '2022-04-01 06:50:18', '2022-04-01 06:50:18'),
(26, 60, 1, 2, 1, '1400.0000', '2022-04-01 06:50:59', '2022-04-01 06:50:59'),
(27, 61, 1, 1, 1, '533.3300', '2022-04-01 06:52:50', '2022-04-01 06:52:50'),
(28, 62, 1, 1, 1, '666.6700', '2022-04-01 06:54:33', '2022-04-01 06:54:33'),
(29, 63, 1, 2, 1, '1133.3300', '2022-04-01 06:55:04', '2022-04-01 06:55:04'),
(30, 64, 1, 2, 1, '1033.3300', '2022-04-01 06:55:42', '2022-04-01 06:55:42'),
(31, 65, 1, 2, 1, '1033.3300', '2022-04-01 06:56:13', '2022-04-01 06:56:13'),
(32, 70, 1, 1, 1, '733.3300', '2022-04-01 06:56:47', '2022-04-01 06:56:47'),
(33, 71, 1, 2, 1, '1333.3300', '2022-04-01 06:57:21', '2022-04-01 06:57:21'),
(34, 72, 1, 1, 1, '450.0000', '2022-04-01 06:57:50', '2022-04-01 06:57:50'),
(35, 75, 1, 2, 1, '1033.3300', '2022-04-01 06:58:23', '2022-04-01 06:58:23'),
(36, 76, 1, 2, 1, '1433.3300', '2022-04-01 06:59:00', '2022-04-01 06:59:00'),
(37, 77, 1, 2, 1, '1200.0000', '2022-04-01 06:59:24', '2022-04-01 06:59:24'),
(38, 78, 1, 2, 1, '1000.0000', '2022-04-01 06:59:53', '2022-04-01 06:59:53'),
(39, 79, 1, 2, 1, '866.6700', '2022-04-01 07:00:22', '2022-04-01 07:00:22'),
(40, 80, 1, 2, 1, '1333.3300', '2022-04-01 07:01:14', '2022-04-01 07:01:14'),
(41, 81, 1, 2, 1, '1266.6700', '2022-04-01 07:01:46', '2022-04-01 07:01:46'),
(42, 82, 1, 2, 1, '1200.0000', '2022-04-01 07:02:11', '2022-04-01 07:02:11'),
(43, 83, 1, 2, 1, '1000.0000', '2022-04-01 07:02:45', '2022-04-01 07:02:45'),
(44, 85, 1, 1, 1, '466.6700', '2022-04-01 07:03:51', '2022-04-01 07:03:51'),
(45, 86, 1, 2, 1, '1433.3300', '2022-05-09 03:19:59', '2022-05-09 03:19:59'),
(46, 89, 1, 2, 1, '900.0000', '2022-05-09 03:22:40', '2022-05-09 03:22:40'),
(47, 91, 1, 1, 1, '483.3300', '2022-05-09 03:34:45', '2022-05-09 03:34:45'),
(48, 92, 1, 2, 1, '1533.3300', '2022-05-09 03:36:43', '2022-05-09 03:36:43'),
(49, 96, 1, 1, 1, '666.6700', '2022-05-09 04:11:54', '2022-05-09 04:11:54'),
(50, 96, 1, 1, 1, '666.6700', '2022-05-09 04:12:09', '2022-05-09 04:12:09'),
(51, 97, 1, 2, 1, '1400.0000', '2022-05-09 04:12:54', '2022-05-09 04:12:54'),
(52, 99, 1, 2, 1, '1400.0000', '2022-05-09 04:13:31', '2022-05-09 04:13:31'),
(53, 101, 1, 2, 1, '1333.3300', '2022-05-09 04:19:04', '2022-05-09 04:19:04'),
(54, 102, 1, 2, 1, '1133.3300', '2022-05-09 04:20:08', '2022-05-09 04:20:08'),
(55, 103, 1, 2, 1, '1033.3300', '2022-05-09 04:22:44', '2022-05-09 04:22:44'),
(56, 104, 1, 2, 1, '1033.3300', '2022-05-09 04:23:38', '2022-05-09 04:23:38'),
(57, 109, 1, 2, 1, '1466.6700', '2022-05-09 04:24:10', '2022-05-09 04:24:10'),
(58, 110, 1, 2, 1, '1333.3300', '2022-05-09 04:24:38', '2022-05-09 04:24:38'),
(59, 111, 1, 1, 1, '450.0000', '2022-05-09 04:25:03', '2022-05-09 04:25:03'),
(60, 115, 1, 2, 1, '1033.3300', '2022-05-09 04:26:09', '2022-05-09 04:26:09'),
(61, 116, 1, 2, 1, '1433.3300', '2022-05-09 04:26:42', '2022-05-09 04:26:42'),
(62, 117, 1, 1, 1, '600.0000', '2022-05-09 04:28:10', '2022-05-09 04:28:10'),
(63, 119, 1, 2, 1, '866.6700', '2022-05-09 04:29:31', '2022-05-09 04:29:31'),
(64, 121, 1, 1, 1, '633.3300', '2022-05-09 04:30:44', '2022-05-09 04:30:44'),
(65, 122, 1, 2, 1, '1200.0000', '2022-05-09 04:31:18', '2022-05-09 04:31:18'),
(66, 123, 1, 2, 1, '1000.0000', '2022-05-09 04:31:39', '2022-05-09 04:31:39'),
(67, 124, 1, 2, 1, '933.3300', '2022-05-09 04:32:07', '2022-05-09 04:32:07'),
(68, 125, 1, 1, 1, '716.6700', '2022-05-31 06:44:52', '2022-06-01 06:10:14'),
(71, 135, 1, 1, 1, '666.6700', '2022-05-31 06:48:49', '2022-06-01 06:33:13'),
(72, 136, 1, 1, 1, '700.0000', '2022-05-31 06:49:09', '2022-06-01 06:14:55'),
(73, 138, 1, 1, 1, '700.0000', '2022-05-31 06:49:27', '2022-06-01 06:15:42'),
(75, 140, 1, 1, 1, '666.6700', '2022-05-31 06:50:05', '2022-06-01 06:16:33'),
(76, 141, 1, 1, 1, '566.6700', '2022-05-31 06:50:25', '2022-06-01 06:16:54'),
(77, 142, 1, 0, 1, '0.0000', '2022-05-31 06:50:43', '2022-06-01 06:17:30'),
(78, 143, 1, 0, 1, '0.0000', '2022-05-31 06:51:02', '2022-06-01 06:18:00'),
(79, 148, 1, 1, 1, '733.3300', '2022-05-31 06:51:19', '2022-06-01 06:18:37'),
(80, 149, 1, 1, 1, '666.6700', '2022-05-31 06:51:38', '2022-06-01 06:19:23'),
(81, 150, 1, 0, 1, '0.0000', '2022-05-31 06:51:57', '2022-06-01 06:19:47'),
(82, 154, 1, 0, 1, '0.0000', '2022-05-31 06:52:19', '2022-06-01 06:20:19'),
(83, 155, 1, 0, 1, '0.0000', '2022-05-31 06:52:37', '2022-06-01 06:20:42'),
(84, 158, 1, 0, 1, '0.0000', '2022-05-31 06:53:48', '2022-06-01 06:22:59'),
(85, 160, 1, 0, 1, '0.0000', '2022-05-31 06:54:10', '2022-06-01 06:23:31'),
(86, 161, 1, 1, 1, '600.0000', '2022-05-31 06:56:38', '2022-06-01 06:24:02'),
(87, 162, 1, 0, 1, '0.0000', '2022-05-31 06:57:34', '2022-06-01 06:24:25'),
(88, 163, 1, 0, 1, '0.0000', '2022-05-31 06:57:52', '2022-06-01 06:24:52'),
(89, 156, 1, 1, 1, '600.0000', '2022-06-01 06:22:36', '2022-06-01 06:22:36'),
(90, 165, 1, 1, 1, '783.3300', '2022-06-01 06:31:03', '2022-06-01 06:31:03'),
(91, 130, 1, 0, 1, '0.0000', '2022-06-02 04:03:30', '2022-06-02 04:04:24'),
(92, 167, 1, 2, 1, '1433.3300', '2022-07-01 03:06:03', '2022-07-01 03:06:03'),
(93, 171, 1, 1, 1, '450.0000', '2022-07-01 03:07:30', '2022-07-01 03:07:30'),
(94, 173, 1, 1, 1, '500.0000', '2022-07-01 03:08:14', '2022-07-01 05:33:20'),
(96, 181, 1, 1, 1, '700.0000', '2022-07-01 03:10:41', '2022-07-01 03:10:41'),
(97, 183, 1, 1, 1, '666.6700', '2022-07-01 03:11:19', '2022-07-01 03:11:19'),
(98, 184, 1, 1, 1, '566.6700', '2022-07-01 03:11:40', '2022-07-01 05:15:31'),
(99, 185, 1, 1, 1, '516.6700', '2022-07-01 03:12:03', '2022-07-01 05:11:40'),
(103, 200, 1, 1, 1, '500.0000', '2022-07-01 03:25:41', '2022-07-01 03:25:41'),
(104, 201, 1, 1, 1, '433.3300', '2022-07-01 03:27:16', '2022-07-04 07:43:48'),
(106, 204, 1, 1, 1, '600.0000', '2022-07-01 03:28:41', '2022-07-01 03:28:41'),
(107, 205, 1, 1, 1, '500.0000', '2022-07-01 03:29:11', '2022-07-01 05:16:46'),
(108, 206, 1, 2, 1, '933.3300', '2022-07-01 03:29:35', '2022-07-01 03:29:35'),
(109, 202, 1, 2, 1, '1333.3300', '2022-07-04 07:15:37', '2022-07-04 07:15:37'),
(110, 203, 1, 1, 1, '633.3300', '2022-07-04 07:28:29', '2022-07-04 07:31:45'),
(111, 220, 1, 1, 1, '700.0000', '2022-08-01 04:58:56', '2022-08-01 04:58:56'),
(112, 247, 1, 2, 1, '1433.3300', '2022-08-31 05:38:58', '2022-08-31 05:38:58'),
(113, 251, 1, 2, 1, '900.0000', '2022-08-31 05:39:50', '2022-08-31 05:39:50'),
(114, 253, 1, 2, 1, '1000.0000', '2022-08-31 05:40:24', '2022-09-01 08:15:20'),
(115, 254, 1, 2, 1, '1566.6700', '2022-08-31 05:41:00', '2022-08-31 05:41:00'),
(116, 258, 1, 2, 1, '1333.3300', '2022-08-31 05:41:22', '2022-09-02 02:47:56'),
(117, 259, 1, 2, 1, '1400.0000', '2022-08-31 05:41:44', '2022-08-31 05:41:44'),
(118, 260, 1, 2, 1, '1400.0000', '2022-08-31 05:42:05', '2022-09-02 02:48:31'),
(119, 261, 1, 2, 1, '1066.6700', '2022-08-31 05:42:27', '2022-09-02 02:49:01'),
(120, 262, 1, 2, 1, '1333.3300', '2022-08-31 05:42:50', '2022-09-02 02:49:28'),
(121, 263, 1, 1, 1, '566.6700', '2022-08-31 05:46:09', '2022-08-31 05:46:09'),
(122, 264, 1, 2, 1, '1033.3300', '2022-08-31 05:46:58', '2022-08-31 05:46:58'),
(123, 270, 1, 2, 1, '1466.6700', '2022-08-31 05:47:17', '2022-09-02 02:50:17'),
(124, 271, 1, 1, 1, '666.6700', '2022-08-31 05:47:44', '2022-08-31 05:47:44'),
(125, 272, 1, 1, 1, '450.0000', '2022-08-31 05:48:11', '2022-09-02 03:05:44'),
(126, 276, 1, 2, 1, '1033.3300', '2022-08-31 05:48:32', '2022-09-02 02:54:12'),
(127, 279, 1, 1, 1, '500.0000', '2022-08-31 05:50:27', '2022-08-31 05:50:27'),
(128, 280, 1, 2, 1, '866.6700', '2022-08-31 05:52:04', '2022-09-02 02:55:10'),
(129, 281, 1, 2, 1, '1333.3300', '2022-08-31 05:52:45', '2022-08-31 05:52:45'),
(130, 283, 1, 2, 1, '1200.0000', '2022-08-31 05:54:01', '2022-08-31 05:54:01'),
(131, 286, 1, 2, 1, '1433.3300', '2022-09-24 06:35:59', '2022-09-24 06:35:59'),
(132, 298, 1, 2, 1, '1400.0000', '2022-10-01 04:19:27', '2022-10-01 04:19:27'),
(133, 292, 1, 2, 1, '1000.0000', '2022-10-01 04:20:53', '2022-10-01 04:20:53'),
(134, 293, 1, 3, 1, '2350.0000', '2022-10-01 04:22:51', '2022-10-01 04:22:51'),
(135, 297, 1, 1, 1, '666.6700', '2022-10-01 04:23:45', '2022-10-01 04:23:45'),
(136, 299, 1, 2, 1, '1400.0000', '2022-10-01 04:24:44', '2022-10-01 04:24:44'),
(137, 301, 1, 2, 1, '1333.3300', '2022-10-01 04:25:40', '2022-10-01 04:25:40'),
(138, 302, 1, 2, 1, '1133.3300', '2022-10-01 04:26:05', '2022-10-01 04:26:05'),
(139, 303, 1, 2, 1, '1033.3300', '2022-10-01 04:26:27', '2022-10-01 04:26:27'),
(140, 304, 1, 2, 1, '1033.3300', '2022-10-01 04:37:54', '2022-10-01 04:37:54'),
(141, 309, 1, 2, 1, '1466.6700', '2022-10-01 04:40:53', '2022-10-01 04:40:53'),
(142, 310, 1, 2, 1, '1333.3300', '2022-10-01 04:42:36', '2022-10-01 04:42:36'),
(143, 311, 1, 1, 1, '450.0000', '2022-10-01 04:43:02', '2022-10-01 04:43:02'),
(144, 319, 1, 2, 1, '866.6700', '2022-10-01 04:44:39', '2022-10-01 04:44:39'),
(145, 320, 1, 2, 1, '1333.3300', '2022-10-01 04:45:10', '2022-10-01 04:45:10'),
(146, 321, 1, 3, 1, '2000.0000', '2022-10-01 04:46:42', '2022-10-06 07:35:19'),
(147, 323, 1, 2, 1, '1000.0000', '2022-10-01 04:47:38', '2022-10-01 04:47:38'),
(148, 324, 1, 2, 1, '933.3300', '2022-10-01 04:48:12', '2022-10-01 04:48:12'),
(149, 290, 1, 2, 1, '900.0000', '2022-10-04 07:45:47', '2022-10-04 07:45:47'),
(150, 333, 1, 2, 1, '1000.0000', '2022-11-01 04:23:31', '2022-11-01 04:23:31'),
(151, 327, 1, 2, 1, '1433.3300', '2022-11-01 04:26:17', '2022-11-01 04:26:17'),
(152, 331, 1, 2, 1, '900.0000', '2022-11-01 05:01:49', '2022-11-01 05:01:49'),
(153, 338, 1, 2, 1, '1400.0000', '2022-11-01 05:02:57', '2022-11-01 05:02:57'),
(154, 339, 1, 2, 1, '1400.0000', '2022-11-01 05:03:32', '2022-11-01 05:03:32'),
(155, 340, 1, 1, 1, '533.3300', '2022-11-01 05:04:08', '2022-11-01 05:04:08'),
(156, 340, 1, 1, 1, '533.3300', '2022-11-01 05:04:24', '2022-11-01 05:04:24'),
(157, 341, 1, 2, 1, '1333.3300', '2022-11-01 05:05:22', '2022-11-01 05:05:22'),
(158, 342, 1, 2, 1, '1133.3300', '2022-11-01 05:06:10', '2022-11-01 05:06:10'),
(159, 344, 1, 2, 1, '1033.3300', '2022-11-01 05:06:52', '2022-11-01 05:06:52'),
(160, 349, 1, 2, 1, '1466.6700', '2022-11-01 05:08:09', '2022-11-01 05:08:09'),
(161, 350, 1, 2, 1, '1333.3300', '2022-11-01 05:09:00', '2022-11-01 05:09:00'),
(162, 351, 1, 1, 1, '450.0000', '2022-11-01 05:11:30', '2022-11-01 05:11:30'),
(163, 356, 1, 2, 1, '866.6700', '2022-11-01 05:13:04', '2022-11-01 05:13:04'),
(164, 357, 1, 2, 1, '1333.3300', '2022-11-01 05:13:44', '2022-11-01 05:13:44'),
(165, 360, 1, 2, 1, '1000.0000', '2022-11-01 05:15:07', '2022-11-01 05:15:07'),
(166, 361, 1, 2, 1, '933.3300', '2022-11-01 05:15:29', '2022-11-01 05:15:29'),
(167, 362, 1, 1, 1, '533.3300', '2022-11-01 05:16:02', '2022-11-01 05:16:02'),
(168, 364, 1, 1, 1, '533.3300', '2022-11-01 05:17:30', '2022-11-01 05:17:30'),
(169, 359, 1, 2, 1, '1266.6700', '2022-11-05 04:33:25', '2022-11-05 04:33:25'),
(170, 366, 1, 2, 1, '1433.3300', '2022-11-29 03:23:00', '2022-11-29 03:23:00'),
(171, 372, 1, 2, 1, '1000.0000', '2022-11-30 06:52:57', '2022-12-03 03:07:50'),
(172, 382, 1, 1, 1, '516.6700', '2022-11-30 06:54:54', '2022-11-30 06:54:54'),
(173, 400, 1, 1, 1, '466.6700', '2022-11-30 06:55:45', '2022-11-30 06:55:45'),
(174, 403, 1, 1, 1, '533.3300', '2022-11-30 06:57:11', '2022-11-30 06:57:11'),
(175, 390, 1, 1, 1, '450.0000', '2022-11-30 06:58:11', '2022-11-30 06:58:11'),
(176, 399, 1, 1, 1, '500.0000', '2022-11-30 06:59:29', '2022-11-30 06:59:29'),
(177, 388, 1, 1, 1, '733.3300', '2022-11-30 07:00:38', '2022-11-30 07:00:38'),
(178, 376, 1, 2, 1, '1333.3300', '2022-11-30 07:01:56', '2022-11-30 07:01:56'),
(179, 377, 1, 2, 1, '1400.0000', '2022-11-30 07:02:23', '2022-11-30 07:02:23'),
(180, 378, 1, 2, 1, '1400.0000', '2022-11-30 07:02:44', '2022-11-30 07:02:44'),
(181, 380, 1, 2, 1, '1333.3300', '2022-11-30 07:03:07', '2022-11-30 07:03:07'),
(182, 381, 1, 2, 1, '1133.3300', '2022-11-30 07:03:40', '2022-11-30 07:03:40'),
(183, 383, 1, 2, 1, '1033.3300', '2022-11-30 07:04:03', '2022-11-30 07:04:03'),
(184, 389, 1, 2, 1, '1333.3300', '2022-11-30 07:04:39', '2022-11-30 07:04:39'),
(185, 395, 1, 2, 1, '866.6700', '2022-11-30 07:05:20', '2022-11-30 07:05:20'),
(186, 396, 1, 2, 1, '1333.3300', '2022-11-30 07:05:44', '2022-11-30 07:05:44'),
(187, 398, 1, 2, 1, '1266.6700', '2022-11-30 07:06:10', '2022-11-30 07:06:10'),
(188, 401, 1, 2, 1, '1066.6700', '2022-11-30 07:06:29', '2022-11-30 07:06:29'),
(189, 402, 1, 2, 1, '1266.6700', '2022-11-30 07:06:49', '2022-11-30 07:06:49'),
(190, 405, 1, 2, 1, '1066.6700', '2022-11-30 07:07:11', '2022-11-30 07:07:11'),
(191, 406, 1, 2, 1, '1433.3300', '2023-01-03 06:15:40', '2023-01-03 06:15:40'),
(192, 410, 1, 2, 1, '900.0000', '2023-01-03 06:18:19', '2023-01-03 06:18:19'),
(193, 416, 1, 2, 1, '1333.3300', '2023-01-03 06:18:58', '2023-01-03 06:18:58'),
(194, 417, 1, 2, 1, '1400.0000', '2023-01-03 06:19:29', '2023-01-03 06:19:29'),
(195, 418, 1, 1, 1, '700.0000', '2023-01-03 06:20:01', '2023-01-03 06:20:01'),
(196, 420, 1, 2, 1, '1333.3300', '2023-01-03 06:21:06', '2023-01-03 06:21:06'),
(197, 421, 1, 2, 1, '1133.3300', '2023-01-03 06:21:36', '2023-01-03 06:21:36'),
(198, 422, 1, 2, 1, '1033.3300', '2023-01-03 06:22:54', '2023-01-03 06:22:54'),
(199, 423, 1, 2, 1, '1033.3300', '2023-01-03 06:23:21', '2023-01-03 06:23:21'),
(200, 428, 1, 2, 1, '1466.6700', '2023-01-03 06:24:55', '2023-01-03 06:24:55'),
(201, 433, 1, 1, 1, '500.0000', '2023-01-03 06:27:00', '2023-01-03 06:27:00'),
(202, 434, 1, 2, 1, '866.6700', '2023-01-03 06:27:43', '2023-01-03 06:27:43'),
(203, 435, 1, 2, 1, '1333.3300', '2023-01-03 06:28:22', '2023-01-03 06:28:22'),
(204, 438, 1, 2, 1, '1000.0000', '2023-01-03 06:30:06', '2023-01-03 06:30:06'),
(205, 439, 1, 2, 1, '933.3300', '2023-01-03 06:30:29', '2023-01-03 06:30:29'),
(206, 440, 1, 2, 1, '1066.6700', '2023-01-03 06:32:02', '2023-01-03 06:32:02'),
(207, 442, 1, 1, 1, '533.3300', '2023-01-03 06:36:41', '2023-01-03 06:36:41'),
(208, 444, 1, 1, 1, '533.3300', '2023-01-03 06:40:00', '2023-01-03 06:41:19'),
(209, 412, 1, 2, 1, '1000.0000', '2023-01-05 07:52:21', '2023-01-05 07:52:21'),
(210, 436, 1, 2, 1, '1333.3300', '2023-01-06 04:40:05', '2023-01-06 04:40:05');

-- --------------------------------------------------------

--
-- Table structure for table `hrm_attendances`
--

CREATE TABLE `hrm_attendances` (
  `id` int(10) UNSIGNED NOT NULL,
  `type` enum('present','late','absent','half_day','holiday','weekend','leave') COLLATE utf8mb4_unicode_ci NOT NULL,
  `employee_id` int(10) UNSIGNED NOT NULL,
  `shift_id` int(11) DEFAULT NULL,
  `session_id` int(10) UNSIGNED NOT NULL,
  `clock_in_time` datetime DEFAULT NULL,
  `clock_out_time` datetime DEFAULT NULL,
  `ip_address` varchar(191) COLLATE utf8mb4_unicode_ci DEFAULT NULL,
  `clock_in_note` text COLLATE utf8mb4_unicode_ci DEFAULT NULL,
  `clock_out_note` text COLLATE utf8mb4_unicode_ci DEFAULT NULL,
  `created_at` timestamp NULL DEFAULT NULL,
  `updated_at` timestamp NULL DEFAULT NULL
) ENGINE=InnoDB DEFAULT CHARSET=utf8mb4 COLLATE=utf8mb4_unicode_ci;

--
-- Dumping data for table `hrm_attendances`
--

INSERT INTO `hrm_attendances` (`id`, `type`, `employee_id`, `shift_id`, `session_id`, `clock_in_time`, `clock_out_time`, `ip_address`, `clock_in_note`, `clock_out_note`, `created_at`, `updated_at`) VALUES
(1, 'present', 1, NULL, 2, '2023-01-14 12:29:00', '2023-01-14 17:05:00', NULL, NULL, NULL, '2023-01-14 12:05:31', '2023-01-14 12:20:07'),
(2, 'present', 2, NULL, 2, '2023-01-14 12:29:00', '2023-01-14 19:50:00', NULL, NULL, NULL, '2023-01-14 12:05:31', '2023-01-14 12:20:07'),
(3, 'present', 3, NULL, 2, '2023-01-14 12:29:00', '2023-01-14 12:29:00', NULL, NULL, NULL, '2023-01-14 12:05:31', '2023-01-14 12:05:31'),
(4, 'present', 4, NULL, 2, '2023-01-14 12:29:00', '2023-01-14 12:29:00', NULL, NULL, NULL, '2023-01-14 12:05:31', '2023-01-14 12:05:31'),
(5, 'present', 5, NULL, 2, '2023-01-14 12:29:00', '2023-01-14 12:29:00', NULL, NULL, NULL, '2023-01-14 12:05:31', '2023-01-14 12:05:31'),
(6, 'present', 6, NULL, 2, '2023-01-14 12:29:00', '2023-01-14 12:29:00', NULL, NULL, NULL, '2023-01-14 12:05:31', '2023-01-14 12:05:31'),
(7, 'present', 7, NULL, 2, '2023-01-14 12:29:00', '2023-01-14 12:29:00', NULL, NULL, NULL, '2023-01-14 12:05:31', '2023-01-14 12:05:31'),
(8, 'present', 11, NULL, 2, '2023-01-14 12:29:00', '2023-01-14 12:29:00', NULL, NULL, NULL, '2023-01-14 12:05:31', '2023-01-14 12:05:31'),
(9, 'present', 12, NULL, 2, '2023-01-14 12:29:00', '2023-01-14 12:29:00', NULL, NULL, NULL, '2023-01-14 12:05:31', '2023-01-14 12:05:31'),
(10, 'present', 13, NULL, 2, '2023-01-14 12:29:00', '2023-01-14 12:29:00', NULL, NULL, NULL, '2023-01-14 12:05:31', '2023-01-14 12:05:31'),
(11, 'present', 14, NULL, 2, '2023-01-14 12:29:00', '2023-01-14 12:29:00', NULL, NULL, NULL, '2023-01-14 12:05:31', '2023-01-14 12:05:31'),
(12, 'present', 15, NULL, 2, '2023-01-14 12:29:00', '2023-01-14 12:29:00', NULL, NULL, NULL, '2023-01-14 12:05:31', '2023-01-14 12:05:31'),
(13, 'present', 17, NULL, 2, '2023-01-14 12:29:00', '2023-01-14 12:29:00', NULL, NULL, NULL, '2023-01-14 12:05:31', '2023-01-14 12:05:31'),
(14, 'present', 18, NULL, 2, '2023-01-14 12:29:00', '2023-01-14 12:29:00', NULL, NULL, NULL, '2023-01-14 12:05:31', '2023-01-14 12:05:31'),
(15, 'present', 19, NULL, 2, '2023-01-14 12:29:00', '2023-01-14 12:29:00', NULL, NULL, NULL, '2023-01-14 12:05:31', '2023-01-14 12:05:31'),
(16, 'present', 20, NULL, 2, '2023-01-14 12:29:00', '2023-01-14 12:29:00', NULL, NULL, NULL, '2023-01-14 12:05:31', '2023-01-14 12:05:31'),
(17, 'present', 21, NULL, 2, '2023-01-14 12:29:00', '2023-01-14 12:29:00', NULL, NULL, NULL, '2023-01-14 12:05:31', '2023-01-14 12:05:31'),
(18, 'present', 22, NULL, 2, '2023-01-14 12:29:00', '2023-01-14 12:29:00', NULL, NULL, NULL, '2023-01-14 12:05:31', '2023-01-14 12:05:31'),
(19, 'present', 23, NULL, 2, '2023-01-14 12:29:00', '2023-01-14 12:29:00', NULL, NULL, NULL, '2023-01-14 12:05:31', '2023-01-14 12:05:31'),
(20, 'present', 24, NULL, 2, '2023-01-14 12:29:00', '2023-01-14 12:29:00', NULL, NULL, NULL, '2023-01-14 12:05:31', '2023-01-14 12:05:31'),
(21, 'present', 25, NULL, 2, '2023-01-14 12:29:00', '2023-01-14 12:29:00', NULL, NULL, NULL, '2023-01-14 12:05:31', '2023-01-14 12:05:31'),
(22, 'present', 26, NULL, 2, '2023-01-14 12:29:00', '2023-01-14 12:29:00', NULL, NULL, NULL, '2023-01-14 12:05:31', '2023-01-14 12:05:31'),
(23, 'present', 27, NULL, 2, '2023-01-14 12:29:00', '2023-01-14 12:29:00', NULL, NULL, NULL, '2023-01-14 12:05:31', '2023-01-14 12:05:31'),
(24, 'present', 28, NULL, 2, '2023-01-14 12:29:00', '2023-01-14 12:29:00', NULL, NULL, NULL, '2023-01-14 12:05:31', '2023-01-14 12:05:31'),
(25, 'present', 29, NULL, 2, '2023-01-14 12:29:00', '2023-01-14 12:29:00', NULL, NULL, NULL, '2023-01-14 12:05:31', '2023-01-14 12:05:31'),
(26, 'present', 31, NULL, 2, '2023-01-14 12:29:00', '2023-01-14 12:29:00', NULL, NULL, NULL, '2023-01-14 12:05:31', '2023-01-14 12:05:31'),
(27, 'present', 32, NULL, 2, '2023-01-14 12:29:00', '2023-01-14 12:29:00', NULL, NULL, NULL, '2023-01-14 12:05:31', '2023-01-14 12:05:31'),
(28, 'present', 37, NULL, 2, '2023-01-14 12:29:00', '2023-01-14 12:29:00', NULL, NULL, NULL, '2023-01-14 12:05:31', '2023-01-14 12:05:31'),
(29, 'present', 38, NULL, 2, '2023-01-14 12:29:00', '2023-01-14 12:29:00', NULL, NULL, NULL, '2023-01-14 12:05:31', '2023-01-14 12:05:31'),
(30, 'present', 39, NULL, 2, '2023-01-14 12:29:00', '2023-01-14 12:29:00', NULL, NULL, NULL, '2023-01-14 12:05:31', '2023-01-14 12:05:31'),
(31, 'present', 40, NULL, 2, '2023-01-14 12:29:00', '2023-01-14 12:29:00', NULL, NULL, NULL, '2023-01-14 12:05:31', '2023-01-14 12:05:31'),
(32, 'present', 41, NULL, 2, '2023-01-14 12:29:00', '2023-01-14 12:29:00', NULL, NULL, NULL, '2023-01-14 12:05:31', '2023-01-14 12:05:31'),
(33, 'present', 42, NULL, 2, '2023-01-14 12:29:00', '2023-01-14 12:29:00', NULL, NULL, NULL, '2023-01-14 12:05:31', '2023-01-14 12:05:31'),
(34, 'present', 43, NULL, 2, '2023-01-14 12:29:00', '2023-01-14 12:29:00', NULL, NULL, NULL, '2023-01-14 12:05:31', '2023-01-14 12:05:31'),
(35, 'present', 45, NULL, 2, '2023-01-14 12:29:00', '2023-01-14 12:29:00', NULL, NULL, NULL, '2023-01-14 12:05:31', '2023-01-14 12:05:31'),
(36, 'present', 46, NULL, 2, '2023-01-14 12:29:00', '2023-01-14 12:29:00', NULL, NULL, NULL, '2023-01-14 12:05:31', '2023-01-14 12:05:31'),
(37, 'present', 47, NULL, 2, '2023-01-14 12:29:00', '2023-01-14 12:29:00', NULL, NULL, NULL, '2023-01-14 12:05:31', '2023-01-14 12:05:31'),
(38, 'absent', 48, NULL, 2, '2023-01-14 12:29:00', '2023-01-14 12:29:00', NULL, NULL, NULL, '2023-01-14 12:05:31', '2023-01-14 12:05:31'),
(39, 'absent', 49, NULL, 2, '2023-01-14 12:29:00', '2023-01-14 12:29:00', NULL, NULL, NULL, '2023-01-14 12:05:31', '2023-01-14 12:05:31'),
(40, 'present', 1, 1, 2, '2023-01-16 12:04:30', NULL, '0', NULL, NULL, '2023-01-16 07:04:30', '2023-01-16 07:04:30');

-- --------------------------------------------------------

--
-- Table structure for table `hrm_deductions`
--

CREATE TABLE `hrm_deductions` (
  `id` int(10) UNSIGNED NOT NULL,
  `deduction` varchar(60) COLLATE utf8mb4_unicode_ci NOT NULL,
  `created_by` int(10) UNSIGNED NOT NULL,
  `deleted_at` timestamp NULL DEFAULT NULL,
  `created_at` timestamp NULL DEFAULT NULL,
  `updated_at` timestamp NULL DEFAULT NULL
) ENGINE=InnoDB DEFAULT CHARSET=utf8mb4 COLLATE=utf8mb4_unicode_ci;

--
-- Dumping data for table `hrm_deductions`
--

INSERT INTO `hrm_deductions` (`id`, `deduction`, `created_by`, `deleted_at`, `created_at`, `updated_at`) VALUES
(1, 'Absentees', 1, NULL, '2022-03-02 06:40:45', '2022-03-02 06:40:45'),
(2, 'Assembly Absentee', 1, NULL, '2022-09-01 07:51:32', '2022-09-01 07:51:32');

-- --------------------------------------------------------

--
-- Table structure for table `hrm_deduction_transaction_lines`
--

CREATE TABLE `hrm_deduction_transaction_lines` (
  `id` int(10) UNSIGNED NOT NULL,
  `hrm_transaction_id` int(10) UNSIGNED NOT NULL,
  `is_enabled` tinyint(1) NOT NULL DEFAULT 0,
  `deduction_id` int(10) UNSIGNED NOT NULL,
  `divider` int(11) NOT NULL DEFAULT 0,
  `amount` decimal(22,4) NOT NULL DEFAULT 0.0000,
  `created_at` timestamp NULL DEFAULT NULL,
  `updated_at` timestamp NULL DEFAULT NULL
) ENGINE=InnoDB DEFAULT CHARSET=utf8mb4 COLLATE=utf8mb4_unicode_ci;

--
-- Dumping data for table `hrm_deduction_transaction_lines`
--

INSERT INTO `hrm_deduction_transaction_lines` (`id`, `hrm_transaction_id`, `is_enabled`, `deduction_id`, `divider`, `amount`, `created_at`, `updated_at`) VALUES
(1, 100, 1, 1, 2, '1066.6700', '2022-05-09 04:18:37', '2022-05-09 04:18:37'),
(2, 120, 1, 1, 1, '666.6700', '2022-05-09 04:30:14', '2022-05-09 04:30:14'),
(3, 166, 1, 1, 0, '2000.0000', '2022-06-20 06:23:09', '2022-06-20 06:23:56'),
(4, 199, 1, 1, 1, '600.0000', '2022-07-01 03:17:53', '2022-07-02 07:25:30'),
(5, 168, 1, 1, 0, '2000.0000', '2022-07-01 03:46:05', '2022-07-01 03:46:05'),
(6, 192, 1, 1, 1, '666.6700', '2022-07-01 04:42:27', '2022-07-01 04:42:27'),
(7, 174, 1, 1, 1, '783.3300', '2022-07-01 04:44:10', '2022-07-01 04:44:10'),
(8, 220, 1, 1, 0, '0.0000', '2022-08-01 04:58:56', '2022-08-01 04:58:56'),
(9, 220, 1, 1, 1, '700.0000', '2022-08-01 05:00:07', '2022-08-01 05:00:07'),
(10, 225, 1, 1, 3, '1550.0000', '2022-08-01 05:00:41', '2022-08-01 05:00:41'),
(11, 277, 1, 1, 2, '1433.3300', '2022-08-31 05:49:00', '2022-09-03 04:45:35'),
(12, 278, 1, 1, 15, '9000.0000', '2022-08-31 05:49:53', '2022-08-31 05:49:53'),
(13, 282, 1, 1, 1, '633.3300', '2022-08-31 05:53:38', '2022-08-31 05:53:38'),
(14, 253, 1, 2, 0, '150.0000', '2022-09-01 08:15:20', '2022-09-01 08:15:20'),
(15, 258, 1, 2, 0, '100.0000', '2022-09-02 02:47:56', '2022-09-02 02:47:56'),
(16, 260, 1, 2, 0, '50.0000', '2022-09-02 02:48:31', '2022-09-02 02:48:31'),
(17, 261, 1, 2, 0, '50.0000', '2022-09-02 02:49:01', '2022-09-02 02:49:01'),
(18, 262, 1, 2, 0, '600.0000', '2022-09-02 02:49:28', '2022-09-02 02:49:28'),
(19, 270, 1, 2, 0, '350.0000', '2022-09-02 02:50:17', '2022-09-02 02:50:17'),
(21, 276, 1, 2, 0, '200.0000', '2022-09-02 02:54:12', '2022-09-02 02:54:12'),
(22, 280, 1, 2, 0, '100.0000', '2022-09-02 02:55:10', '2022-09-02 02:55:10'),
(23, 300, 1, 1, 6, '3200.0000', '2022-10-01 04:25:12', '2022-10-01 04:25:12'),
(25, 322, 1, 1, 1, '600.0000', '2022-10-03 05:32:10', '2022-10-03 05:32:10'),
(26, 321, 1, 2, 0, '1340.0000', '2022-10-06 07:33:10', '2022-10-06 07:35:19'),
(27, 326, 1, 1, 15, '9500.0000', '2022-10-12 07:39:49', '2022-10-12 07:39:49'),
(28, 325, 1, 1, 15, '8000.0000', '2022-10-12 07:40:24', '2022-10-12 07:40:24'),
(29, 340, 1, 2, 2, '1066.6700', '2022-11-01 05:04:08', '2022-11-01 05:04:08'),
(30, 340, 1, 2, 0, '100.0000', '2022-11-01 05:04:24', '2022-11-01 05:04:24'),
(31, 349, 1, 2, 0, '350.0000', '2022-11-01 05:08:09', '2022-11-01 05:08:09'),
(32, 351, 1, 2, 0, '50.0000', '2022-11-01 05:11:30', '2022-11-01 05:11:30'),
(34, 363, 1, 1, 5, '3166.6700', '2022-11-01 05:16:48', '2022-11-02 03:12:23'),
(35, 370, 1, 1, 1, '450.0000', '2022-11-30 06:54:17', '2022-11-30 06:54:17'),
(36, 419, 1, 1, 1, '533.3300', '2023-01-03 06:20:31', '2023-01-03 06:20:31'),
(37, 429, 1, 1, 2, '1333.3300', '2023-01-03 06:25:36', '2023-01-03 06:25:36'),
(38, 437, 1, 1, 4, '2533.3300', '2023-01-03 06:29:43', '2023-01-03 06:29:43'),
(39, 441, 1, 1, 1, '633.3300', '2023-01-03 06:34:40', '2023-01-03 06:34:40');

-- --------------------------------------------------------

--
-- Table structure for table `hrm_departments`
--

CREATE TABLE `hrm_departments` (
  `id` int(10) UNSIGNED NOT NULL,
  `department` varchar(60) COLLATE utf8mb4_unicode_ci NOT NULL,
  `created_by` int(10) UNSIGNED NOT NULL,
  `deleted_at` timestamp NULL DEFAULT NULL,
  `created_at` timestamp NULL DEFAULT NULL,
  `updated_at` timestamp NULL DEFAULT NULL
) ENGINE=InnoDB DEFAULT CHARSET=utf8mb4 COLLATE=utf8mb4_unicode_ci;

-- --------------------------------------------------------

--
-- Table structure for table `hrm_designations`
--

CREATE TABLE `hrm_designations` (
  `id` int(10) UNSIGNED NOT NULL,
  `designation` varchar(60) COLLATE utf8mb4_unicode_ci NOT NULL,
  `created_by` int(10) UNSIGNED NOT NULL,
  `deleted_at` timestamp NULL DEFAULT NULL,
  `created_at` timestamp NULL DEFAULT NULL,
  `updated_at` timestamp NULL DEFAULT NULL
) ENGINE=InnoDB DEFAULT CHARSET=utf8mb4 COLLATE=utf8mb4_unicode_ci;

--
-- Dumping data for table `hrm_designations`
--

INSERT INTO `hrm_designations` (`id`, `designation`, `created_by`, `deleted_at`, `created_at`, `updated_at`) VALUES
(21, 'Teacher', 1, NULL, '2022-01-03 04:38:29', '2022-01-03 04:38:29'),
(22, 'Watch-man', 1, NULL, '2022-01-03 04:38:29', '2022-01-03 04:38:29'),
(23, 'NAIB QASID', 1, NULL, '2022-01-03 04:38:29', '2022-01-29 08:03:08'),
(24, 'Pet', 1, NULL, '2022-01-03 04:38:29', '2022-01-03 04:38:29'),
(25, 'Accountant', 1, NULL, '2022-01-03 04:38:29', '2022-01-03 04:38:29'),
(26, 'Director', 1, NULL, '2022-01-03 04:38:29', '2022-01-03 04:38:29'),
(27, 'Vice Princpal', 1, NULL, '2022-01-03 04:38:29', '2022-01-03 04:38:29'),
(28, 'Principal', 1, NULL, '2022-01-03 04:38:29', '2022-01-03 04:38:29'),
(29, 'Driver', 1, NULL, '2022-01-03 04:38:29', '2022-01-03 04:38:29'),
(30, 'Deriver', 1, NULL, '2022-01-03 04:38:29', '2022-01-03 04:38:29'),
(31, 'Chief Proctor', 1, NULL, '2022-11-26 05:42:39', '2022-11-26 05:42:39');

-- --------------------------------------------------------

--
-- Table structure for table `hrm_education`
--

CREATE TABLE `hrm_education` (
  `id` int(10) UNSIGNED NOT NULL,
  `education` varchar(60) COLLATE utf8mb4_unicode_ci NOT NULL,
  `created_by` int(10) UNSIGNED NOT NULL,
  `deleted_at` timestamp NULL DEFAULT NULL,
  `created_at` timestamp NULL DEFAULT NULL,
  `updated_at` timestamp NULL DEFAULT NULL
) ENGINE=InnoDB DEFAULT CHARSET=utf8mb4 COLLATE=utf8mb4_unicode_ci;

--
-- Dumping data for table `hrm_education`
--

INSERT INTO `hrm_education` (`id`, `education`, `created_by`, `deleted_at`, `created_at`, `updated_at`) VALUES
(1, 'M.Sc Botony', 1, NULL, '2022-12-19 03:53:33', '2022-12-19 03:53:33'),
(2, 'M.Sc Physics', 1, NULL, '2022-12-19 03:53:46', '2022-12-19 03:53:46'),
(3, 'M.Sc Chemistry', 1, NULL, '2022-12-19 03:54:02', '2022-12-19 03:54:02'),
(4, 'M.Sc Economics', 1, NULL, '2022-12-19 03:54:15', '2022-12-19 03:54:15'),
(5, 'M.Sc Pak Studies', 1, NULL, '2022-12-19 03:54:36', '2022-12-19 03:54:36'),
(6, 'M.A (ISLAMYAT)', 1, NULL, '2022-12-19 03:54:56', '2022-12-19 03:54:56'),
(7, 'M.A (URDU)', 1, NULL, '2022-12-19 03:55:11', '2022-12-19 03:55:11'),
(8, 'M.A (ENGLISH)', 1, NULL, '2022-12-19 03:55:32', '2022-12-19 03:55:32');

-- --------------------------------------------------------

--
-- Table structure for table `hrm_employees`
--

CREATE TABLE `hrm_employees` (
  `id` int(10) UNSIGNED NOT NULL,
  `user_id` int(10) UNSIGNED DEFAULT NULL,
  `campus_id` int(10) UNSIGNED DEFAULT NULL,
  `employeeID` varchar(20) COLLATE utf8mb4_unicode_ci NOT NULL,
  `old_EmpID` varchar(191) COLLATE utf8mb4_unicode_ci DEFAULT NULL,
  `first_name` varchar(191) COLLATE utf8mb4_unicode_ci NOT NULL,
  `last_name` varchar(191) COLLATE utf8mb4_unicode_ci NOT NULL,
  `email` varchar(150) COLLATE utf8mb4_unicode_ci NOT NULL,
  `password` varchar(100) COLLATE utf8mb4_unicode_ci DEFAULT NULL,
  `gender` enum('male','female','other') COLLATE utf8mb4_unicode_ci NOT NULL,
  `father_name` varchar(100) COLLATE utf8mb4_unicode_ci NOT NULL,
  `mobile_no` varchar(20) COLLATE utf8mb4_unicode_ci NOT NULL,
  `basic_salary` decimal(22,4) DEFAULT NULL,
  `pay_period` varchar(191) COLLATE utf8mb4_unicode_ci DEFAULT NULL,
  `pay_cycle` varchar(191) COLLATE utf8mb4_unicode_ci DEFAULT NULL,
  `birth_date` date DEFAULT NULL,
  `department_id` int(10) UNSIGNED DEFAULT NULL,
  `designation_id` int(10) UNSIGNED DEFAULT NULL,
  `education_id` int(10) UNSIGNED DEFAULT NULL,
  `joining_date` date DEFAULT NULL,
  `employee_image` varchar(191) COLLATE utf8mb4_unicode_ci DEFAULT 'default.png',
  `country_id` int(10) UNSIGNED DEFAULT NULL,
  `province_id` int(10) UNSIGNED DEFAULT NULL,
  `district_id` int(10) UNSIGNED DEFAULT NULL,
  `city_id` int(10) UNSIGNED DEFAULT NULL,
  `region_id` int(10) UNSIGNED DEFAULT NULL,
  `current_address` text COLLATE utf8mb4_unicode_ci DEFAULT NULL,
  `permanent_address` text COLLATE utf8mb4_unicode_ci DEFAULT NULL,
  `nationality` varchar(191) COLLATE utf8mb4_unicode_ci DEFAULT NULL,
  `mother_tongue` varchar(191) COLLATE utf8mb4_unicode_ci DEFAULT NULL,
  `annual_leave` int(11) NOT NULL DEFAULT 0,
  `status` enum('active','inactive','resign') COLLATE utf8mb4_unicode_ci NOT NULL DEFAULT 'active',
  `religion` enum('Islam','Hinduism','Christianity','Sikhism','Buddhism','Secular/Nonreligious/Agnostic/Atheist','Other') COLLATE utf8mb4_unicode_ci NOT NULL DEFAULT 'Islam',
  `cnic_no` varchar(191) COLLATE utf8mb4_unicode_ci DEFAULT NULL,
  `blood_group` enum('O+','O-','A+','A-','B+','B-','AB+','AB-') COLLATE utf8mb4_unicode_ci DEFAULT NULL,
  `bank_details` longtext COLLATE utf8mb4_unicode_ci DEFAULT NULL,
  `resign_remark` text COLLATE utf8mb4_unicode_ci DEFAULT NULL,
  `remark` text COLLATE utf8mb4_unicode_ci DEFAULT NULL,
  `M_Status` tinyint(4) DEFAULT NULL,
  `last_login` datetime DEFAULT NULL,
  `remember_token` varchar(100) COLLATE utf8mb4_unicode_ci DEFAULT NULL,
  `exit_date` date DEFAULT NULL,
  `reset_code` varchar(191) COLLATE utf8mb4_unicode_ci DEFAULT NULL,
  `created_at` timestamp NULL DEFAULT NULL,
  `updated_at` timestamp NULL DEFAULT NULL
) ENGINE=InnoDB DEFAULT CHARSET=utf8mb4 COLLATE=utf8mb4_unicode_ci;

--
-- Dumping data for table `hrm_employees`
--

INSERT INTO `hrm_employees` (`id`, `user_id`, `campus_id`, `employeeID`, `old_EmpID`, `first_name`, `last_name`, `email`, `password`, `gender`, `father_name`, `mobile_no`, `basic_salary`, `pay_period`, `pay_cycle`, `birth_date`, `department_id`, `designation_id`, `education_id`, `joining_date`, `employee_image`, `country_id`, `province_id`, `district_id`, `city_id`, `region_id`, `current_address`, `permanent_address`, `nationality`, `mother_tongue`, `annual_leave`, `status`, `religion`, `cnic_no`, `blood_group`, `bank_details`, `resign_remark`, `remark`, `M_Status`, `last_login`, `remember_token`, `exit_date`, `reset_code`, `created_at`, `updated_at`) VALUES
(1, 1, 1, 'Em-0001', '136', 'AMJAD', 'KHAN', 'amjadkhaneconomist@gmail.com', '$2y$10$u5QsqbE/fuwUz1ZYmH11k.g5RiD3e2wRKyXeRY5rfRj4I36a/Uof.', 'male', 'Noor Muhamamd', '+923469487994', '21500.0000', 'month', NULL, '1985-02-15', NULL, 25, 4, '2010-09-15', 'Em-0001.jpg', 91, 1, 1, 1, 2, 'Mohallah Tehsil K,khela Swat', 'Mohallah tehsil k,khela swat', 'Pakistan', 'Pashto', 0, 'active', 'Islam', '15602-8755133-7', 'B+', '{\"account_name\":\"admin@test.com\",\"account_number\":\"282895475\",\"bank\":\"UBL\",\"bin\":null,\"branch\":\"Khwaza khela Swat\",\"tax_payer_id\":null}', NULL, NULL, NULL, NULL, NULL, NULL, NULL, '2022-01-03 04:38:29', '2022-12-19 03:56:25'),
(2, NULL, 1, 'Em-0002', '353', 'INAYAT ULLAH', '', 'Em-2022-0002@gmail.com', '$2y$10$2nxQUZWz5zAqtJ.UQrmumO55cQVd/R5hl/RV7uyU0VkNABAjYTuqS', 'male', 'ATTAULLAH KHAN', '03428927305', '6000.0000', 'month', NULL, '1998-11-04', NULL, 21, NULL, '2022-01-01', 'Em-0002.jpg', 91, 1, 1, 1, 1, 'Khwaza khela swat', 'Khwaza khela swatFarhatabad tehsil k,khela swat', 'Pakistan', NULL, 0, 'active', 'Islam', NULL, 'AB+', '{\"account_name\":\"admin@test.com\",\"account_number\":null,\"bank\":null,\"bin\":null,\"branch\":null,\"tax_payer_id\":null}', NULL, NULL, NULL, NULL, NULL, NULL, NULL, '2022-01-03 04:38:29', '2022-07-29 05:56:03'),
(3, NULL, 1, 'Em-0003', '456', 'Shamsul Qamar', '', 'Em-2022-0003@gmail.com', '$2y$10$cOt3UZVODDwnoII5HE2tEuqEYHkCChmvplA2hdysN2BtDFhmaPOcW', 'male', 'Lajbar', 'NA', '11000.0000', 'month', NULL, '2018-01-25', NULL, 22, NULL, '2018-01-25', 'Em-0003.jpg', 91, 1, 1, 1, 5, 'Karorha Swat', 'karorha swat', NULL, NULL, 0, 'active', 'Islam', NULL, NULL, '{\"account_name\":\"admin@test.com\",\"account_number\":null,\"bank\":null,\"bin\":null,\"branch\":null,\"tax_payer_id\":null}', NULL, NULL, 1, NULL, NULL, NULL, NULL, '2022-01-03 04:38:29', '2022-03-02 03:58:27'),
(4, NULL, 1, 'Em-0004', '477', 'Said Ali', '', 'Em-2022-0004@gmail.com', '$2y$10$swkZ60kZB2fhblaZmw4GleSosWlOlWts4/H9J8XpC3HuQbuZDXH7G', 'male', 'Muhammad Mustafa', '03359381994', '14500.0000', 'month', NULL, '1998-04-05', NULL, 23, NULL, '2015-02-04', 'Em-0004.jpg', 91, 1, 1, 1, 4, 'Landikas K,khela Swat', 'landikas k,khela swat', NULL, NULL, 0, 'active', 'Islam', NULL, NULL, '{\"account_name\":\"admin@test.com\",\"account_number\":null,\"bank\":null,\"bin\":null,\"branch\":null,\"tax_payer_id\":null}', NULL, NULL, NULL, NULL, NULL, NULL, NULL, '2022-01-03 04:38:29', '2022-03-02 04:00:59'),
(5, NULL, 1, 'Em-0005', '490', 'Akbar Hussain', '', 'Em-2022-0005@gmail.com', '$2y$10$1VSdlnD0KUq0cMbzrzCCOOSrEQNdF3Ptd5uErvxdDJ21k47Ttrc1.', 'male', 'Abdur Rashid', '03479897351', '13500.0000', 'month', NULL, '2018-01-25', NULL, 21, NULL, '2018-01-25', 'Em-0005.jpg', 91, 1, 1, 1, 1, 'Barkalay K,khela Swat', 'Barkalay k,khela swat', NULL, NULL, 0, 'active', 'Islam', NULL, NULL, '{\"account_name\":\"admin@test.com\",\"account_number\":null,\"bank\":null,\"bin\":null,\"branch\":null,\"tax_payer_id\":null}', NULL, NULL, 1, NULL, NULL, NULL, NULL, '2022-01-03 04:38:29', '2022-03-01 06:56:00'),
(6, NULL, 1, 'Em-0006', '496', 'Muhammad Darwesh', '', 'Em-2022-0006@gmail.com', '$2y$10$bmYRl9TDbcQpuGXrX0RxMuRJ8RjZXWwjxRhGqE/Wb2R4QVjp7pQrq', 'male', 'Muhammad Zarin', '03458365178', '17000.0000', 'month', NULL, '2018-01-25', NULL, 24, NULL, '2018-01-25', 'Em-0006.jpg', 91, 1, 1, 1, 32, 'Koza Asala Swat', 'koza asala swat', NULL, NULL, 0, 'active', 'Islam', NULL, NULL, '{\"account_name\":\"admin@test.com\",\"account_number\":null,\"bank\":null,\"bin\":null,\"branch\":null,\"tax_payer_id\":null}', NULL, NULL, 1, NULL, NULL, NULL, NULL, '2022-01-03 04:38:29', '2022-03-01 08:19:22'),
(7, 168, 1, 'Em-0007', '568', 'Badshah Muhammad', '', '123456@gmail.com', '$2y$10$nseZICzB5SDsdSZplRJ6vONW2BmV4sxaX0dRtCIjxKZxe8Yb9Ur3u', 'male', 'Ali Rahman', '+923444764633', '15000.0000', 'month', NULL, '2018-01-25', NULL, 21, 6, '2018-01-25', 'Em-0007.jpg', 91, 1, 1, 1, 7, 'Behar Swat', 'Behar swat', NULL, NULL, 0, 'active', 'Islam', NULL, 'O+', '{\"account_name\":\"admin@test.com\",\"account_number\":null,\"bank\":null,\"bin\":null,\"branch\":null,\"tax_payer_id\":null}', NULL, NULL, NULL, NULL, NULL, NULL, NULL, '2022-01-03 04:38:29', '2022-12-21 06:06:01'),
(8, NULL, 1, 'Em-0008', '571', 'Asadullah', '', 'Em-2022-0008@gmail.com', '$2y$10$.Qjvp3fswJrj5zecswlnEOmddkJbgDP376nN5rEelzbORdSauE0mi', 'male', 'Gulyar', '03453930478', '23500.0000', 'month', NULL, '2018-01-25', NULL, 21, NULL, '2018-01-25', 'Em-0008.jpg', 91, 1, 1, 1, 26, 'Fatihpur Swat', 'Fatihpur swat', NULL, NULL, 0, 'resign', 'Islam', NULL, NULL, '{\"account_name\":\"admin@test.com\",\"account_number\":null,\"bank\":null,\"bin\":null,\"branch\":null,\"tax_payer_id\":null}', NULL, NULL, 1, NULL, NULL, NULL, NULL, '2022-01-03 04:38:29', '2022-10-19 05:46:22'),
(9, NULL, 1, 'Em-0009', '1', 'Abid Khan', '', 'Em-2022-0009@gmail.com', NULL, 'male', 'Jehani Rome', '03489591878', '13500.0000', NULL, NULL, '2018-01-10', NULL, 21, NULL, '2018-01-10', 'Em-0009.jpg', NULL, NULL, NULL, NULL, NULL, 'Koza Asala Swat', 'Koza Asala swat', NULL, NULL, 0, 'resign', 'Islam', '15602-6073234-9', NULL, '{\"account_name\":null,\"account_number\":null,\"bank\":null,\"bin\":null,\"branch\":null,\"tax_payer_id\":null}', 'Government   Job', NULL, NULL, NULL, NULL, NULL, NULL, '2022-01-03 04:38:29', '2022-03-02 07:33:41'),
(10, NULL, 1, 'Em-0010', '257', 'Naila', '', 'Em-2022-0010@gmail.com', NULL, 'male', 'Kurshida', '', '11500.0000', NULL, NULL, '2010-09-15', NULL, 25, NULL, '2010-09-15', 'Em-0010.jpg', NULL, NULL, NULL, NULL, NULL, 'Khwaza Khela', 'khwaza khela', NULL, NULL, 0, 'inactive', 'Islam', 'NA', NULL, '{\"account_name\":null,\"account_number\":null,\"bank\":null,\"bin\":null,\"branch\":null,\"tax_payer_id\":null}', NULL, NULL, NULL, NULL, NULL, NULL, NULL, '2022-01-03 04:38:29', '2022-03-01 06:34:08'),
(11, 169, 1, 'Em-0011', '116', 'Farman Ali Khan', '', '0011@gmail.com', '$2y$10$npQSATrKRtQT5trCHY5AguaHVcNesPh6EdyHNuDRk6h48UoyWemMW', 'male', 'NAEEMUL HAQ', '+923439393003', '26000.0000', 'month', NULL, '2018-01-24', NULL, 26, NULL, '2018-01-24', 'Em-0011.jpg', 91, 1, 1, 1, 1, 'Barkalay K,khela Swat', 'Barkalay k,khela swat', NULL, NULL, 0, 'active', 'Islam', NULL, NULL, '{\"account_name\":\"admin@test.com\",\"account_number\":null,\"bank\":null,\"bin\":null,\"branch\":null,\"tax_payer_id\":null}', NULL, NULL, 1, NULL, NULL, NULL, NULL, '2022-01-03 04:38:29', '2022-12-08 07:52:07'),
(12, NULL, 1, 'Em-0012', '138', 'Amjad Ali', '', 'Em-2022-0012@gmail.com', '$2y$10$BTHXjWKowehnH7cZdIBnduYuiUckYr5efQOrCE2f4B.TYXgGFJrmW', 'male', 'NAEEMUL HAQ', '03453431745', '24000.0000', 'month', NULL, '2018-01-24', NULL, 28, NULL, '2018-01-24', 'Em-0012.jpg', 91, 1, 1, 1, 1, 'Barkalay K,khela Swat', 'Barkalay k,khela swat', NULL, NULL, 0, 'active', 'Islam', NULL, NULL, '{\"account_name\":\"admin@test.com\",\"account_number\":null,\"bank\":null,\"bin\":null,\"branch\":null,\"tax_payer_id\":null}', NULL, NULL, 1, NULL, NULL, NULL, NULL, '2022-01-03 04:38:29', '2022-03-02 07:32:11'),
(13, 171, 1, 'Em-0013', '139', 'Sajid Ali', '', 'sajidlobab@yahoo.com', '$2y$10$jpybGVEJW3RgEiHwmR7ALuNmqSfLtkxPouMx4EL9/fL1Ggc/MaQs2', 'male', 'NAEEMUL HAQ', '+923493360003', '24000.0000', 'month', NULL, '2018-01-24', NULL, 28, NULL, '2018-01-24', 'Em-0013.jpg', 91, 1, 1, 1, 1, 'Barkalay K,khela Swat', 'Barkalay k,khela swat', NULL, NULL, 0, 'active', 'Islam', NULL, NULL, '{\"account_name\":\"admin@test.com\",\"account_number\":null,\"bank\":null,\"bin\":null,\"branch\":null,\"tax_payer_id\":null}', NULL, NULL, 1, NULL, NULL, NULL, NULL, '2022-01-03 04:38:29', '2023-01-01 06:26:52'),
(14, 205, 1, 'Em-0014', '121', 'Noordad Khan', '', '0014@gmail.com', '$2y$10$IobELy1yPong1Ltypt01oOMwcwB0/r8dH3XI9FoEkRV3FEOb0CSbi', 'male', 'ADAM KHAN', '+923479683890', '20000.0000', 'month', NULL, '2004-01-01', NULL, 21, NULL, '2004-01-01', 'Em-0014.jpg', 91, 1, 1, 1, 5, 'Berarai khwaza khela swat', 'Berarai khwaza khela swat', NULL, NULL, 0, 'active', 'Islam', '15602-2121780-5', NULL, '{\"account_name\":\"21000\",\"account_number\":null,\"bank\":null,\"bin\":null,\"branch\":null,\"tax_payer_id\":null}', NULL, NULL, NULL, NULL, NULL, NULL, NULL, '2022-01-03 04:38:29', '2023-01-04 13:37:33'),
(15, 213, 1, 'Em-0015', '124', 'Hashmatullah', '', '0015@gmail.com', '$2y$10$RxOxjmxgHEUDnzWo7F8zFOmAQgR4PBs0z2g6QjjAI7mCWfW./L0Nu', 'male', 'SHER AFZAL KHAN', '+923456426072', '21000.0000', 'month', NULL, '2018-01-24', NULL, 21, NULL, '2018-01-24', 'Em-0015.jpg', 91, 1, 1, 1, 1, 'Khwaza Khela Swat', 'Khwaza khela swat', NULL, NULL, 0, 'active', 'Islam', NULL, NULL, '{\"account_name\":\"admin@test.com\",\"account_number\":null,\"bank\":null,\"bin\":null,\"branch\":null,\"tax_payer_id\":null}', NULL, NULL, 1, NULL, NULL, NULL, NULL, '2022-01-03 04:38:29', '2023-01-05 06:51:59'),
(16, NULL, 1, 'Em-0016', '125', 'Nasar Ali Khan', '', 'Em-2022-0016@gmail.com', NULL, 'male', 'ABDUR RASHID KHAN', '03462926943', '12000.0000', NULL, NULL, '2018-01-24', NULL, 21, NULL, '2018-01-24', 'Em-0016.jpg', NULL, NULL, NULL, NULL, NULL, 'Koza Asala Swat', 'Koza Asala swat', NULL, NULL, 0, 'resign', 'Islam', 'NA', NULL, '{\"account_name\":null,\"account_number\":null,\"bank\":null,\"bin\":null,\"branch\":null,\"tax_payer_id\":null}', NULL, NULL, NULL, NULL, NULL, NULL, NULL, '2022-01-03 04:38:29', '2022-07-01 05:48:45'),
(17, NULL, 1, 'Em-0017', '126', 'Raham Zeb', '', 'Em-2022-0017@gmail.com', '$2y$10$kDIUbJoDEFyurRWWXvcPOuxU3o14fRsQOpcJoCmZeZl1JJktzr4gi', 'male', 'MUHAMMAD ZEB', '03439236203', '21000.0000', 'month', NULL, '2018-01-24', NULL, 21, NULL, '2018-01-24', 'Em-0017.jpg', 91, 1, 1, 1, 40, 'Chinkolai Swat', 'Chinkolai swat', NULL, NULL, 0, 'active', 'Islam', NULL, NULL, '{\"account_name\":\"admin@test.com\",\"account_number\":null,\"bank\":null,\"bin\":null,\"branch\":null,\"tax_payer_id\":null}', NULL, NULL, NULL, NULL, NULL, NULL, NULL, '2022-01-03 04:38:29', '2022-03-02 03:35:32'),
(18, NULL, 1, 'Em-0018', '130', 'Kamran Khan', '', 'Em-2022-0018@gmail.com', '$2y$10$xfgSDeBdgRkf09PaxK2xk.2bpWv2nOxi.64QfP7aw6LpzbyJXgc3y', 'male', 'BURHAN-UD-DIN', '03449815215', '16000.0000', 'month', NULL, '2018-01-24', NULL, 21, NULL, '2018-01-24', 'Em-0018.jpg', 91, 1, 1, 1, 32, 'Barkalay K,khela Swat', 'Barkalay k,khela swat', NULL, NULL, 0, 'active', 'Islam', NULL, NULL, '{\"account_name\":\"21000\",\"account_number\":null,\"bank\":null,\"bin\":null,\"branch\":null,\"tax_payer_id\":null}', NULL, NULL, NULL, NULL, NULL, NULL, NULL, '2022-01-03 04:38:29', '2022-03-01 07:51:27'),
(19, NULL, 1, 'Em-0019', '132', 'Latifur Rahman', '', 'Em-2022-0019@gmail.com', '$2y$10$5cvDejUdPQtPYblKAQ53a.rmMI6wAV8l9wBS6EuZAUJor47A5I3XC', 'male', 'Azizur Rahman', '03028047091', '20000.0000', 'month', NULL, '2018-01-24', NULL, 21, NULL, '2018-01-24', 'Em-0019.jpg', 91, 1, 1, 2, 11, 'Bamakhela Matta Swat', 'Bamakhela Matta swat', NULL, NULL, 0, 'active', 'Islam', NULL, NULL, '{\"account_name\":\"admin@test.com\",\"account_number\":null,\"bank\":null,\"bin\":null,\"branch\":null,\"tax_payer_id\":null}', NULL, NULL, 1, NULL, NULL, NULL, NULL, '2022-01-03 04:38:29', '2022-03-01 08:09:18'),
(20, 204, 1, 'Em-0020', '141', 'Fateh Muhammad Khan', '', '0020@gmail.com', '$2y$10$7DXigr/VqxrHMmRoFrRSfe0Bl9ihnewAnvrwavxGtMFNWslIz66d2', 'male', 'Munawar Khan', '+923139074210', '17000.0000', 'month', NULL, '2018-01-24', NULL, 21, NULL, '2018-01-24', 'Em-0020.jpg', 91, 1, 1, 1, 3, 'Bandai K,khela Swat', 'Bandai k,khela swat', NULL, NULL, 0, 'active', 'Islam', NULL, NULL, '{\"account_name\":\"admin@test.com\",\"account_number\":null,\"bank\":null,\"bin\":null,\"branch\":null,\"tax_payer_id\":null}', NULL, NULL, NULL, NULL, NULL, NULL, NULL, '2022-01-03 04:38:29', '2023-01-04 12:53:02'),
(21, 177, 1, 'Em-0021', '144', 'Raz Muhammad', '', '0021@gmail.com', '$2y$10$Ic7BzsQi1KlPh1rujO/HFutbn3avzXMlGQckdh69rfCcQui1aXIcC', 'male', 'Fazal Rahim', '+923453407068', '15500.0000', 'month', NULL, '2018-01-24', NULL, 21, NULL, '2018-01-24', 'Em-0021.jpg', 91, 1, 1, 1, 4, 'Landikas K,khela Swat', 'Landikas k,khela swat', NULL, NULL, 0, 'active', 'Islam', NULL, NULL, '{\"account_name\":\"admin@test.com\",\"account_number\":null,\"bank\":null,\"bin\":null,\"branch\":null,\"tax_payer_id\":null}', NULL, NULL, 1, NULL, NULL, NULL, NULL, '2022-01-03 04:38:29', '2022-12-21 06:38:20'),
(22, 172, 1, 'Em-0022', '147', 'Muhammad Hussain', '', 'hussainswat23@gmail.com', '$2y$10$pe7eVsssH95E1q8Iw9RHNe1bKmW8Snw/XR7CWA39vGoEpD76qaE2e', 'male', 'Fazal Rahim', '+923449889342', '15500.0000', 'month', NULL, '2018-01-24', NULL, 21, NULL, '2018-01-24', 'Em-0022.jpg', 91, 1, 1, 1, 4, 'Landikas K,khela Swat', 'Landikas k,khela swat', NULL, NULL, 0, 'active', 'Islam', NULL, NULL, '{\"account_name\":\"21000\",\"account_number\":null,\"bank\":null,\"bin\":null,\"branch\":null,\"tax_payer_id\":null}', NULL, NULL, 1, NULL, NULL, NULL, NULL, '2022-01-03 04:38:29', '2022-12-19 05:42:03'),
(23, NULL, 1, 'Em-0023', '178', 'Hazrat Ali', '', 'Em-2022-0023@gmail.com', '$2y$10$.y6ikHEekGBqbFEDKNuzcu7S2OTq0fLmu3o2LvPkQopqPEd/LZK7y', 'male', 'Gul Nawab', '03465490973', '15500.0000', 'month', NULL, '2018-01-24', NULL, 23, NULL, '2018-01-24', 'Em-0023.jpg', 91, 1, 1, 1, 4, 'Ground Mohallah K,khela Swat', 'Ground Mohallah k,khela swat', NULL, NULL, 0, 'active', 'Islam', NULL, NULL, '{\"account_name\":\"admin@test.com\",\"account_number\":null,\"bank\":null,\"bin\":null,\"branch\":null,\"tax_payer_id\":null}', NULL, NULL, 1, NULL, NULL, NULL, NULL, '2022-01-03 04:38:29', '2022-03-01 07:21:51'),
(24, NULL, 1, 'Em-0024', '179', 'Inamullah', '', 'Em-2022-0024@gmail.com', '$2y$10$Wf.ZwRjpwLZ/p.W46.4fpuk0TlGH1PfKi.Vs6mjKpxUG85naD5aDK', 'male', 'Khan Zada', '03476977583', '16000.0000', 'month', NULL, '2018-01-24', NULL, 29, NULL, '2018-01-24', 'Em-0024.jpg', 91, 1, 1, 1, 5, 'Berarai K,khela Swat', 'Berarai k,khela swat', 'Pakistan', 'Pashto', 0, 'active', 'Islam', '15605-0373283-1', NULL, '{\"account_name\":\"admin@test.com\",\"account_number\":null,\"bank\":null,\"bin\":null,\"branch\":null,\"tax_payer_id\":null}', NULL, NULL, NULL, NULL, NULL, NULL, NULL, '2022-01-03 04:38:29', '2022-03-01 07:41:11'),
(25, NULL, 1, 'Em-0025', '180', 'Sohrab Khan', '', 'Em-2022-0025@gmail.com', '$2y$10$qbz4riL5Olqa33Dj8ppzjeanwaICJdQKyAdu8twLBTgNwJDEn1B4a', 'male', 'Sher Dad Khan', '03463127726', '18500.0000', 'month', NULL, '2018-01-24', NULL, 29, NULL, '2018-01-24', 'Em-0025.jpg', 91, 1, 1, 1, 32, 'Koza Asala Swat', 'Koza Asala swat', NULL, NULL, 0, 'active', 'Islam', NULL, NULL, '{\"account_name\":\"admin@test.com\",\"account_number\":null,\"bank\":null,\"bin\":null,\"branch\":null,\"tax_payer_id\":null}', NULL, NULL, 1, NULL, NULL, NULL, NULL, '2022-01-03 04:38:29', '2022-03-02 04:00:11'),
(26, NULL, 1, 'Em-0026', '181', 'Abdul Baqi', '', 'Em-2022-0026@gmail.com', '$2y$10$Kkm7iIj4VZ.28Go7hSz2De46VjDtgoDkn1oSaMc15oeb89qnUZBGK', 'male', 'Shah Nazar', '03469487858', '17000.0000', 'month', NULL, '2018-01-24', NULL, 29, NULL, '2018-01-24', 'Em-0026.jpg', 91, 1, 1, 1, 10, 'Shalpin Swat', 'shalpin swat', NULL, NULL, 0, 'active', 'Islam', NULL, NULL, '{\"account_name\":\"admin@test.com\",\"account_number\":null,\"bank\":null,\"bin\":null,\"branch\":null,\"tax_payer_id\":null}', NULL, NULL, 1, NULL, NULL, NULL, NULL, '2022-01-03 04:38:29', '2022-03-01 06:58:11'),
(27, 174, 1, 'Em-0027', '636', 'Karim Zada', '', 'karimzadakhan@gmail.com', '$2y$10$ubVYB3WmTxNVjPcmRxSaOOaIV8y3j36ixmosqhKCchmyXEVTXfjVS', 'male', 'Akbar Zada', '+923469443472', '22000.0000', 'month', NULL, '2018-02-15', NULL, 21, NULL, '2018-02-15', 'Em-0027.jpg', 91, 1, 1, 1, 1, 'Barkalay K,khela Swat', 'Barkalay k,khela swat', NULL, NULL, 0, 'active', 'Islam', '15602-4466726-7', NULL, '{\"account_name\":\"21000\",\"account_number\":null,\"bank\":null,\"bin\":null,\"branch\":null,\"tax_payer_id\":null}', NULL, NULL, 1, NULL, NULL, NULL, NULL, '2022-01-03 04:38:29', '2022-12-19 05:57:10'),
(28, NULL, 1, 'Em-0028', '639', 'Muhammad Fayaz', '', 'Em-2022-0028@gmail.com', '$2y$10$G7XCGBVV2eFVa8DI3mEXRekKLJxVv4j7zFN/KGG1Bvz4aU6LV2eDW', 'male', 'MUHAMMAD SHOAIB', '03429603221', '20000.0000', 'month', NULL, '2018-04-03', NULL, 21, NULL, '2018-04-03', 'Em-0028.jpg', 91, 1, 1, 1, 1, 'Barkaly K,khela Swat', 'Barkaly k,khela swat', NULL, NULL, 0, 'active', 'Islam', '15605-0350092-3', NULL, '{\"account_name\":\"21000\",\"account_number\":null,\"bank\":null,\"bin\":null,\"branch\":null,\"tax_payer_id\":null}', NULL, NULL, NULL, NULL, NULL, NULL, NULL, '2022-01-03 04:38:29', '2022-03-01 08:20:21'),
(29, 173, 1, 'Em-0029', '275', 'Ihsanullah', '', '0029@gmail.com', '$2y$10$mM/KwZLn8tI9QXtOD.ee8e2z9B.ioxXNGf/wZIGgHLE0l60Xe5GEW', 'male', 'QADAR KHAN', '+923442261618', '13500.0000', 'month', NULL, '2018-09-01', NULL, 21, 6, '2018-09-01', 'Em-0029.jpg', 91, 1, 1, 1, 5, 'Berarai Swat', 'Berarai swat', NULL, NULL, 0, 'active', 'Islam', '15602-9561381-7', NULL, '{\"account_name\":\"admin@test.com\",\"account_number\":\"282895475\",\"bank\":\"UBL\",\"bin\":null,\"branch\":\"Khwaza khela Swat\",\"tax_payer_id\":null}', NULL, NULL, 1, NULL, NULL, NULL, NULL, '2022-01-03 04:38:29', '2022-12-19 05:54:37'),
(30, NULL, 1, 'Em-0030', '658', 'Bakht Zar Khan', '', 'Em-2022-0030@gmail.com', '$2y$10$GK05TYoaMKMuEQ27dF0epOwbbELmEt.Ph6uJQPXMh1SYZoCQ2XulW', 'male', 'SHABIR', '03469401794', '15000.0000', 'month', NULL, '2019-09-28', NULL, 29, NULL, '2019-09-28', 'Em-0030.jpg', 91, 1, 1, 1, 7, 'CHAMTALAI SWAT', 'CHAMTALAI SWAT', NULL, NULL, 0, 'resign', 'Islam', NULL, NULL, '{\"account_name\":\"admin@test.com\",\"account_number\":null,\"bank\":null,\"bin\":null,\"branch\":null,\"tax_payer_id\":null}', NULL, NULL, 1, NULL, NULL, NULL, NULL, '2022-01-03 04:38:29', '2022-12-03 07:45:51'),
(31, NULL, 1, 'Em-0031', '659', 'Ghulam Muhammad', '', 'Em-2022-0031@gmail.com', '$2y$10$RcdV7/f2LlxbEp98xojLqup4No.lu5zPKT6nbKX82eMumxczoGPbu', 'male', 'NASRI KHAN', '03448868114', '15000.0000', 'month', NULL, '2019-09-28', NULL, 29, NULL, '2019-09-28', 'Em-0031.jpg', 91, 1, 1, 1, 26, 'FATEHPUR SWAT', 'FATEHPUR SWAT', NULL, NULL, 0, 'active', 'Islam', '15602-0355422-3', NULL, '{\"account_name\":\"admin@test.com\",\"account_number\":null,\"bank\":null,\"bin\":null,\"branch\":null,\"tax_payer_id\":null}', NULL, NULL, 1, NULL, NULL, NULL, NULL, '2022-01-03 04:38:29', '2022-03-02 07:32:44'),
(32, NULL, 1, 'Em-0032', '663', 'Faqir Muhammad', '', 'Em-2022-0032@gmail.com', '$2y$10$a15Xmww70aC2m5JZOgZgKOYi6PC4Mdh9zIh8ELqWhAeA9rgFfS5qq', 'male', 'Amir Mahmood', 'NA', '16000.0000', 'month', NULL, '2020-02-13', NULL, 29, NULL, '2020-02-13', 'Em-0032.jpg', 91, 1, 1, 5, 18, 'Gulibagh Swat', 'Gulibagh swat', NULL, NULL, 0, 'active', 'Islam', NULL, NULL, '{\"account_name\":\"admin@test.com\",\"account_number\":null,\"bank\":null,\"bin\":null,\"branch\":null,\"tax_payer_id\":null}', NULL, NULL, 1, NULL, NULL, NULL, NULL, '2022-01-03 04:38:29', '2022-03-01 07:12:22'),
(33, NULL, 1, 'Em-0033', '666', 'Murad Ali', '', 'Em-2022-0033@gmail.com', '$2y$10$fpHY.XOExyXdyImu0DR5VeUqxpny6TFNKg9jCuV8LTjfOiXVD1qey', 'male', 'MUHAMMAD ZADA', '03159739873', '15500.0000', 'month', NULL, '2020-03-06', NULL, 21, NULL, '2020-03-06', 'Em-0033.jpg', 91, 1, 1, 1, 9, 'Masteabad ASALA SWAT', 'Masteabad ASALA SWAT', NULL, NULL, 0, 'resign', 'Islam', '15605-0351754-5', NULL, '{\"account_name\":\"21000\",\"account_number\":null,\"bank\":null,\"bin\":null,\"branch\":null,\"tax_payer_id\":null}', NULL, NULL, 1, NULL, NULL, NULL, NULL, '2022-01-03 04:38:29', '2022-10-19 05:43:37'),
(34, NULL, 1, 'Em-0034', '670', 'Farmanullah', '', 'Em-2022-0034@gmail.com', '$2y$10$YelXpn8XafrPBEhKGJPZZOWIJgvAEkdek5ReP6XEk4yw0VWNAUaMm', 'male', 'Sher Azim Khan', '03449686104', '21500.0000', 'month', NULL, '2020-10-08', NULL, 21, NULL, '2020-10-08', 'Em-0034.jpg', 91, 1, 1, 1, 8, 'Village Langar Khwaza Khela Swat', 'Village Langar khwaza khela swat', NULL, NULL, 0, 'resign', 'Islam', '15602-7667135-9', NULL, '{\"account_name\":\"admin@test.com\",\"account_number\":null,\"bank\":null,\"bin\":null,\"branch\":null,\"tax_payer_id\":null}', NULL, NULL, NULL, NULL, NULL, NULL, NULL, '2022-01-03 04:38:29', '2022-10-19 05:43:26'),
(35, NULL, 1, 'Em-0035', '671', 'Bahadar Nawab', '', 'Em-2022-0035@gmail.com', '$2y$10$jBodg94YGbnSH8QvnkDPzeH/2IzQ0AymgwkTDBYHlnQ.Ocem0MfQC', 'male', 'Said Karim Jan', '03459456596', '18000.0000', 'month', NULL, '2020-10-12', NULL, 21, NULL, '2020-10-12', 'Em-0035.jpg', 91, 1, 1, 1, 1, 'Chinar Baba K,khela Swat', 'Chinar Baba k,khela swat', NULL, NULL, 0, 'resign', 'Islam', '15605-0354317-7', NULL, '{\"account_name\":\"admin@test.com\",\"account_number\":null,\"bank\":null,\"bin\":null,\"branch\":null,\"tax_payer_id\":null}', NULL, NULL, NULL, NULL, NULL, NULL, NULL, '2022-01-03 04:38:29', '2022-10-19 05:43:44'),
(36, NULL, 1, 'Em-0036', '673', 'Rasool Khan', '', 'Em-2022-0036@gmail.com', '$2y$10$8Mc3t24LR1Bp91cOIgTR.OrSgSZJNyNe5QY2Tk5R6WpxJM8pA2mWq', 'male', 'Shapursan', '03420901344', '11000.0000', 'month', NULL, '2020-11-02', NULL, 23, NULL, '2020-11-02', 'Em-0036.jpg', 91, 1, 1, 1, 1, 'Barkalay K,khela Swat', 'Barkalay k,khela swat', NULL, NULL, 0, 'inactive', 'Islam', '15605-0349900-1', NULL, '{\"account_name\":\"admin@test.com\",\"account_number\":null,\"bank\":null,\"bin\":null,\"branch\":null,\"tax_payer_id\":null}', NULL, NULL, NULL, NULL, NULL, NULL, NULL, '2022-01-03 04:38:29', '2022-03-05 07:05:31'),
(37, 175, 1, 'Em-0037', '674', 'Niamatullah', '', '0037@gmail.com', '$2y$10$ReDdTFjckYEcpoOzMxCKVOhOWS8fr8VTzHP5vZGiPpCkughZZXIJK', 'male', 'Khalil Ahmad', '+923429496199', '15000.0000', 'month', NULL, '2020-11-10', NULL, 21, NULL, '2020-11-10', 'Em-0037.jpg', 91, 1, 1, 1, 4, 'Jano K,khela Swat', 'Jano k,khela swat', NULL, NULL, 0, 'active', 'Islam', '15602-3531625-3', NULL, '{\"account_name\":\"21000\",\"account_number\":null,\"bank\":null,\"bin\":null,\"branch\":null,\"tax_payer_id\":null}', NULL, NULL, 1, NULL, NULL, NULL, NULL, '2022-01-03 04:38:29', '2022-12-21 06:27:11'),
(38, NULL, 1, 'Em-0038', '678', 'Dawood Azam', '', 'Em-2022-0038@gmail.com', '$2y$10$NR/LpFshxBC4rXpGgM8ZB.pesDvsMB6SEIgadTWTLOwjUeuky4MHK', 'male', 'Fazal Muhammad', '03472769042', '13000.0000', 'month', NULL, '2021-02-23', NULL, 21, NULL, '2021-02-23', 'Em-0038.jpg', 91, 1, 1, 1, 4, 'Bandai Khwaza Khela Swat', 'Bandai khwaza khela swat', NULL, NULL, 0, 'active', 'Islam', '15602-8021345-3', NULL, '{\"account_name\":\"admin@test.com\",\"account_number\":null,\"bank\":null,\"bin\":null,\"branch\":null,\"tax_payer_id\":null}', NULL, NULL, NULL, NULL, NULL, NULL, NULL, '2022-01-03 04:38:29', '2022-03-01 07:04:42'),
(39, NULL, 1, 'Em-0039', '681', 'Inamullah', '', 'Em-2022-0039@gmail.com', '$2y$10$lEFtjT8yYyIPTr6KJhDVr.EnRWnSzJZyNOm3N54Y6qHB3Lzk6yLd6', 'male', 'HEZOOR KHAN', '03479445245', '20000.0000', 'month', NULL, '2021-04-02', NULL, 21, NULL, '2021-04-02', 'Em-0039.jpg', 91, 1, 1, 1, 32, 'Koza Asala Swat', 'Koza Asala swat', NULL, NULL, 0, 'active', 'Islam', '15605-0387039-5', NULL, '{\"account_name\":\"admin@test.com\",\"account_number\":null,\"bank\":null,\"bin\":null,\"branch\":null,\"tax_payer_id\":null}', NULL, NULL, NULL, NULL, NULL, NULL, NULL, '2022-01-03 04:38:29', '2022-03-01 07:41:53'),
(40, NULL, 1, 'Em-0040', '684', 'Muhammad Ayaz', '', 'Em-2022-0040@gmail.com', '$2y$10$PIdiXPgHj3i6s3Ba0JkOkudmgObynk2S7GJLlD5w8Jt1z/xOfex8G', 'male', 'Shah Pursan', '03478320129', '20000.0000', 'month', NULL, '2021-08-31', NULL, 21, NULL, '2021-08-31', 'Em-0040.jpg', 91, 1, 1, 5, 18, 'Gulibagh Swat', 'Gulibagh swat', NULL, NULL, 0, 'active', 'Islam', '42401-7409646-3', NULL, '{\"account_name\":\"admin@test.com\",\"account_number\":null,\"bank\":null,\"bin\":null,\"branch\":null,\"tax_payer_id\":null}', NULL, NULL, NULL, NULL, NULL, NULL, NULL, '2022-01-03 04:38:29', '2022-10-06 07:27:38'),
(41, 163, 1, 'Em-0041', '685', 'Numan Ijaz', '', 'Em-2022-0041@gmail.com', '$2y$10$nSD.1/hszRWB4MOaATT3Zuo1kMQZwN6j0tR39069T92cAlJ4GPNra', 'male', 'TALIZAR', '03449881109', '19000.0000', 'month', NULL, '2021-10-08', NULL, 21, NULL, '2021-10-08', 'Em-0041.jpg', 91, 1, 1, 1, 3, 'Shin Naway Kalay Swat', 'Shin naway kalay swat', NULL, NULL, 0, 'active', 'Islam', '15605-0358640-_', NULL, '{\"account_name\":\"admin@test.com\",\"account_number\":null,\"bank\":null,\"bin\":null,\"branch\":null,\"tax_payer_id\":null}', NULL, NULL, NULL, NULL, NULL, NULL, NULL, '2022-01-03 04:38:29', '2022-11-05 04:31:21'),
(42, NULL, 1, 'Em-0042', '687', 'Syed Hasan', '', 'Em-2022-0042@gmail.com', '$2y$10$1vxgiWf3y1Isp7LXl32o4ubDs306oVAC0rAQY9./OT9lMEa4T/mHG', 'male', 'MOHAMMAD HASAN', '03489021571', '15000.0000', 'month', NULL, '2021-12-09', NULL, 21, NULL, '2021-12-09', 'Em-0042.jpg', 91, 1, 1, 1, 1, 'Khwaza Khela Swat', 'Khwaza khela swat', NULL, NULL, 0, 'active', 'Islam', '15602-9948018-3', NULL, '{\"account_name\":null,\"account_number\":null,\"bank\":null,\"bin\":null,\"branch\":null,\"tax_payer_id\":null}', NULL, NULL, NULL, NULL, NULL, NULL, NULL, '2022-01-03 04:38:29', '2022-02-26 08:56:22'),
(43, 179, 1, 'Em-0043', NULL, 'Noor Hasan', '', 'noorhasankhan618@gmail.com', '$2y$10$DeZAX1yx.hto9ClKiwTcuOkP6SOLcNvgDaNeFYX.ISW1.BO/LschK', 'male', 'MOHAMMAD HASAN', '+923478118618', '14000.0000', 'month', NULL, '2022-01-03', NULL, 21, NULL, '2022-01-03', 'Em-2022-0043.jpg', 91, 1, 1, 1, 1, 'Swat PAkistan', 'Swat PAkistan', 'Pakistani', NULL, 0, 'active', 'Islam', NULL, NULL, '{\"account_name\":\"admin@test.com\",\"account_number\":null,\"bank\":null,\"bin\":null,\"branch\":null,\"tax_payer_id\":null}', NULL, NULL, NULL, NULL, NULL, NULL, NULL, '2022-01-03 07:18:27', '2022-12-21 07:03:58'),
(44, NULL, 1, 'Em-0044', NULL, 'NOOR', 'HASAN', 'noorhasankhan618@gmail.conm', '$2y$10$XvWIAETZF4ThkrvMMf3Qj.bk116eSbVKS4WykCqbWBAwUnd4QTVoO', 'male', 'MOHAMMAD HASAN', '03478118618', '14000.0000', 'month', NULL, '1998-12-26', NULL, NULL, NULL, '2022-02-16', 'default.png', 91, 1, 1, 1, 1, 'Barkalay khwaza khela swat', 'Barkalay khwaza khela swat', 'Pakistani', NULL, 0, 'inactive', 'Islam', '15602-9938613-3', 'B+', '{\"account_name\":\"admin@test.com\",\"account_number\":null,\"bank\":null,\"bin\":null,\"branch\":null,\"tax_payer_id\":null}', NULL, NULL, NULL, NULL, NULL, NULL, NULL, '2022-03-10 05:31:20', '2022-03-28 08:24:15'),
(45, 178, 1, 'Em-0045', NULL, 'ATTA', 'ULLAH', '0045@gmail.com', '$2y$10$Pt8W8YGmFVb5aeLjBqGY6e1E.J4kLHoUKzUfW8QKO4s..zFeUDvV2', 'male', 'RAHMANULLAH', '+923489505195', '16000.0000', 'month', NULL, '1999-03-04', NULL, 21, 7, '2022-09-13', 'default.png', 91, 1, 1, 1, 1, 'Barkalay khwaza khela swat', 'Barkalay khwaza khela swat', 'Pakistani', 'PASHTO', 0, 'active', 'Islam', '15605-0367975-3', 'B+', '{\"account_name\":\"admin@test.com\",\"account_number\":null,\"bank\":null,\"bin\":null,\"branch\":null,\"tax_payer_id\":null}', NULL, NULL, NULL, NULL, NULL, NULL, NULL, '2022-09-13 04:21:29', '2022-12-21 06:42:36'),
(46, NULL, 1, 'Em-0046', NULL, 'SAEED', 'AHMAD', 'Em-2022-0046@gmail.com', '$2y$10$PKEiuSihX6Sur8gQOBZ4r.66SBiS26QFKQb/J/AYnmJ1P5TMqYjTu', 'male', 'MUHAMMAD SAEED KHAN', '03409826755', '19000.0000', 'month', NULL, '1999-04-15', NULL, NULL, NULL, '2022-09-15', 'default.png', 91, 1, 1, 1, 28, 'Navy kalay shin swat', 'Navy kalay shin swat', 'Pakistani', 'Pashto', 0, 'active', 'Islam', '15605-0367646-7', 'A+', '{\"account_name\":\"admin@test.com\",\"account_number\":null,\"bank\":null,\"bin\":null,\"branch\":null,\"tax_payer_id\":null}', NULL, NULL, NULL, NULL, NULL, NULL, NULL, '2022-09-15 05:53:48', '2022-09-15 05:53:48'),
(47, 176, 1, 'Em-2022-0047', NULL, 'MUHAMMAD', 'MAAZ', '0047@gmail.com', '$2y$10$r9V94YEJ1o/d360LRKNGEe2Zu2vhRhyKT.7FLVecWvAK4OaPJacnm', 'male', 'ATTA UR RAHMAN', '+923089757294', '16000.0000', 'month', NULL, '2000-02-05', NULL, 21, NULL, '2022-09-29', 'default.png', 91, 1, 1, 1, 10, 'Shalpin khwaza khela swat', NULL, 'Pakistani', 'Pashto', 0, 'active', 'Islam', '15605-0268288-1', 'O+', '{\"account_name\":\"admin@test.com\",\"account_number\":null,\"bank\":null,\"bin\":null,\"branch\":null,\"tax_payer_id\":null}', NULL, NULL, NULL, NULL, NULL, NULL, NULL, '2022-09-29 06:48:12', '2022-12-21 06:32:36'),
(48, 159, 1, 'Em-0048', NULL, 'LATIFUR', 'RAHMAN', 'Em-0048@gmail.com', '$2y$10$738heJAOhDqpjYZtbMlbXuL76i.QOtJ.IbqqPARy77rYhV9LIxzfG', 'male', 'MUHAR JAAN', '03449622558', '17000.0000', 'month', NULL, '2022-10-29', NULL, 29, NULL, '2022-10-29', 'default.png', 91, 1, 1, 1, 1, 'Barkalay K.Khela', 'Barkalay K.Khela', 'Pakistani', NULL, 0, 'active', 'Islam', NULL, NULL, '{\"account_name\":null,\"account_number\":null,\"bank\":null,\"bin\":null,\"branch\":null,\"tax_payer_id\":null}', NULL, NULL, NULL, NULL, NULL, NULL, NULL, '2022-10-29 07:05:14', '2022-10-29 07:05:14'),
(49, 161, 1, 'Em-0049', NULL, 'SHER', 'MUHAMMAD KHAN', 'Em-0049@gmail.com', '$2y$10$jUehxMTycQvAFOBqzuo.ruexITupE4Xuq3h46CDI8Iw5AhiD78NtG', 'male', 'MEHMOOD ZADA', '+923449012621', '16000.0000', 'month', NULL, '1999-03-02', NULL, 31, NULL, '2022-11-01', 'default.png', 91, 1, 1, 1, 6, 'Babo khwaza khela swat', 'Babo khwaza khela swat', 'Pakistani', 'Pashto', 0, 'active', 'Islam', '15501-7121310-7', 'B+', '{\"account_name\":\"admin@test.com\",\"account_number\":null,\"bank\":null,\"bin\":null,\"branch\":null,\"tax_payer_id\":null}', NULL, NULL, NULL, NULL, NULL, NULL, NULL, '2022-11-01 06:26:04', '2022-12-08 08:38:45');

-- --------------------------------------------------------

--
-- Table structure for table `hrm_employee_documents`
--

CREATE TABLE `hrm_employee_documents` (
  `id` int(10) UNSIGNED NOT NULL,
  `employee_id` int(10) UNSIGNED NOT NULL,
  `type` varchar(100) COLLATE utf8mb4_unicode_ci NOT NULL,
  `filename` varchar(100) COLLATE utf8mb4_unicode_ci NOT NULL,
  `created_at` timestamp NULL DEFAULT NULL,
  `updated_at` timestamp NULL DEFAULT NULL
) ENGINE=InnoDB DEFAULT CHARSET=utf8mb4 COLLATE=utf8mb4_unicode_ci;

-- --------------------------------------------------------

--
-- Table structure for table `hrm_employee_shifts`
--

CREATE TABLE `hrm_employee_shifts` (
  `id` int(10) UNSIGNED NOT NULL,
  `employee_id` int(11) NOT NULL,
  `hrm_shift_id` int(11) NOT NULL,
  `start_date` date DEFAULT NULL,
  `end_date` date DEFAULT NULL,
  `created_at` timestamp NULL DEFAULT NULL,
  `updated_at` timestamp NULL DEFAULT NULL
) ENGINE=InnoDB DEFAULT CHARSET=utf8mb4 COLLATE=utf8mb4_unicode_ci;

--
-- Dumping data for table `hrm_employee_shifts`
--

INSERT INTO `hrm_employee_shifts` (`id`, `employee_id`, `hrm_shift_id`, `start_date`, `end_date`, `created_at`, `updated_at`) VALUES
(1, 1, 1, '2022-01-01', '2027-12-31', NULL, '2022-01-11 19:21:19'),
(2, 2, 1, '2022-01-01', '2027-12-31', '2022-01-11 17:34:23', '2022-01-11 19:21:19'),
(3, 13, 1, '2022-01-01', '2027-12-31', '2022-01-11 18:20:22', '2022-01-11 18:20:22'),
(4, 3, 1, '2022-01-01', '2027-12-31', '2022-01-11 19:21:19', '2022-01-11 19:21:19'),
(5, 4, 1, '2022-01-01', '2027-12-31', '2022-01-11 19:21:19', '2022-01-11 19:21:19'),
(6, 5, 1, '2022-01-01', '2027-12-31', '2022-01-11 19:21:19', '2022-01-11 19:21:19'),
(7, 6, 1, '2022-01-01', '2027-12-31', '2022-01-11 19:21:19', '2022-01-11 19:21:19'),
(8, 7, 1, '2022-01-01', '2027-12-31', '2022-01-11 19:21:19', '2022-01-11 19:21:19'),
(9, 8, 1, '2022-01-01', '2027-12-31', '2022-01-11 19:21:19', '2022-01-11 19:21:19'),
(10, 9, 1, '2022-01-01', '2027-12-31', '2022-01-11 19:21:19', '2022-01-11 19:21:19'),
(11, 10, 1, '2022-01-01', '2027-12-31', '2022-01-11 19:21:19', '2022-01-11 19:21:19'),
(12, 11, 1, '2022-01-01', '2027-12-31', '2022-01-11 19:21:19', '2022-01-11 19:21:19'),
(13, 12, 1, '2022-01-01', '2027-12-31', '2022-01-11 19:21:19', '2022-01-11 19:21:19'),
(14, 14, 1, '2022-01-01', '2027-12-31', '2022-01-11 19:21:19', '2022-01-11 19:21:19'),
(15, 15, 1, '2022-01-01', '2027-12-31', '2022-01-11 19:21:19', '2022-01-11 19:21:19'),
(16, 16, 1, '2022-01-01', '2027-12-31', '2022-01-11 19:21:19', '2022-01-11 19:21:19'),
(17, 17, 1, '2022-01-01', '2027-12-31', '2022-01-11 19:21:19', '2022-01-11 19:21:19'),
(18, 18, 1, '2022-01-01', '2027-12-31', '2022-01-11 19:21:19', '2022-01-11 19:21:19'),
(19, 19, 1, '2022-01-01', '2027-12-31', '2022-01-11 19:21:19', '2022-01-11 19:21:19'),
(20, 20, 1, '2022-01-01', '2027-12-31', '2022-01-11 19:21:19', '2022-01-11 19:21:19'),
(21, 21, 1, '2022-01-01', '2027-12-31', '2022-01-11 19:21:19', '2022-01-11 19:21:19'),
(22, 22, 1, '2022-01-01', '2027-12-31', '2022-01-11 19:21:19', '2022-01-11 19:21:19'),
(23, 23, 1, '2022-01-01', '2027-12-31', '2022-01-11 19:21:19', '2022-01-11 19:21:19'),
(24, 24, 1, '2022-01-01', '2027-12-31', '2022-01-11 19:21:20', '2022-01-11 19:21:20'),
(25, 25, 1, '2022-01-01', '2027-12-31', '2022-01-11 19:21:20', '2022-01-11 19:21:20'),
(26, 26, 1, '2022-01-01', '2027-12-31', '2022-01-11 19:21:20', '2022-01-11 19:21:20'),
(27, 27, 1, '2022-01-01', '2027-12-31', '2022-01-11 19:21:20', '2022-01-11 19:21:20'),
(28, 28, 1, '2022-01-01', '2027-12-31', '2022-01-11 19:21:20', '2022-01-11 19:21:20'),
(29, 29, 1, '2022-01-01', '2027-12-31', '2022-01-11 19:21:20', '2022-01-11 19:21:20'),
(30, 30, 1, '2022-01-01', '2027-12-31', '2022-01-11 19:21:20', '2022-01-11 19:21:20'),
(31, 31, 1, '2022-01-01', '2027-12-31', '2022-01-11 19:21:20', '2022-01-11 19:21:20'),
(32, 32, 1, '2022-01-01', '2027-12-31', '2022-01-11 19:21:20', '2022-01-11 19:21:20'),
(33, 33, 1, '2022-01-01', '2027-12-31', '2022-01-11 19:21:20', '2022-01-11 19:21:20'),
(34, 34, 1, '2022-01-01', '2027-12-31', '2022-01-11 19:21:20', '2022-01-11 19:21:20'),
(35, 35, 1, '2022-01-01', '2027-12-31', '2022-01-11 19:21:20', '2022-01-11 19:21:20'),
(36, 36, 1, '2022-01-01', '2027-12-31', '2022-01-11 19:21:20', '2022-01-11 19:21:20'),
(37, 37, 1, '2022-01-01', '2027-12-31', '2022-01-11 19:21:20', '2022-01-11 19:21:20'),
(38, 38, 1, '2022-01-01', '2027-12-31', '2022-01-11 19:21:20', '2022-01-11 19:21:20'),
(39, 39, 1, '2022-01-01', '2027-12-31', '2022-01-11 19:21:20', '2022-01-11 19:21:20'),
(40, 40, 1, '2022-01-01', '2027-12-31', '2022-01-11 19:21:20', '2022-01-11 19:21:20'),
(41, 41, 1, '2022-01-01', '2027-12-31', '2022-01-11 19:21:20', '2022-01-11 19:21:20'),
(42, 42, 1, '2022-01-01', '2027-12-31', '2022-01-11 19:21:20', '2022-01-11 19:21:20'),
(43, 43, 1, '2022-01-01', '2027-12-31', '2022-01-11 19:21:20', '2022-01-11 19:21:20'),
(44, 45, 1, '2022-09-20', '2027-09-29', '2022-09-29 08:32:51', '2022-09-29 08:32:51'),
(45, 46, 1, '2022-09-19', '2027-09-30', '2022-09-29 08:32:51', '2022-09-29 08:32:51'),
(46, 47, 1, '2022-09-20', '2027-09-30', '2022-09-29 08:32:51', '2022-09-29 08:32:51'),
(47, 48, 1, '2022-12-08', '2027-09-30', '2022-12-08 12:08:59', '2022-12-08 12:08:59'),
(48, 49, 1, '2022-12-08', '2027-09-30', '2022-12-08 12:08:59', '2022-12-08 12:08:59');

-- --------------------------------------------------------

--
-- Table structure for table `hrm_leave_categories`
--

CREATE TABLE `hrm_leave_categories` (
  `id` int(10) UNSIGNED NOT NULL,
  `leave_category` varchar(100) COLLATE utf8mb4_unicode_ci NOT NULL,
  `max_leave_count` int(11) DEFAULT NULL,
  `leave_count_interval` enum('month','year') COLLATE utf8mb4_unicode_ci DEFAULT NULL,
  `created_by` int(10) UNSIGNED NOT NULL,
  `deleted_at` timestamp NULL DEFAULT NULL,
  `created_at` timestamp NULL DEFAULT NULL,
  `updated_at` timestamp NULL DEFAULT NULL
) ENGINE=InnoDB DEFAULT CHARSET=utf8mb4 COLLATE=utf8mb4_unicode_ci;

-- --------------------------------------------------------

--
-- Table structure for table `hrm_notification_templates`
--

CREATE TABLE `hrm_notification_templates` (
  `id` int(10) UNSIGNED NOT NULL,
  `template_for` varchar(191) COLLATE utf8mb4_unicode_ci NOT NULL,
  `email_body` text COLLATE utf8mb4_unicode_ci DEFAULT NULL,
  `sms_body` text COLLATE utf8mb4_unicode_ci DEFAULT NULL,
  `whatsapp_text` text COLLATE utf8mb4_unicode_ci DEFAULT NULL,
  `subject` varchar(191) COLLATE utf8mb4_unicode_ci DEFAULT NULL,
  `cc` varchar(191) COLLATE utf8mb4_unicode_ci DEFAULT NULL,
  `bcc` varchar(191) COLLATE utf8mb4_unicode_ci DEFAULT NULL,
  `auto_send` tinyint(1) NOT NULL DEFAULT 0,
  `auto_send_sms` tinyint(1) NOT NULL DEFAULT 0,
  `auto_send_wa_notif` tinyint(1) NOT NULL DEFAULT 0,
  `created_at` timestamp NULL DEFAULT NULL,
  `updated_at` timestamp NULL DEFAULT NULL
) ENGINE=InnoDB DEFAULT CHARSET=utf8mb4 COLLATE=utf8mb4_unicode_ci;

--
-- Dumping data for table `hrm_notification_templates`
--

INSERT INTO `hrm_notification_templates` (`id`, `template_for`, `email_body`, `sms_body`, `whatsapp_text`, `subject`, `cc`, `bcc`, `auto_send`, `auto_send_sms`, `auto_send_wa_notif`, `created_at`, `updated_at`) VALUES
(1, 'attendance_check_in', NULL, 'ASSALAMU ALAIKUM\nGood Morning And  Welcome To Collegiate Sir {employee_name}  /n    \nArrival Timing: {clock_in_time}', NULL, 'Thank you from {business_name}', NULL, NULL, 0, 1, 0, '2021-11-27 02:45:44', '2021-11-27 02:45:44'),
(2, 'attendance_check_out', NULL, '\nAllah Hafiz Sir {employee_name}  /n \nDeparture Timing: {clock_out_time}', NULL, 'Thank you from {business_name}', NULL, NULL, 0, 1, 0, '2021-11-26 21:45:44', '2021-11-26 21:45:44'),
(3, 'student_attendance_check_in', NULL, 'ASSALAMU ALAIKUM\r\nGood Morning And  Welcome To Collegiate Mr {student_name}  /n\r\nArrival Timing: {clock_in_time}', NULL, 'Thank you from {business_name}', NULL, NULL, 0, 1, 0, '2021-11-26 21:45:44', '2021-11-26 21:45:44'),
(4, 'student_attendance_check_out', NULL, 'Allah Hafiz Mr/Miss {student_name}  /n    \n    Departure Timing: {clock_out_time}', NULL, 'Thank you from {business_name}', NULL, NULL, 0, 1, 0, '2021-11-26 16:45:44', '2021-11-26 16:45:44'),
(5, 'shift_is_not_over', NULL, '  {org_name}/nshift_is_not_over ', NULL, 'Thank you from {business_name}', NULL, NULL, 0, 1, 0, '2021-11-26 21:45:44', '2021-11-26 21:45:44'),
(6, 'student_vacation', NULL, 'Dear Parents, /nDue to winter vacation  Swat Collegiate will remain closed from /n14-01-2022 until 26-01-2022/n (Both Days Included )/nIn Sha ALLAH School will reopen on thursday/n27th january 2022/nRegards/nPrincipal/nSwat Collegiate School/nKhwaza Khela\n', NULL, 'Thank you from {business_name}', NULL, NULL, 0, 1, 0, '2021-11-26 21:45:44', '2021-11-26 21:45:44'),
(7, 'owner_payment_received', NULL, 'Student Name : {student_name}/n\r\nPayment Ref No: {payment_ref_no}/n\r\nPaid Amount: {paid_amount}/n\r\nPaid On :{paid_on} /n\r\nRemaining Balance: {total_due}\r\n', NULL, 'Thank you from {business_name}', NULL, NULL, 0, 1, 0, '2021-11-26 16:45:44', '2021-11-26 16:45:44'),
(8, 'fee_due_sms', NULL, 'Dear parents, \nKindly pay the Pending \nFee Rs: {total_due} of your\nChild {student_name} Class {current_class}  ,to avoid inconvenience as due date is  over .\nAccounts Manager: \n   Swat Collegiate', NULL, 'Thank you from {business_name}', NULL, NULL, 0, 1, 0, '2021-11-26 11:45:44', '2021-11-26 11:45:44'),
(9, 'student_attendance_absent_sms', NULL, 'Dear Parrents\nMr/Miss {student_name}  Class\n{current_class} is absent from school today\nDate: {clock_in_time}.\n\nPrincipal\n      Collegiate  \n', NULL, 'Thank you from {business_name}', NULL, NULL, 0, 1, 0, '2021-11-26 21:45:44', '2021-11-26 21:45:44');

-- --------------------------------------------------------

--
-- Table structure for table `hrm_shifts`
--

CREATE TABLE `hrm_shifts` (
  `id` int(10) UNSIGNED NOT NULL,
  `name` varchar(191) COLLATE utf8mb4_unicode_ci NOT NULL,
  `type` enum('fixed_shift','flexible_shift') COLLATE utf8mb4_unicode_ci NOT NULL DEFAULT 'fixed_shift',
  `created_by` int(10) UNSIGNED NOT NULL,
  `start_time` time DEFAULT NULL,
  `end_time` time DEFAULT NULL,
  `holidays` text COLLATE utf8mb4_unicode_ci DEFAULT NULL,
  `created_at` timestamp NULL DEFAULT NULL,
  `updated_at` timestamp NULL DEFAULT NULL
) ENGINE=InnoDB DEFAULT CHARSET=utf8mb4 COLLATE=utf8mb4_unicode_ci;

--
-- Dumping data for table `hrm_shifts`
--

INSERT INTO `hrm_shifts` (`id`, `name`, `type`, `created_by`, `start_time`, `end_time`, `holidays`, `created_at`, `updated_at`) VALUES
(1, 'Morning duty', 'fixed_shift', 1, '06:00:00', '17:00:00', '[\"sunday\"]', '2022-01-05 17:03:31', '2023-01-16 07:04:15'),
(2, 'School Shift', 'fixed_shift', 1, '09:57:00', '11:00:00', '[\"sunday\"]', '2022-02-12 04:57:35', '2022-09-29 08:40:07');

-- --------------------------------------------------------

--
-- Table structure for table `hrm_transactions`
--

CREATE TABLE `hrm_transactions` (
  `id` int(10) UNSIGNED NOT NULL,
  `campus_id` int(10) UNSIGNED NOT NULL,
  `session_id` int(10) UNSIGNED NOT NULL,
  `payroll_group_name` varchar(191) COLLATE utf8mb4_unicode_ci DEFAULT NULL,
  `type` enum('opening_balance','pay_roll','expense') COLLATE utf8mb4_unicode_ci NOT NULL,
  `status` enum('pending','final') COLLATE utf8mb4_unicode_ci NOT NULL,
  `payment_status` enum('paid','due','partial') COLLATE utf8mb4_unicode_ci NOT NULL,
  `employee_id` int(10) UNSIGNED NOT NULL,
  `ref_no` varchar(191) COLLATE utf8mb4_unicode_ci DEFAULT NULL,
  `transaction_date` datetime NOT NULL,
  `month` enum('1','2','3','4','5','6','7','8','9','10','11','12') COLLATE utf8mb4_unicode_ci NOT NULL,
  `basic_salary` decimal(22,4) NOT NULL DEFAULT 0.0000,
  `allowances_amount` decimal(22,4) NOT NULL DEFAULT 0.0000,
  `deductions_amount` decimal(22,4) NOT NULL DEFAULT 0.0000,
  `final_total` decimal(22,4) NOT NULL DEFAULT 0.0000,
  `created_by` int(10) UNSIGNED NOT NULL,
  `allowances` text COLLATE utf8mb4_unicode_ci DEFAULT NULL,
  `deductions` text COLLATE utf8mb4_unicode_ci DEFAULT NULL,
  `created_at` timestamp NULL DEFAULT NULL,
  `updated_at` timestamp NULL DEFAULT NULL
) ENGINE=InnoDB DEFAULT CHARSET=utf8mb4 COLLATE=utf8mb4_unicode_ci;

--
-- Dumping data for table `hrm_transactions`
--

INSERT INTO `hrm_transactions` (`id`, `campus_id`, `session_id`, `payroll_group_name`, `type`, `status`, `payment_status`, `employee_id`, `ref_no`, `transaction_date`, `month`, `basic_salary`, `allowances_amount`, `deductions_amount`, `final_total`, `created_by`, `allowances`, `deductions`, `created_at`, `updated_at`) VALUES
(1, 1, 1, 'Payroll for February 2022', 'pay_roll', 'final', 'paid', 1, '2022-0001', '2022-02-01 00:00:00', '2', '21500.0000', '1430.0000', '0.0000', '22930.0000', 1, NULL, NULL, '2022-03-02 06:46:47', '2022-03-02 08:12:05'),
(2, 1, 1, 'Payroll for February 2022', 'pay_roll', 'final', 'paid', 3, '2022-0002', '2022-02-01 00:00:00', '2', '11000.0000', '0.0000', '0.0000', '11000.0000', 1, NULL, NULL, '2022-03-02 06:46:47', '2022-03-02 08:16:34'),
(3, 1, 1, 'Payroll for February 2022', 'pay_roll', 'final', 'paid', 4, '2022-0003', '2022-02-01 00:00:00', '2', '14500.0000', '0.0000', '0.0000', '14500.0000', 1, NULL, NULL, '2022-03-02 06:46:47', '2022-03-02 08:17:17'),
(4, 1, 1, 'Payroll for February 2022', 'pay_roll', 'final', 'paid', 5, '2022-0004', '2022-02-01 00:00:00', '2', '13500.0000', '900.0000', '0.0000', '14400.0000', 1, NULL, NULL, '2022-03-02 06:46:47', '2022-03-03 06:32:19'),
(5, 1, 1, 'Payroll for February 2022', 'pay_roll', 'final', 'paid', 6, '2022-0005', '2022-02-01 00:00:00', '2', '17000.0000', '0.0000', '0.0000', '17000.0000', 1, NULL, NULL, '2022-03-02 06:46:47', '2022-03-05 04:25:26'),
(6, 1, 1, 'Payroll for February 2022', 'pay_roll', 'final', 'paid', 7, '2022-0006', '2022-02-01 00:00:00', '2', '14500.0000', '480.0000', '0.0000', '14980.0000', 1, NULL, NULL, '2022-03-02 06:46:47', '2022-03-03 07:57:44'),
(7, 1, 1, 'Payroll for February 2022', 'pay_roll', 'final', 'paid', 8, '2022-0007', '2022-02-01 00:00:00', '2', '23000.0000', '0.0000', '0.0000', '23000.0000', 1, NULL, NULL, '2022-03-02 06:46:47', '2022-03-05 04:35:13'),
(9, 1, 1, 'Payroll for February 2022', 'pay_roll', 'final', 'paid', 11, '2022-0009', '2022-02-01 00:00:00', '2', '26000.0000', '0.0000', '0.0000', '26000.0000', 1, NULL, NULL, '2022-03-02 06:46:47', '2022-03-05 07:03:08'),
(11, 1, 1, 'Payroll for February 2022', 'pay_roll', 'final', 'paid', 13, '2022-0011', '2022-02-01 00:00:00', '2', '24000.0000', '0.0000', '0.0000', '24000.0000', 1, NULL, NULL, '2022-03-02 06:46:47', '2022-03-07 08:18:05'),
(12, 1, 1, 'Payroll for February 2022', 'pay_roll', 'final', 'paid', 14, '2022-0012', '2022-02-01 00:00:00', '2', '20000.0000', '660.0000', '0.0000', '20660.0000', 1, NULL, NULL, '2022-03-02 06:46:47', '2022-03-03 07:41:13'),
(13, 1, 1, 'Payroll for February 2022', 'pay_roll', 'final', 'paid', 15, '2022-0013', '2022-02-01 00:00:00', '2', '21000.0000', '1400.0000', '0.0000', '22400.0000', 1, NULL, NULL, '2022-03-02 06:46:47', '2022-03-03 06:22:24'),
(14, 1, 1, 'Payroll for February 2022', 'pay_roll', 'final', 'paid', 16, '2022-0014', '2022-02-01 00:00:00', '2', '12000.0000', '0.0000', '0.0000', '12000.0000', 1, NULL, NULL, '2022-03-02 06:46:47', '2022-03-11 04:02:05'),
(15, 1, 1, 'Payroll for February 2022', 'pay_roll', 'final', 'paid', 17, '2022-0015', '2022-02-01 00:00:00', '2', '21000.0000', '1400.0000', '0.0000', '22400.0000', 1, NULL, NULL, '2022-03-02 06:46:47', '2022-03-08 07:16:33'),
(16, 1, 1, 'Payroll for February 2022', 'pay_roll', 'final', 'paid', 18, '2022-0016', '2022-02-01 00:00:00', '2', '16000.0000', '0.0000', '0.0000', '16000.0000', 1, NULL, NULL, '2022-03-02 06:46:47', '2022-03-03 06:30:48'),
(17, 1, 1, 'Payroll for February 2022', 'pay_roll', 'final', 'paid', 19, '2022-0017', '2022-02-01 00:00:00', '2', '20000.0000', '1330.0000', '0.0000', '21330.0000', 1, NULL, NULL, '2022-03-02 06:46:47', '2022-03-02 08:16:10'),
(18, 1, 1, 'Payroll for February 2022', 'pay_roll', 'final', 'paid', 20, '2022-0018', '2022-02-01 00:00:00', '2', '17000.0000', '1130.0000', '0.0000', '18130.0000', 1, NULL, NULL, '2022-03-02 06:46:47', '2022-03-03 06:29:48'),
(19, 1, 1, 'Payroll for February 2022', 'pay_roll', 'final', 'paid', 21, '2022-0019', '2022-02-01 00:00:00', '2', '15500.0000', '1030.0000', '0.0000', '16530.0000', 1, NULL, NULL, '2022-03-02 06:46:47', '2022-03-03 06:25:59'),
(20, 1, 1, 'Payroll for February 2022', 'pay_roll', 'final', 'paid', 22, '2022-0020', '2022-02-01 00:00:00', '2', '15500.0000', '510.0000', '0.0000', '16010.0000', 1, NULL, NULL, '2022-03-02 06:46:47', '2022-03-08 05:24:17'),
(21, 1, 1, 'Payroll for February 2022', 'pay_roll', 'final', 'paid', 23, '2022-0021', '2022-02-01 00:00:00', '2', '15500.0000', '0.0000', '0.0000', '15500.0000', 1, NULL, NULL, '2022-03-02 06:46:47', '2022-03-02 08:15:37'),
(22, 1, 1, 'Payroll for February 2022', 'pay_roll', 'final', 'paid', 24, '2022-0022', '2022-02-01 00:00:00', '2', '16000.0000', '0.0000', '0.0000', '16000.0000', 1, NULL, NULL, '2022-03-02 06:46:47', '2022-03-04 04:17:30'),
(23, 1, 1, 'Payroll for February 2022', 'pay_roll', 'final', 'paid', 25, '2022-0023', '2022-02-01 00:00:00', '2', '18500.0000', '0.0000', '0.0000', '18500.0000', 1, NULL, NULL, '2022-03-02 06:46:47', '2022-03-02 08:16:48'),
(24, 1, 1, 'Payroll for February 2022', 'pay_roll', 'final', 'paid', 26, '2022-0024', '2022-02-01 00:00:00', '2', '17000.0000', '0.0000', '0.0000', '17000.0000', 1, NULL, NULL, '2022-03-02 06:46:47', '2022-03-02 08:12:32'),
(25, 1, 1, 'Payroll for February 2022', 'pay_roll', 'final', 'paid', 27, '2022-0025', '2022-02-01 00:00:00', '2', '22000.0000', '730.0000', '0.0000', '22730.0000', 1, NULL, NULL, '2022-03-02 06:46:47', '2022-03-07 04:11:05'),
(26, 1, 1, 'Payroll for February 2022', 'pay_roll', 'final', 'paid', 28, '2022-0026', '2022-02-01 00:00:00', '2', '20000.0000', '1330.0000', '0.0000', '21330.0000', 1, NULL, NULL, '2022-03-02 06:47:21', '2022-03-09 06:50:02'),
(27, 1, 1, 'Payroll for February 2022', 'pay_roll', 'final', 'paid', 29, '2022-0027', '2022-02-01 00:00:00', '2', '13500.0000', '900.0000', '0.0000', '14400.0000', 1, NULL, NULL, '2022-03-02 06:47:21', '2022-03-04 06:38:17'),
(28, 1, 1, 'Payroll for February 2022', 'pay_roll', 'final', 'paid', 30, '2022-0028', '2022-02-01 00:00:00', '2', '15000.0000', '0.0000', '0.0000', '15000.0000', 1, NULL, NULL, '2022-03-02 06:47:21', '2022-03-02 08:13:52'),
(30, 1, 1, 'Payroll for February 2022', 'pay_roll', 'final', 'paid', 32, '2022-0030', '2022-02-01 00:00:00', '2', '16000.0000', '0.0000', '0.0000', '16000.0000', 1, NULL, NULL, '2022-03-02 06:47:21', '2022-03-02 08:14:32'),
(31, 1, 1, 'Payroll for February 2022', 'pay_roll', 'final', 'paid', 33, '2022-0031', '2022-02-01 00:00:00', '2', '15500.0000', '1030.0000', '0.0000', '16530.0000', 1, NULL, NULL, '2022-03-02 06:47:21', '2022-03-03 06:21:32'),
(32, 1, 1, 'Payroll for February 2022', 'pay_roll', 'final', 'paid', 34, '2022-0032', '2022-02-01 00:00:00', '2', '21500.0000', '0.0000', '0.0000', '21500.0000', 1, NULL, NULL, '2022-03-02 06:47:21', '2022-03-05 05:48:31'),
(33, 1, 1, 'Payroll for February 2022', 'pay_roll', 'final', 'paid', 35, '2022-0033', '2022-02-01 00:00:00', '2', '18000.0000', '1200.0000', '0.0000', '19200.0000', 1, NULL, NULL, '2022-03-02 06:47:21', '2022-03-03 06:14:48'),
(34, 1, 1, 'Payroll for February 2022', 'pay_roll', 'final', 'due', 36, '2022-0034', '2022-02-01 00:00:00', '2', '11000.0000', '0.0000', '0.0000', '11000.0000', 1, NULL, NULL, '2022-03-02 06:47:21', '2022-03-02 06:47:21'),
(35, 1, 1, 'Payroll for February 2022', 'pay_roll', 'final', 'paid', 37, '2022-0035', '2022-02-01 00:00:00', '2', '15000.0000', '500.0000', '0.0000', '15500.0000', 1, NULL, NULL, '2022-03-02 06:47:21', '2022-03-04 05:10:28'),
(36, 1, 1, 'Payroll for February 2022', 'pay_roll', 'final', 'paid', 38, '2022-0036', '2022-02-01 00:00:00', '2', '13000.0000', '860.0000', '0.0000', '13860.0000', 1, NULL, NULL, '2022-03-02 06:47:21', '2022-03-03 06:27:51'),
(37, 1, 1, 'Payroll for February 2022', 'pay_roll', 'final', 'paid', 39, '2022-0037', '2022-02-01 00:00:00', '2', '20000.0000', '660.0000', '0.0000', '20660.0000', 1, NULL, NULL, '2022-03-02 06:47:21', '2022-03-08 04:00:38'),
(38, 1, 1, 'Payroll for February 2022', 'pay_roll', 'final', 'paid', 40, '2022-0038', '2022-02-01 00:00:00', '2', '19000.0000', '0.0000', '1900.0000', '17100.0000', 1, NULL, NULL, '2022-03-02 06:47:21', '2022-03-08 04:56:05'),
(39, 1, 1, 'Payroll for February 2022', 'pay_roll', 'final', 'paid', 41, '2022-0039', '2022-02-01 00:00:00', '2', '18000.0000', '0.0000', '0.0000', '18000.0000', 1, NULL, NULL, '2022-03-02 06:47:21', '2022-03-08 03:54:23'),
(40, 1, 1, 'Payroll for February 2022', 'pay_roll', 'final', 'paid', 42, '2022-0040', '2022-02-01 00:00:00', '2', '15000.0000', '500.0000', '0.0000', '15500.0000', 1, NULL, NULL, '2022-03-02 06:47:21', '2022-03-08 04:57:12'),
(42, 1, 1, 'Payroll for February 2022', 'pay_roll', 'final', 'paid', 12, '2022-0042', '2022-02-01 00:00:00', '2', '24000.0000', '0.0000', '0.0000', '24000.0000', 1, NULL, NULL, '2022-03-02 07:34:10', '2022-03-04 06:20:04'),
(43, 1, 1, 'Payroll for February 2022', 'pay_roll', 'final', 'paid', 31, '2022-0043', '2022-02-01 00:00:00', '2', '15000.0000', '0.0000', '0.0000', '15000.0000', 1, NULL, NULL, '2022-03-02 07:34:10', '2022-03-02 08:15:17'),
(44, 1, 1, 'Payroll for March 2022', 'pay_roll', 'final', 'paid', 30, '2022-0044', '2022-03-01 00:00:00', '3', '15000.0000', '0.0000', '0.0000', '15000.0000', 1, NULL, NULL, '2022-03-10 08:26:03', '2022-04-02 05:54:05'),
(45, 1, 1, 'Payroll for February 2022', 'pay_roll', 'final', 'paid', 43, '2022-0045', '2022-02-01 00:00:00', '2', '14000.0000', '0.0000', '6533.3300', '7466.6700', 1, NULL, NULL, '2022-03-11 03:32:32', '2022-03-11 03:35:19'),
(47, 1, 1, 'Payroll for March 2022', 'pay_roll', 'final', 'paid', 1, '2022-0047', '2022-03-01 00:00:00', '3', '21500.0000', '1433.3300', '0.0000', '22933.3300', 1, NULL, NULL, '2022-03-24 07:51:59', '2022-04-01 07:06:25'),
(48, 1, 1, 'Payroll for March 2022', 'pay_roll', 'final', 'paid', 3, '2022-0048', '2022-03-01 00:00:00', '3', '11000.0000', '0.0000', '0.0000', '11000.0000', 1, NULL, NULL, '2022-03-24 07:51:59', '2022-04-04 04:41:42'),
(49, 1, 1, 'Payroll for March 2022', 'pay_roll', 'final', 'paid', 4, '2022-0049', '2022-03-01 00:00:00', '3', '14500.0000', '0.0000', '0.0000', '14500.0000', 1, NULL, NULL, '2022-03-24 07:51:59', '2022-04-02 05:52:37'),
(50, 1, 1, 'Payroll for March 2022', 'pay_roll', 'final', 'paid', 5, '2022-0050', '2022-03-01 00:00:00', '3', '13500.0000', '900.0000', '0.0000', '14400.0000', 1, NULL, NULL, '2022-03-24 07:51:59', '2022-04-07 05:29:31'),
(51, 1, 1, 'Payroll for March 2022', 'pay_roll', 'final', 'paid', 6, '2022-0051', '2022-03-01 00:00:00', '3', '17000.0000', '0.0000', '0.0000', '17000.0000', 1, NULL, NULL, '2022-03-24 07:51:59', '2022-04-04 04:59:31'),
(52, 1, 1, 'Payroll for March 2022', 'pay_roll', 'final', 'paid', 7, '2022-0052', '2022-03-01 00:00:00', '3', '14500.0000', '966.6700', '0.0000', '15466.6700', 1, NULL, NULL, '2022-03-24 07:51:59', '2022-04-04 07:16:50'),
(53, 1, 1, 'Payroll for March 2022', 'pay_roll', 'final', 'paid', 8, '2022-0053', '2022-03-01 00:00:00', '3', '23000.0000', '1533.3300', '0.0000', '24533.3300', 1, NULL, NULL, '2022-03-24 07:51:59', '2022-04-06 05:59:22'),
(54, 1, 1, 'Payroll for March 2022', 'pay_roll', 'final', 'paid', 11, '2022-0054', '2022-03-01 00:00:00', '3', '26000.0000', '0.0000', '0.0000', '26000.0000', 1, NULL, NULL, '2022-03-24 07:51:59', '2022-04-08 04:55:13'),
(55, 1, 1, 'Payroll for March 2022', 'pay_roll', 'final', 'paid', 12, '2022-0055', '2022-03-01 00:00:00', '3', '24000.0000', '0.0000', '0.0000', '24000.0000', 1, NULL, NULL, '2022-03-24 07:51:59', '2022-04-05 05:55:25'),
(56, 1, 1, 'Payroll for March 2022', 'pay_roll', 'final', 'paid', 13, '2022-0056', '2022-03-01 00:00:00', '3', '24000.0000', '0.0000', '0.0000', '24000.0000', 1, NULL, NULL, '2022-03-24 07:51:59', '2022-04-18 09:00:57'),
(57, 1, 1, 'Payroll for March 2022', 'pay_roll', 'final', 'paid', 14, '2022-0057', '2022-03-01 00:00:00', '3', '20000.0000', '1333.3300', '0.0000', '21333.3300', 1, NULL, NULL, '2022-03-24 07:51:59', '2022-04-07 05:56:47'),
(58, 1, 1, 'Payroll for March 2022', 'pay_roll', 'final', 'paid', 15, '2022-0058', '2022-03-01 00:00:00', '3', '21000.0000', '1400.0000', '0.0000', '22400.0000', 1, NULL, NULL, '2022-03-24 07:51:59', '2022-04-04 05:07:43'),
(59, 1, 1, 'Payroll for March 2022', 'pay_roll', 'final', 'due', 16, '2022-0059', '2022-03-01 00:00:00', '3', '12000.0000', '0.0000', '0.0000', '12000.0000', 1, NULL, NULL, '2022-03-24 07:51:59', '2022-03-24 07:51:59'),
(60, 1, 1, 'Payroll for March 2022', 'pay_roll', 'final', 'paid', 17, '2022-0060', '2022-03-01 00:00:00', '3', '21000.0000', '1400.0000', '0.0000', '22400.0000', 1, NULL, NULL, '2022-03-24 07:51:59', '2022-04-12 05:25:20'),
(61, 1, 1, 'Payroll for March 2022', 'pay_roll', 'final', 'paid', 18, '2022-0061', '2022-03-01 00:00:00', '3', '16000.0000', '533.3300', '0.0000', '16533.3300', 1, NULL, NULL, '2022-03-24 07:51:59', '2022-04-05 05:46:58'),
(62, 1, 1, 'Payroll for March 2022', 'pay_roll', 'final', 'paid', 19, '2022-0062', '2022-03-01 00:00:00', '3', '20000.0000', '666.6700', '0.0000', '20666.6700', 1, NULL, NULL, '2022-03-24 07:51:59', '2022-04-13 06:48:45'),
(63, 1, 1, 'Payroll for March 2022', 'pay_roll', 'final', 'paid', 20, '2022-0063', '2022-03-01 00:00:00', '3', '17000.0000', '1133.3300', '0.0000', '18133.3300', 1, NULL, NULL, '2022-03-24 07:51:59', '2022-04-13 06:52:53'),
(64, 1, 1, 'Payroll for March 2022', 'pay_roll', 'final', 'paid', 21, '2022-0064', '2022-03-01 00:00:00', '3', '15500.0000', '1033.3300', '0.0000', '16533.3300', 1, NULL, NULL, '2022-03-24 07:51:59', '2022-04-04 05:40:08'),
(65, 1, 1, 'Payroll for March 2022', 'pay_roll', 'final', 'paid', 22, '2022-0065', '2022-03-01 00:00:00', '3', '15500.0000', '1033.3300', '0.0000', '16533.3300', 1, NULL, NULL, '2022-03-24 07:51:59', '2022-04-13 06:44:36'),
(66, 1, 1, 'Payroll for March 2022', 'pay_roll', 'final', 'paid', 23, '2022-0066', '2022-03-01 00:00:00', '3', '15500.0000', '0.0000', '0.0000', '15500.0000', 1, NULL, NULL, '2022-03-24 07:51:59', '2022-04-02 05:48:35'),
(67, 1, 1, 'Payroll for March 2022', 'pay_roll', 'final', 'paid', 24, '2022-0067', '2022-03-01 00:00:00', '3', '16000.0000', '0.0000', '0.0000', '16000.0000', 1, NULL, NULL, '2022-03-24 07:51:59', '2022-04-02 05:43:59'),
(68, 1, 1, 'Payroll for March 2022', 'pay_roll', 'final', 'paid', 25, '2022-0068', '2022-03-01 00:00:00', '3', '18500.0000', '0.0000', '0.0000', '18500.0000', 1, NULL, NULL, '2022-03-24 07:51:59', '2022-04-04 04:37:27'),
(69, 1, 1, 'Payroll for March 2022', 'pay_roll', 'final', 'paid', 26, '2022-0069', '2022-03-01 00:00:00', '3', '17000.0000', '0.0000', '0.0000', '17000.0000', 1, NULL, NULL, '2022-03-24 07:51:59', '2022-04-04 04:29:18'),
(70, 1, 1, 'Payroll for March 2022', 'pay_roll', 'final', 'paid', 27, '2022-0070', '2022-03-01 00:00:00', '3', '22000.0000', '733.3300', '0.0000', '22733.3300', 1, NULL, NULL, '2022-03-24 07:51:59', '2022-04-13 06:54:57'),
(71, 1, 1, 'Payroll for March 2022', 'pay_roll', 'final', 'paid', 28, '2022-0071', '2022-03-01 00:00:00', '3', '20000.0000', '1333.3300', '0.0000', '21333.3300', 1, NULL, NULL, '2022-03-24 07:51:59', '2022-04-07 05:14:43'),
(72, 1, 1, 'Payroll for March 2022', 'pay_roll', 'final', 'paid', 29, '2022-0072', '2022-03-01 00:00:00', '3', '13500.0000', '450.0000', '0.0000', '13950.0000', 1, NULL, NULL, '2022-03-24 07:52:17', '2022-04-08 06:03:11'),
(73, 1, 1, 'Payroll for March 2022', 'pay_roll', 'final', 'paid', 31, '2022-0073', '2022-03-01 00:00:00', '3', '15000.0000', '0.0000', '0.0000', '15000.0000', 1, NULL, NULL, '2022-03-24 07:52:17', '2022-04-02 06:51:36'),
(74, 1, 1, 'Payroll for March 2022', 'pay_roll', 'final', 'paid', 32, '2022-0074', '2022-03-01 00:00:00', '3', '16000.0000', '0.0000', '0.0000', '16000.0000', 1, NULL, NULL, '2022-03-24 07:52:17', '2022-04-02 06:13:50'),
(75, 1, 1, 'Payroll for March 2022', 'pay_roll', 'final', 'paid', 33, '2022-0075', '2022-03-01 00:00:00', '3', '15500.0000', '1033.3300', '0.0000', '16533.3300', 1, NULL, NULL, '2022-03-24 07:52:17', '2022-04-08 04:23:41'),
(76, 1, 1, 'Payroll for March 2022', 'pay_roll', 'final', 'paid', 34, '2022-0076', '2022-03-01 00:00:00', '3', '21500.0000', '1433.3300', '0.0000', '22933.3300', 1, NULL, NULL, '2022-03-24 07:52:17', '2022-04-11 04:46:02'),
(77, 1, 1, 'Payroll for March 2022', 'pay_roll', 'final', 'paid', 35, '2022-0077', '2022-03-01 00:00:00', '3', '18000.0000', '1200.0000', '0.0000', '19200.0000', 1, NULL, NULL, '2022-03-24 07:52:17', '2022-04-12 08:01:08'),
(78, 1, 1, 'Payroll for March 2022', 'pay_roll', 'final', 'paid', 37, '2022-0078', '2022-03-01 00:00:00', '3', '15000.0000', '1000.0000', '0.0000', '16000.0000', 1, NULL, NULL, '2022-03-24 07:52:17', '2022-04-08 05:59:28'),
(79, 1, 1, 'Payroll for March 2022', 'pay_roll', 'final', 'paid', 38, '2022-0079', '2022-03-01 00:00:00', '3', '13000.0000', '866.6700', '0.0000', '13866.6700', 1, NULL, NULL, '2022-03-24 07:52:17', '2022-04-13 06:51:29'),
(80, 1, 1, 'Payroll for March 2022', 'pay_roll', 'final', 'paid', 39, '2022-0080', '2022-03-01 00:00:00', '3', '20000.0000', '1333.3300', '0.0000', '21333.3300', 1, NULL, NULL, '2022-03-24 07:52:17', '2022-04-06 06:39:52'),
(81, 1, 1, 'Payroll for March 2022', 'pay_roll', 'final', 'paid', 40, '2022-0081', '2022-03-01 00:00:00', '3', '19000.0000', '1266.6700', '0.0000', '20266.6700', 1, NULL, NULL, '2022-03-24 07:52:17', '2022-04-05 06:05:54'),
(82, 1, 1, 'Payroll for March 2022', 'pay_roll', 'final', 'paid', 41, '2022-0082', '2022-03-01 00:00:00', '3', '18000.0000', '1200.0000', '0.0000', '19200.0000', 1, NULL, NULL, '2022-03-24 07:52:17', '2022-04-06 05:15:42'),
(83, 1, 1, 'Payroll for March 2022', 'pay_roll', 'final', 'paid', 42, '2022-0083', '2022-03-01 00:00:00', '3', '15000.0000', '1000.0000', '0.0000', '16000.0000', 1, NULL, NULL, '2022-03-24 07:52:17', '2022-04-14 04:22:28'),
(85, 1, 1, 'Payroll for March 2022', 'pay_roll', 'final', 'paid', 43, '2022-0085', '2022-03-01 00:00:00', '3', '14000.0000', '466.6700', '0.0000', '14466.6700', 1, NULL, NULL, '2022-03-24 07:52:17', '2022-04-14 06:48:08'),
(86, 1, 1, 'Payroll for April 2022', 'pay_roll', 'final', 'paid', 1, '2022-0086', '2022-04-01 00:00:00', '4', '21500.0000', '1433.3300', '0.0000', '22933.3300', 1, NULL, NULL, '2022-04-23 05:11:36', '2022-05-09 05:12:56'),
(87, 1, 1, 'Payroll for April 2022', 'pay_roll', 'final', 'paid', 3, '2022-0087', '2022-04-01 00:00:00', '4', '11000.0000', '0.0000', '0.0000', '11000.0000', 1, NULL, NULL, '2022-04-23 05:11:36', '2022-05-14 04:58:12'),
(88, 1, 1, 'Payroll for April 2022', 'pay_roll', 'final', 'paid', 4, '2022-0088', '2022-04-01 00:00:00', '4', '14500.0000', '0.0000', '0.0000', '14500.0000', 1, NULL, NULL, '2022-04-23 05:11:36', '2022-05-11 04:33:49'),
(89, 1, 1, 'Payroll for April 2022', 'pay_roll', 'final', 'paid', 5, '2022-0089', '2022-04-01 00:00:00', '4', '13500.0000', '900.0000', '0.0000', '14400.0000', 1, NULL, NULL, '2022-04-23 05:11:36', '2022-05-14 04:59:18'),
(90, 1, 1, 'Payroll for April 2022', 'pay_roll', 'final', 'paid', 6, '2022-0090', '2022-04-01 00:00:00', '4', '17000.0000', '0.0000', '0.0000', '17000.0000', 1, NULL, NULL, '2022-04-23 05:11:36', '2022-05-14 05:04:12'),
(91, 1, 1, 'Payroll for April 2022', 'pay_roll', 'final', 'paid', 7, '2022-0091', '2022-04-01 00:00:00', '4', '14500.0000', '483.3300', '0.0000', '14983.3300', 1, NULL, NULL, '2022-04-23 05:11:36', '2022-05-13 05:31:07'),
(92, 1, 1, 'Payroll for April 2022', 'pay_roll', 'final', 'paid', 8, '2022-0092', '2022-04-01 00:00:00', '4', '23000.0000', '1533.3300', '0.0000', '24533.3300', 1, NULL, NULL, '2022-04-23 05:11:36', '2022-05-14 05:07:11'),
(93, 1, 1, 'Payroll for April 2022', 'pay_roll', 'final', 'paid', 11, '2022-0093', '2022-04-01 00:00:00', '4', '26000.0000', '0.0000', '0.0000', '26000.0000', 1, NULL, NULL, '2022-04-23 05:11:36', '2022-05-09 05:24:08'),
(94, 1, 1, 'Payroll for April 2022', 'pay_roll', 'final', 'paid', 12, '2022-0094', '2022-04-01 00:00:00', '4', '24000.0000', '0.0000', '0.0000', '24000.0000', 1, NULL, NULL, '2022-04-23 05:11:36', '2022-05-12 07:33:05'),
(95, 1, 1, 'Payroll for April 2022', 'pay_roll', 'final', 'paid', 13, '2022-0095', '2022-04-01 00:00:00', '4', '24000.0000', '0.0000', '0.0000', '24000.0000', 1, NULL, NULL, '2022-04-23 05:11:36', '2022-05-12 04:17:16'),
(96, 1, 1, 'Payroll for April 2022', 'pay_roll', 'final', 'paid', 14, '2022-0096', '2022-04-01 00:00:00', '4', '20000.0000', '666.6700', '0.0000', '20666.6700', 1, NULL, NULL, '2022-04-23 05:11:36', '2022-05-17 05:03:07'),
(97, 1, 1, 'Payroll for April 2022', 'pay_roll', 'final', 'paid', 15, '2022-0097', '2022-04-01 00:00:00', '4', '21000.0000', '1400.0000', '0.0000', '22400.0000', 1, NULL, NULL, '2022-04-23 05:11:36', '2022-05-10 06:59:48'),
(98, 1, 1, 'Payroll for April 2022', 'pay_roll', 'final', 'due', 16, '2022-0098', '2022-04-01 00:00:00', '4', '12000.0000', '0.0000', '0.0000', '12000.0000', 1, NULL, NULL, '2022-04-23 05:11:36', '2022-04-23 05:11:36'),
(99, 1, 1, 'Payroll for April 2022', 'pay_roll', 'final', 'paid', 17, '2022-0099', '2022-04-01 00:00:00', '4', '21000.0000', '1400.0000', '0.0000', '22400.0000', 1, NULL, NULL, '2022-04-23 05:11:36', '2022-05-17 05:02:17'),
(100, 1, 1, 'Payroll for April 2022', 'pay_roll', 'final', 'paid', 18, '2022-0100', '2022-04-01 00:00:00', '4', '16000.0000', '0.0000', '1066.6700', '14933.3300', 1, NULL, NULL, '2022-04-23 05:11:36', '2022-05-11 07:06:56'),
(101, 1, 1, 'Payroll for April 2022', 'pay_roll', 'final', 'paid', 19, '2022-0101', '2022-04-01 00:00:00', '4', '20000.0000', '1333.3300', '0.0000', '21333.3300', 1, NULL, NULL, '2022-04-23 05:11:36', '2022-05-14 07:33:09'),
(102, 1, 1, 'Payroll for April 2022', 'pay_roll', 'final', 'paid', 20, '2022-0102', '2022-04-01 00:00:00', '4', '17000.0000', '1133.3300', '0.0000', '18133.3300', 1, NULL, NULL, '2022-04-23 05:11:36', '2022-05-16 06:16:06'),
(103, 1, 1, 'Payroll for April 2022', 'pay_roll', 'final', 'paid', 21, '2022-0103', '2022-04-01 00:00:00', '4', '15500.0000', '1033.3300', '0.0000', '16533.3300', 1, NULL, NULL, '2022-04-23 05:11:36', '2022-05-16 06:14:43'),
(104, 1, 1, 'Payroll for April 2022', 'pay_roll', 'final', 'paid', 22, '2022-0104', '2022-04-01 00:00:00', '4', '15500.0000', '1033.3300', '0.0000', '16533.3300', 1, NULL, NULL, '2022-04-23 05:11:36', '2022-05-16 06:32:38'),
(105, 1, 1, 'Payroll for April 2022', 'pay_roll', 'final', 'paid', 23, '2022-0105', '2022-04-01 00:00:00', '4', '15500.0000', '0.0000', '0.0000', '15500.0000', 1, NULL, NULL, '2022-04-23 05:11:36', '2022-05-11 04:31:06'),
(106, 1, 1, 'Payroll for April 2022', 'pay_roll', 'final', 'paid', 24, '2022-0106', '2022-04-01 00:00:00', '4', '16000.0000', '0.0000', '0.0000', '16000.0000', 1, NULL, NULL, '2022-04-23 05:11:36', '2022-05-11 05:02:27'),
(107, 1, 1, 'Payroll for April 2022', 'pay_roll', 'final', 'paid', 25, '2022-0107', '2022-04-01 00:00:00', '4', '18500.0000', '0.0000', '0.0000', '18500.0000', 1, NULL, NULL, '2022-04-23 05:11:36', '2022-05-11 04:30:04'),
(108, 1, 1, 'Payroll for April 2022', 'pay_roll', 'final', 'paid', 26, '2022-0108', '2022-04-01 00:00:00', '4', '17000.0000', '0.0000', '0.0000', '17000.0000', 1, NULL, NULL, '2022-04-23 05:11:36', '2022-05-11 04:28:50'),
(109, 1, 1, 'Payroll for April 2022', 'pay_roll', 'final', 'paid', 27, '2022-0109', '2022-04-01 00:00:00', '4', '22000.0000', '1466.6700', '0.0000', '23466.6700', 1, NULL, NULL, '2022-04-23 05:11:36', '2022-05-14 07:25:19'),
(110, 1, 1, 'Payroll for April 2022', 'pay_roll', 'final', 'paid', 28, '2022-0110', '2022-04-01 00:00:00', '4', '20000.0000', '1333.3300', '0.0000', '21333.3300', 1, NULL, NULL, '2022-04-23 05:11:36', '2022-05-16 06:18:07'),
(111, 1, 1, 'Payroll for April 2022', 'pay_roll', 'final', 'paid', 29, '2022-0111', '2022-04-01 00:00:00', '4', '13500.0000', '450.0000', '0.0000', '13950.0000', 1, NULL, NULL, '2022-04-27 07:32:48', '2022-05-14 05:03:19'),
(112, 1, 1, 'Payroll for April 2022', 'pay_roll', 'final', 'paid', 30, '2022-0112', '2022-04-01 00:00:00', '4', '15000.0000', '0.0000', '0.0000', '15000.0000', 1, NULL, NULL, '2022-04-27 07:32:48', '2022-05-09 05:52:49'),
(113, 1, 1, 'Payroll for April 2022', 'pay_roll', 'final', 'paid', 31, '2022-0113', '2022-04-01 00:00:00', '4', '15000.0000', '0.0000', '0.0000', '15000.0000', 1, NULL, NULL, '2022-04-27 07:32:48', '2022-05-09 05:57:51'),
(114, 1, 1, 'Payroll for April 2022', 'pay_roll', 'final', 'paid', 32, '2022-0114', '2022-04-01 00:00:00', '4', '16000.0000', '0.0000', '0.0000', '16000.0000', 1, NULL, NULL, '2022-04-27 07:32:48', '2022-05-11 04:27:58'),
(115, 1, 1, 'Payroll for April 2022', 'pay_roll', 'final', 'paid', 33, '2022-0115', '2022-04-01 00:00:00', '4', '15500.0000', '1033.3300', '0.0000', '16533.3300', 1, NULL, NULL, '2022-04-27 07:32:48', '2022-05-14 07:44:54'),
(116, 1, 1, 'Payroll for April 2022', 'pay_roll', 'final', 'paid', 34, '2022-0116', '2022-04-01 00:00:00', '4', '21500.0000', '1433.3300', '0.0000', '22933.3300', 1, NULL, NULL, '2022-04-27 07:32:48', '2022-05-14 06:44:15'),
(117, 1, 1, 'Payroll for April 2022', 'pay_roll', 'final', 'paid', 35, '2022-0117', '2022-04-01 00:00:00', '4', '18000.0000', '600.0000', '0.0000', '18600.0000', 1, NULL, NULL, '2022-04-27 07:32:48', '2022-05-14 07:42:53'),
(118, 1, 1, 'Payroll for April 2022', 'pay_roll', 'final', 'paid', 37, '2022-0118', '2022-04-01 00:00:00', '4', '15000.0000', '0.0000', '0.0000', '15000.0000', 1, NULL, NULL, '2022-04-27 07:32:48', '2022-05-09 07:17:09'),
(119, 1, 1, 'Payroll for April 2022', 'pay_roll', 'final', 'paid', 38, '2022-0119', '2022-04-01 00:00:00', '4', '13000.0000', '866.6700', '0.0000', '13866.6700', 1, NULL, NULL, '2022-04-27 07:32:48', '2022-07-07 06:16:22'),
(120, 1, 1, 'Payroll for April 2022', 'pay_roll', 'final', 'paid', 39, '2022-0120', '2022-04-01 00:00:00', '4', '20000.0000', '0.0000', '666.6700', '19333.3300', 1, NULL, NULL, '2022-04-27 07:32:48', '2022-05-14 05:06:23'),
(121, 1, 1, 'Payroll for April 2022', 'pay_roll', 'final', 'paid', 40, '2022-0121', '2022-04-01 00:00:00', '4', '19000.0000', '633.3300', '0.0000', '19633.3300', 1, NULL, NULL, '2022-04-27 07:32:48', '2022-05-14 05:09:12'),
(122, 1, 1, 'Payroll for April 2022', 'pay_roll', 'final', 'paid', 41, '2022-0122', '2022-04-01 00:00:00', '4', '18000.0000', '1200.0000', '0.0000', '19200.0000', 1, NULL, NULL, '2022-04-27 07:32:48', '2022-05-14 05:05:20'),
(123, 1, 1, 'Payroll for April 2022', 'pay_roll', 'final', 'paid', 42, '2022-0123', '2022-04-01 00:00:00', '4', '15000.0000', '1000.0000', '0.0000', '16000.0000', 1, NULL, NULL, '2022-04-27 07:32:48', '2022-05-14 07:23:33'),
(124, 1, 1, 'Payroll for April 2022', 'pay_roll', 'final', 'paid', 43, '2022-0124', '2022-04-01 00:00:00', '4', '14000.0000', '933.3300', '0.0000', '14933.3300', 1, NULL, NULL, '2022-04-27 07:32:48', '2022-05-14 07:22:18'),
(125, 1, 1, 'Payroll for May 2022', 'pay_roll', 'final', 'paid', 1, '2022-0125', '2022-05-01 00:00:00', '5', '21500.0000', '716.6700', '0.0000', '22216.6700', 1, NULL, NULL, '2022-05-28 06:56:06', '2022-06-01 07:16:07'),
(126, 1, 1, 'Payroll for May 2022', 'pay_roll', 'final', 'paid', 3, '2022-0126', '2022-05-01 00:00:00', '5', '11000.0000', '0.0000', '0.0000', '11000.0000', 1, NULL, NULL, '2022-05-28 06:56:06', '2022-06-02 07:18:56'),
(127, 1, 1, 'Payroll for May 2022', 'pay_roll', 'final', 'paid', 4, '2022-0127', '2022-05-01 00:00:00', '5', '14500.0000', '0.0000', '0.0000', '14500.0000', 1, NULL, NULL, '2022-05-28 06:56:06', '2022-06-01 07:21:44'),
(128, 1, 1, 'Payroll for May 2022', 'pay_roll', 'final', 'paid', 5, '2022-0128', '2022-05-01 00:00:00', '5', '13500.0000', '0.0000', '0.0000', '13500.0000', 1, NULL, NULL, '2022-05-28 06:56:06', '2022-06-04 05:55:21'),
(129, 1, 1, 'Payroll for May 2022', 'pay_roll', 'final', 'paid', 6, '2022-0129', '2022-05-01 00:00:00', '5', '17000.0000', '0.0000', '0.0000', '17000.0000', 1, NULL, NULL, '2022-05-28 06:56:06', '2022-06-06 07:57:15'),
(130, 1, 1, 'Payroll for May 2022', 'pay_roll', 'final', 'paid', 7, '2022-0130', '2022-05-01 00:00:00', '5', '14500.0000', '0.0000', '0.0000', '15000.0000', 1, NULL, NULL, '2022-05-28 06:56:06', '2022-06-02 04:04:57'),
(132, 1, 1, 'Payroll for May 2022', 'pay_roll', 'final', 'paid', 11, '2022-0132', '2022-05-01 00:00:00', '5', '26000.0000', '0.0000', '0.0000', '26000.0000', 1, NULL, NULL, '2022-05-28 06:56:06', '2022-06-03 05:46:36'),
(133, 1, 1, 'Payroll for May 2022', 'pay_roll', 'final', 'paid', 12, '2022-0133', '2022-05-01 00:00:00', '5', '24000.0000', '0.0000', '0.0000', '24000.0000', 1, NULL, NULL, '2022-05-28 06:56:07', '2022-06-09 04:52:35'),
(134, 1, 1, 'Payroll for May 2022', 'pay_roll', 'final', 'paid', 13, '2022-0134', '2022-05-01 00:00:00', '5', '24000.0000', '0.0000', '0.0000', '24000.0000', 1, NULL, NULL, '2022-05-28 06:56:07', '2022-06-09 04:52:55'),
(135, 1, 1, 'Payroll for May 2022', 'pay_roll', 'final', 'paid', 14, '2022-0135', '2022-05-01 00:00:00', '5', '20000.0000', '666.6700', '0.0000', '20666.6700', 1, NULL, NULL, '2022-05-28 06:56:07', '2022-06-04 05:58:21'),
(136, 1, 1, 'Payroll for May 2022', 'pay_roll', 'final', 'paid', 15, '2022-0136', '2022-05-01 00:00:00', '5', '21000.0000', '700.0000', '0.0000', '21700.0000', 1, NULL, NULL, '2022-05-28 06:56:07', '2022-06-04 04:03:37'),
(137, 1, 1, 'Payroll for May 2022', 'pay_roll', 'final', 'due', 16, '2022-0137', '2022-05-01 00:00:00', '5', '12000.0000', '0.0000', '0.0000', '12000.0000', 1, NULL, NULL, '2022-05-28 06:56:07', '2022-05-28 06:56:07'),
(138, 1, 1, 'Payroll for May 2022', 'pay_roll', 'final', 'paid', 17, '2022-0138', '2022-05-01 00:00:00', '5', '21000.0000', '700.0000', '0.0000', '21700.0000', 1, NULL, NULL, '2022-05-28 06:56:07', '2022-06-09 05:35:42'),
(139, 1, 1, 'Payroll for May 2022', 'pay_roll', 'final', 'paid', 18, '2022-0139', '2022-05-01 00:00:00', '5', '16000.0000', '0.0000', '0.0000', '16000.0000', 1, NULL, NULL, '2022-05-28 06:56:07', '2022-06-09 05:50:35'),
(140, 1, 1, 'Payroll for May 2022', 'pay_roll', 'final', 'paid', 19, '2022-0140', '2022-05-01 00:00:00', '5', '20000.0000', '666.6700', '0.0000', '20666.6700', 1, NULL, NULL, '2022-05-28 06:56:07', '2022-06-08 04:25:56'),
(141, 1, 1, 'Payroll for May 2022', 'pay_roll', 'final', 'paid', 20, '2022-0141', '2022-05-01 00:00:00', '5', '17000.0000', '566.6700', '0.0000', '17566.6700', 1, NULL, NULL, '2022-05-28 06:56:07', '2022-06-10 04:42:11'),
(142, 1, 1, 'Payroll for May 2022', 'pay_roll', 'final', 'paid', 21, '2022-0142', '2022-05-01 00:00:00', '5', '15500.0000', '0.0000', '0.0000', '15500.0000', 1, NULL, NULL, '2022-05-28 06:56:07', '2022-06-06 05:04:33'),
(143, 1, 1, 'Payroll for May 2022', 'pay_roll', 'final', 'paid', 22, '2022-0143', '2022-05-01 00:00:00', '5', '15500.0000', '0.0000', '0.0000', '15500.0000', 1, NULL, NULL, '2022-05-28 06:56:07', '2022-06-09 05:36:57'),
(144, 1, 1, 'Payroll for May 2022', 'pay_roll', 'final', 'paid', 23, '2022-0144', '2022-05-01 00:00:00', '5', '15500.0000', '0.0000', '0.0000', '15500.0000', 1, NULL, NULL, '2022-05-28 06:56:07', '2022-06-01 07:22:01'),
(145, 1, 1, 'Payroll for May 2022', 'pay_roll', 'final', 'paid', 24, '2022-0145', '2022-05-01 00:00:00', '5', '16000.0000', '0.0000', '0.0000', '16000.0000', 1, NULL, NULL, '2022-05-28 06:56:07', '2022-06-01 07:22:26'),
(146, 1, 1, 'Payroll for May 2022', 'pay_roll', 'final', 'paid', 25, '2022-0146', '2022-05-01 00:00:00', '5', '18500.0000', '0.0000', '0.0000', '18500.0000', 1, NULL, NULL, '2022-05-28 06:56:07', '2022-06-01 07:22:52'),
(147, 1, 1, 'Payroll for May 2022', 'pay_roll', 'final', 'paid', 26, '2022-0147', '2022-05-01 00:00:00', '5', '17000.0000', '0.0000', '0.0000', '17000.0000', 1, NULL, NULL, '2022-05-28 06:56:07', '2022-06-01 07:23:19'),
(148, 1, 1, 'Payroll for May 2022', 'pay_roll', 'final', 'paid', 27, '2022-0148', '2022-05-01 00:00:00', '5', '22000.0000', '733.3300', '0.0000', '22733.3300', 1, NULL, NULL, '2022-05-28 06:56:07', '2022-06-09 05:38:32'),
(149, 1, 1, 'Payroll for May 2022', 'pay_roll', 'final', 'paid', 28, '2022-0149', '2022-05-01 00:00:00', '5', '20000.0000', '666.6700', '0.0000', '20666.6700', 1, NULL, NULL, '2022-05-28 06:56:07', '2022-06-10 04:43:36'),
(150, 1, 1, 'Payroll for May 2022', 'pay_roll', 'final', 'paid', 29, '2022-0150', '2022-05-01 00:00:00', '5', '13500.0000', '0.0000', '0.0000', '13500.0000', 1, NULL, NULL, '2022-05-28 06:56:48', '2022-06-08 04:13:59'),
(151, 1, 1, 'Payroll for May 2022', 'pay_roll', 'final', 'paid', 30, '2022-0151', '2022-05-01 00:00:00', '5', '15000.0000', '0.0000', '0.0000', '15000.0000', 1, NULL, NULL, '2022-05-28 06:56:48', '2022-06-01 07:24:04'),
(152, 1, 1, 'Payroll for May 2022', 'pay_roll', 'final', 'paid', 31, '2022-0152', '2022-05-01 00:00:00', '5', '15000.0000', '0.0000', '0.0000', '15000.0000', 1, NULL, NULL, '2022-05-28 06:56:48', '2022-06-02 07:19:15'),
(153, 1, 1, 'Payroll for May 2022', 'pay_roll', 'final', 'paid', 32, '2022-0153', '2022-05-01 00:00:00', '5', '16000.0000', '0.0000', '0.0000', '16000.0000', 1, NULL, NULL, '2022-05-28 06:56:48', '2022-06-01 07:24:29'),
(154, 1, 1, 'Payroll for May 2022', 'pay_roll', 'final', 'paid', 33, '2022-0154', '2022-05-01 00:00:00', '5', '15500.0000', '0.0000', '0.0000', '15500.0000', 1, NULL, NULL, '2022-05-28 06:56:48', '2022-06-04 07:22:05'),
(155, 1, 1, 'Payroll for May 2022', 'pay_roll', 'final', 'paid', 34, '2022-0155', '2022-05-01 00:00:00', '5', '21500.0000', '0.0000', '0.0000', '21500.0000', 1, NULL, NULL, '2022-05-28 06:56:48', '2022-06-08 06:46:17'),
(156, 1, 1, 'Payroll for May 2022', 'pay_roll', 'final', 'paid', 35, '2022-0156', '2022-05-01 00:00:00', '5', '18000.0000', '600.0000', '0.0000', '18600.0000', 1, NULL, NULL, '2022-05-28 06:56:48', '2022-06-04 05:59:26'),
(157, 1, 1, 'Payroll for May 2022', 'pay_roll', 'final', 'paid', 37, '2022-0157', '2022-05-01 00:00:00', '5', '15000.0000', '0.0000', '0.0000', '15000.0000', 1, NULL, NULL, '2022-05-28 06:56:48', '2022-06-03 02:47:49'),
(158, 1, 1, 'Payroll for May 2022', 'pay_roll', 'final', 'paid', 38, '2022-0158', '2022-05-01 00:00:00', '5', '13000.0000', '0.0000', '0.0000', '13000.0000', 1, NULL, NULL, '2022-05-28 06:56:48', '2022-06-09 05:57:19'),
(159, 1, 1, 'Payroll for May 2022', 'pay_roll', 'final', 'paid', 39, '2022-0159', '2022-05-01 00:00:00', '5', '20000.0000', '0.0000', '0.0000', '20000.0000', 1, NULL, NULL, '2022-05-28 06:56:48', '2022-06-07 06:55:28'),
(160, 1, 1, 'Payroll for May 2022', 'pay_roll', 'final', 'paid', 40, '2022-0160', '2022-05-01 00:00:00', '5', '19000.0000', '0.0000', '0.0000', '19000.0000', 1, NULL, NULL, '2022-05-28 06:56:48', '2022-06-07 05:40:19'),
(161, 1, 1, 'Payroll for May 2022', 'pay_roll', 'final', 'paid', 41, '2022-0161', '2022-05-01 00:00:00', '5', '18000.0000', '600.0000', '0.0000', '18600.0000', 1, NULL, NULL, '2022-05-28 06:56:48', '2022-06-06 06:19:51'),
(162, 1, 1, 'Payroll for May 2022', 'pay_roll', 'final', 'paid', 42, '2022-0162', '2022-05-01 00:00:00', '5', '15000.0000', '0.0000', '0.0000', '15000.0000', 1, NULL, NULL, '2022-05-28 06:56:48', '2022-06-10 04:38:28'),
(163, 1, 1, 'Payroll for May 2022', 'pay_roll', 'final', 'paid', 43, '2022-0163', '2022-05-01 00:00:00', '5', '14000.0000', '0.0000', '0.0000', '14000.0000', 1, NULL, NULL, '2022-05-28 06:56:48', '2022-06-10 04:40:01'),
(165, 1, 1, 'Payroll for May 2022', 'pay_roll', 'final', 'paid', 8, '2022-0164', '2022-05-01 00:00:00', '5', '23500.0000', '783.3300', '0.0000', '24283.3300', 1, NULL, NULL, '2022-06-01 06:30:37', '2022-06-07 05:45:59'),
(166, 1, 1, 'Payroll for May 2022', 'pay_roll', 'final', 'paid', 2, '2022-0165', '2022-05-01 00:00:00', '5', '8000.0000', '0.0000', '2000.0000', '6000.0000', 1, NULL, NULL, '2022-06-02 07:44:36', '2022-06-20 06:24:15'),
(167, 1, 1, 'Payroll for June 2022', 'pay_roll', 'final', 'paid', 1, '2022-0166', '2022-06-01 00:00:00', '6', '21500.0000', '1433.3300', '0.0000', '22933.3300', 1, NULL, NULL, '2022-07-01 02:55:12', '2022-07-01 03:39:40'),
(168, 1, 1, 'Payroll for June 2022', 'pay_roll', 'final', 'paid', 2, '2022-0167', '2022-06-01 00:00:00', '6', '8000.0000', '0.0000', '2000.0000', '6000.0000', 1, NULL, NULL, '2022-07-01 02:55:12', '2022-07-01 05:40:01'),
(169, 1, 1, 'Payroll for June 2022', 'pay_roll', 'final', 'paid', 3, '2022-0168', '2022-06-01 00:00:00', '6', '11000.0000', '0.0000', '0.0000', '11000.0000', 1, NULL, NULL, '2022-07-01 02:55:12', '2022-07-04 02:34:22'),
(170, 1, 1, 'Payroll for June 2022', 'pay_roll', 'final', 'paid', 4, '2022-0169', '2022-06-01 00:00:00', '6', '14500.0000', '0.0000', '0.0000', '14500.0000', 1, NULL, NULL, '2022-07-01 02:55:12', '2022-07-01 05:41:05'),
(171, 1, 1, 'Payroll for June 2022', 'pay_roll', 'final', 'paid', 5, '2022-0170', '2022-06-01 00:00:00', '6', '13500.0000', '450.0000', '0.0000', '13950.0000', 1, NULL, NULL, '2022-07-01 02:55:12', '2022-07-04 03:04:20'),
(172, 1, 1, 'Payroll for June 2022', 'pay_roll', 'final', 'paid', 6, '2022-0171', '2022-06-01 00:00:00', '6', '17000.0000', '0.0000', '0.0000', '17000.0000', 1, NULL, NULL, '2022-07-01 02:55:12', '2022-07-04 02:47:37'),
(173, 1, 1, 'Payroll for June 2022', 'pay_roll', 'final', 'paid', 7, '2022-0172', '2022-06-01 00:00:00', '6', '15000.0000', '500.0000', '0.0000', '15500.0000', 1, NULL, NULL, '2022-07-01 02:55:12', '2022-07-06 04:14:41'),
(174, 1, 1, 'Payroll for June 2022', 'pay_roll', 'final', 'paid', 8, '2022-0173', '2022-06-01 00:00:00', '6', '23500.0000', '0.0000', '783.3300', '22716.6700', 1, NULL, NULL, '2022-07-01 02:55:12', '2022-07-06 04:11:53'),
(175, 1, 1, 'Payroll for June 2022', 'pay_roll', 'final', 'paid', 11, '2022-0174', '2022-06-01 00:00:00', '6', '26000.0000', '0.0000', '0.0000', '26000.0000', 1, NULL, NULL, '2022-07-01 02:55:12', '2022-07-06 03:02:20'),
(176, 1, 1, 'Payroll for June 2022', 'pay_roll', 'final', 'paid', 12, '2022-0175', '2022-06-01 00:00:00', '6', '24000.0000', '0.0000', '0.0000', '24000.0000', 1, NULL, NULL, '2022-07-01 02:55:12', '2022-07-02 07:28:40'),
(177, 1, 1, 'Payroll for June 2022', 'pay_roll', 'final', 'paid', 13, '2022-0176', '2022-06-01 00:00:00', '6', '24000.0000', '0.0000', '0.0000', '24000.0000', 1, NULL, NULL, '2022-07-01 02:55:12', '2022-07-07 04:37:33'),
(178, 1, 1, 'Payroll for June 2022', 'pay_roll', 'final', 'paid', 14, '2022-0177', '2022-06-01 00:00:00', '6', '20000.0000', '0.0000', '0.0000', '20000.0000', 1, NULL, NULL, '2022-07-01 02:55:12', '2022-07-02 07:11:35'),
(179, 1, 1, 'Payroll for June 2022', 'pay_roll', 'final', 'paid', 15, '2022-0178', '2022-06-01 00:00:00', '6', '21000.0000', '0.0000', '0.0000', '21000.0000', 1, NULL, NULL, '2022-07-01 02:55:12', '2022-07-05 03:24:52'),
(181, 1, 1, 'Payroll for June 2022', 'pay_roll', 'final', 'paid', 17, '2022-0180', '2022-06-01 00:00:00', '6', '21000.0000', '700.0000', '0.0000', '21700.0000', 1, NULL, NULL, '2022-07-01 02:55:12', '2022-07-06 05:25:21'),
(182, 1, 1, 'Payroll for June 2022', 'pay_roll', 'final', 'paid', 18, '2022-0181', '2022-06-01 00:00:00', '6', '16000.0000', '0.0000', '0.0000', '16000.0000', 1, NULL, NULL, '2022-07-01 02:55:12', '2022-07-05 03:35:05'),
(183, 1, 1, 'Payroll for June 2022', 'pay_roll', 'final', 'paid', 19, '2022-0182', '2022-06-01 00:00:00', '6', '20000.0000', '666.6700', '0.0000', '20666.6700', 1, NULL, NULL, '2022-07-01 02:55:12', '2022-07-06 06:17:15'),
(184, 1, 1, 'Payroll for June 2022', 'pay_roll', 'final', 'paid', 20, '2022-0183', '2022-06-01 00:00:00', '6', '17000.0000', '566.6700', '0.0000', '17566.6700', 1, NULL, NULL, '2022-07-01 02:55:12', '2022-07-05 05:53:47'),
(185, 1, 1, 'Payroll for June 2022', 'pay_roll', 'final', 'paid', 21, '2022-0184', '2022-06-01 00:00:00', '6', '15500.0000', '516.6700', '0.0000', '16016.6700', 1, NULL, NULL, '2022-07-01 02:55:12', '2022-07-05 03:39:06'),
(186, 1, 1, 'Payroll for June 2022', 'pay_roll', 'final', 'paid', 22, '2022-0185', '2022-06-01 00:00:00', '6', '15500.0000', '0.0000', '0.0000', '15500.0000', 1, NULL, NULL, '2022-07-01 02:55:12', '2022-07-06 07:48:04'),
(187, 1, 1, 'Payroll for June 2022', 'pay_roll', 'final', 'paid', 23, '2022-0186', '2022-06-01 00:00:00', '6', '15500.0000', '0.0000', '0.0000', '15500.0000', 1, NULL, NULL, '2022-07-01 02:55:12', '2022-07-01 05:41:41'),
(188, 1, 1, 'Payroll for June 2022', 'pay_roll', 'final', 'paid', 24, '2022-0187', '2022-06-01 00:00:00', '6', '16000.0000', '0.0000', '0.0000', '16000.0000', 1, NULL, NULL, '2022-07-01 02:55:12', '2022-07-01 05:47:20'),
(189, 1, 1, 'Payroll for June 2022', 'pay_roll', 'final', 'paid', 25, '2022-0188', '2022-06-01 00:00:00', '6', '18500.0000', '0.0000', '0.0000', '18500.0000', 1, NULL, NULL, '2022-07-01 02:55:12', '2022-07-01 05:42:31'),
(190, 1, 1, 'Payroll for June 2022', 'pay_roll', 'final', 'paid', 26, '2022-0189', '2022-06-01 00:00:00', '6', '17000.0000', '0.0000', '0.0000', '17000.0000', 1, NULL, NULL, '2022-07-01 02:55:12', '2022-07-01 05:42:57'),
(191, 1, 1, 'Payroll for June 2022', 'pay_roll', 'final', 'paid', 27, '2022-0190', '2022-06-01 00:00:00', '6', '22000.0000', '0.0000', '0.0000', '22000.0000', 1, NULL, NULL, '2022-07-01 02:55:12', '2022-07-07 06:09:42'),
(192, 1, 1, 'Payroll for June 2022', 'pay_roll', 'final', 'paid', 28, '2022-0191', '2022-06-01 00:00:00', '6', '20000.0000', '0.0000', '666.6700', '19333.3300', 1, NULL, NULL, '2022-07-01 03:03:18', '2022-07-06 07:50:36'),
(193, 1, 1, 'Payroll for June 2022', 'pay_roll', 'final', 'paid', 29, '2022-0192', '2022-06-01 00:00:00', '6', '13500.0000', '0.0000', '0.0000', '13500.0000', 1, NULL, NULL, '2022-07-01 03:03:18', '2022-07-04 03:13:02'),
(194, 1, 1, 'Payroll for June 2022', 'pay_roll', 'final', 'paid', 30, '2022-0193', '2022-06-01 00:00:00', '6', '15000.0000', '0.0000', '0.0000', '15000.0000', 1, NULL, NULL, '2022-07-01 03:03:18', '2022-07-01 05:43:22'),
(195, 1, 1, 'Payroll for June 2022', 'pay_roll', 'final', 'paid', 31, '2022-0194', '2022-06-01 00:00:00', '6', '15000.0000', '0.0000', '0.0000', '15000.0000', 1, NULL, NULL, '2022-07-01 03:03:18', '2022-07-01 05:43:54'),
(196, 1, 1, 'Payroll for June 2022', 'pay_roll', 'final', 'paid', 32, '2022-0195', '2022-06-01 00:00:00', '6', '16000.0000', '0.0000', '0.0000', '16000.0000', 1, NULL, NULL, '2022-07-01 03:03:18', '2022-07-01 05:45:03'),
(197, 1, 1, 'Payroll for June 2022', 'pay_roll', 'final', 'paid', 33, '2022-0196', '2022-06-01 00:00:00', '6', '15500.0000', '0.0000', '0.0000', '15500.0000', 1, NULL, NULL, '2022-07-01 03:03:18', '2022-07-05 05:28:02'),
(198, 1, 1, 'Payroll for June 2022', 'pay_roll', 'final', 'paid', 34, '2022-0197', '2022-06-01 00:00:00', '6', '21500.0000', '0.0000', '0.0000', '21500.0000', 1, NULL, NULL, '2022-07-01 03:03:18', '2022-07-05 03:30:53'),
(199, 1, 1, 'Payroll for June 2022', 'pay_roll', 'final', 'paid', 35, '2022-0198', '2022-06-01 00:00:00', '6', '18000.0000', '0.0000', '600.0000', '17400.0000', 1, NULL, NULL, '2022-07-01 03:03:18', '2022-07-04 04:12:29'),
(200, 1, 1, 'Payroll for June 2022', 'pay_roll', 'final', 'paid', 37, '2022-0199', '2022-06-01 00:00:00', '6', '15000.0000', '500.0000', '0.0000', '15500.0000', 1, NULL, NULL, '2022-07-01 03:03:18', '2022-07-05 03:32:41'),
(201, 1, 1, 'Payroll for June 2022', 'pay_roll', 'final', 'paid', 38, '2022-0200', '2022-06-01 00:00:00', '6', '13000.0000', '433.3300', '0.0000', '13433.3300', 1, NULL, NULL, '2022-07-01 03:03:18', '2022-07-04 07:44:08'),
(202, 1, 1, 'Payroll for June 2022', 'pay_roll', 'final', 'paid', 39, '2022-0201', '2022-06-01 00:00:00', '6', '20000.0000', '1333.3300', '0.0000', '21333.3300', 1, NULL, NULL, '2022-07-01 03:03:18', '2022-07-04 07:17:47'),
(203, 1, 1, 'Payroll for June 2022', 'pay_roll', 'final', 'paid', 40, '2022-0202', '2022-06-01 00:00:00', '6', '19000.0000', '633.3300', '0.0000', '19633.3300', 1, NULL, NULL, '2022-07-01 03:03:18', '2022-07-04 07:32:10'),
(204, 1, 1, 'Payroll for June 2022', 'pay_roll', 'final', 'paid', 41, '2022-0203', '2022-06-01 00:00:00', '6', '18000.0000', '600.0000', '0.0000', '18600.0000', 1, NULL, NULL, '2022-07-01 03:03:18', '2022-07-04 04:27:59'),
(205, 1, 1, 'Payroll for June 2022', 'pay_roll', 'final', 'paid', 42, '2022-0204', '2022-06-01 00:00:00', '6', '15000.0000', '500.0000', '0.0000', '15500.0000', 1, NULL, NULL, '2022-07-01 03:03:18', '2022-07-04 04:35:06'),
(206, 1, 1, 'Payroll for June 2022', 'pay_roll', 'final', 'paid', 43, '2022-0205', '2022-06-01 00:00:00', '6', '14000.0000', '933.3300', '0.0000', '14933.3300', 1, NULL, NULL, '2022-07-01 03:03:18', '2022-07-04 04:36:55'),
(207, 1, 1, 'Payroll for July 2022', 'pay_roll', 'final', 'paid', 1, '2022-0206', '2022-07-01 00:00:00', '7', '21500.0000', '0.0000', '0.0000', '21500.0000', 1, NULL, NULL, '2022-07-29 05:54:22', '2022-07-29 05:58:16'),
(209, 1, 1, 'Payroll for July 2022', 'pay_roll', 'final', 'paid', 3, '2022-0208', '2022-07-01 00:00:00', '7', '11000.0000', '0.0000', '0.0000', '11000.0000', 1, NULL, NULL, '2022-07-29 05:54:23', '2022-08-01 05:24:37'),
(210, 1, 1, 'Payroll for July 2022', 'pay_roll', 'final', 'paid', 4, '2022-0209', '2022-07-01 00:00:00', '7', '14500.0000', '0.0000', '0.0000', '14500.0000', 1, NULL, NULL, '2022-07-29 05:54:23', '2022-08-01 05:23:23'),
(211, 1, 1, 'Payroll for July 2022', 'pay_roll', 'final', 'paid', 5, '2022-0210', '2022-07-01 00:00:00', '7', '13500.0000', '0.0000', '0.0000', '13500.0000', 1, NULL, NULL, '2022-07-29 05:54:23', '2022-08-03 04:58:14'),
(212, 1, 1, 'Payroll for July 2022', 'pay_roll', 'final', 'paid', 6, '2022-0211', '2022-07-01 00:00:00', '7', '17000.0000', '0.0000', '0.0000', '17000.0000', 1, NULL, NULL, '2022-07-29 05:54:23', '2022-08-03 05:06:12'),
(213, 1, 1, 'Payroll for July 2022', 'pay_roll', 'final', 'paid', 7, '2022-0212', '2022-07-01 00:00:00', '7', '15000.0000', '0.0000', '0.0000', '15000.0000', 1, NULL, NULL, '2022-07-29 05:54:23', '2022-08-01 07:49:23'),
(214, 1, 1, 'Payroll for July 2022', 'pay_roll', 'final', 'paid', 8, '2022-0213', '2022-07-01 00:00:00', '7', '23500.0000', '0.0000', '0.0000', '23500.0000', 1, NULL, NULL, '2022-07-29 05:54:23', '2022-08-11 07:01:57'),
(215, 1, 1, 'Payroll for July 2022', 'pay_roll', 'final', 'paid', 11, '2022-0214', '2022-07-01 00:00:00', '7', '26000.0000', '0.0000', '0.0000', '26000.0000', 1, NULL, NULL, '2022-07-29 05:54:23', '2022-08-11 07:02:30'),
(216, 1, 1, 'Payroll for July 2022', 'pay_roll', 'final', 'paid', 12, '2022-0215', '2022-07-01 00:00:00', '7', '24000.0000', '0.0000', '0.0000', '24000.0000', 1, NULL, NULL, '2022-07-29 05:54:23', '2022-08-04 06:55:26'),
(217, 1, 1, 'Payroll for July 2022', 'pay_roll', 'final', 'paid', 13, '2022-0216', '2022-07-01 00:00:00', '7', '24000.0000', '0.0000', '0.0000', '24000.0000', 1, NULL, NULL, '2022-07-29 05:54:23', '2022-08-05 06:02:46'),
(218, 1, 1, 'Payroll for July 2022', 'pay_roll', 'final', 'paid', 14, '2022-0217', '2022-07-01 00:00:00', '7', '20000.0000', '0.0000', '0.0000', '20000.0000', 1, NULL, NULL, '2022-07-29 05:54:23', '2022-08-02 06:24:22'),
(219, 1, 1, 'Payroll for July 2022', 'pay_roll', 'final', 'paid', 15, '2022-0218', '2022-07-01 00:00:00', '7', '21000.0000', '0.0000', '0.0000', '21000.0000', 1, NULL, NULL, '2022-07-29 05:54:23', '2022-08-02 05:27:57'),
(220, 1, 1, 'Payroll for July 2022', 'pay_roll', 'final', 'paid', 17, '2022-0219', '2022-07-01 00:00:00', '7', '21000.0000', '0.0000', '700.0000', '20300.0000', 1, NULL, NULL, '2022-07-29 05:54:23', '2022-08-04 07:02:39'),
(221, 1, 1, 'Payroll for July 2022', 'pay_roll', 'final', 'paid', 18, '2022-0220', '2022-07-01 00:00:00', '7', '16000.0000', '0.0000', '0.0000', '16000.0000', 1, NULL, NULL, '2022-07-29 05:54:23', '2022-08-03 04:37:20'),
(222, 1, 1, 'Payroll for July 2022', 'pay_roll', 'final', 'paid', 19, '2022-0221', '2022-07-01 00:00:00', '7', '20000.0000', '0.0000', '0.0000', '20000.0000', 1, NULL, NULL, '2022-07-29 05:54:23', '2022-08-03 05:04:57'),
(223, 1, 1, 'Payroll for July 2022', 'pay_roll', 'final', 'paid', 20, '2022-0222', '2022-07-01 00:00:00', '7', '17000.0000', '0.0000', '0.0000', '17000.0000', 1, NULL, NULL, '2022-07-29 05:54:23', '2022-08-12 04:26:35'),
(224, 1, 1, 'Payroll for July 2022', 'pay_roll', 'final', 'paid', 21, '2022-0223', '2022-07-01 00:00:00', '7', '15500.0000', '0.0000', '0.0000', '15500.0000', 1, NULL, NULL, '2022-07-29 05:54:23', '2022-08-05 02:51:24'),
(225, 1, 1, 'Payroll for July 2022', 'pay_roll', 'final', 'paid', 22, '2022-0224', '2022-07-01 00:00:00', '7', '15500.0000', '0.0000', '1550.0000', '13950.0000', 1, NULL, NULL, '2022-07-29 05:54:23', '2022-08-12 04:25:40'),
(226, 1, 1, 'Payroll for July 2022', 'pay_roll', 'final', 'paid', 23, '2022-0225', '2022-07-01 00:00:00', '7', '15500.0000', '0.0000', '0.0000', '15500.0000', 1, NULL, NULL, '2022-07-29 05:54:23', '2022-08-01 05:10:43'),
(227, 1, 1, 'Payroll for July 2022', 'pay_roll', 'final', 'paid', 24, '2022-0226', '2022-07-01 00:00:00', '7', '16000.0000', '0.0000', '0.0000', '16000.0000', 1, NULL, NULL, '2022-07-29 05:54:23', '2022-08-01 05:22:20'),
(228, 1, 1, 'Payroll for July 2022', 'pay_roll', 'final', 'paid', 25, '2022-0227', '2022-07-01 00:00:00', '7', '18500.0000', '0.0000', '0.0000', '18500.0000', 1, NULL, NULL, '2022-07-29 05:54:23', '2022-08-01 05:15:51'),
(229, 1, 1, 'Payroll for July 2022', 'pay_roll', 'final', 'paid', 26, '2022-0228', '2022-07-01 00:00:00', '7', '17000.0000', '0.0000', '0.0000', '17000.0000', 1, NULL, NULL, '2022-07-29 05:54:23', '2022-08-01 05:27:08'),
(230, 1, 1, 'Payroll for July 2022', 'pay_roll', 'final', 'paid', 27, '2022-0229', '2022-07-01 00:00:00', '7', '22000.0000', '0.0000', '0.0000', '22000.0000', 1, NULL, NULL, '2022-07-29 05:54:23', '2022-07-30 05:03:30'),
(231, 1, 1, 'Payroll for July 2022', 'pay_roll', 'final', 'paid', 28, '2022-0230', '2022-07-01 00:00:00', '7', '20000.0000', '0.0000', '0.0000', '20000.0000', 1, NULL, NULL, '2022-07-29 05:54:23', '2022-08-11 06:58:00'),
(232, 1, 1, 'Payroll for July 2022', 'pay_roll', 'final', 'paid', 29, '2022-0231', '2022-07-01 00:00:00', '7', '13500.0000', '0.0000', '0.0000', '13500.0000', 1, NULL, NULL, '2022-07-29 05:54:35', '2022-08-03 07:04:19'),
(233, 1, 1, 'Payroll for July 2022', 'pay_roll', 'final', 'paid', 30, '2022-0232', '2022-07-01 00:00:00', '7', '15000.0000', '0.0000', '0.0000', '15000.0000', 1, NULL, NULL, '2022-07-29 05:54:35', '2022-08-01 05:13:11'),
(234, 1, 1, 'Payroll for July 2022', 'pay_roll', 'final', 'paid', 31, '2022-0233', '2022-07-01 00:00:00', '7', '15000.0000', '0.0000', '0.0000', '15000.0000', 1, NULL, NULL, '2022-07-29 05:54:35', '2022-08-01 05:14:02'),
(235, 1, 1, 'Payroll for July 2022', 'pay_roll', 'final', 'paid', 32, '2022-0234', '2022-07-01 00:00:00', '7', '16000.0000', '0.0000', '0.0000', '16000.0000', 1, NULL, NULL, '2022-07-29 05:54:35', '2022-08-01 05:15:02');
INSERT INTO `hrm_transactions` (`id`, `campus_id`, `session_id`, `payroll_group_name`, `type`, `status`, `payment_status`, `employee_id`, `ref_no`, `transaction_date`, `month`, `basic_salary`, `allowances_amount`, `deductions_amount`, `final_total`, `created_by`, `allowances`, `deductions`, `created_at`, `updated_at`) VALUES
(236, 1, 1, 'Payroll for July 2022', 'pay_roll', 'final', 'paid', 33, '2022-0235', '2022-07-01 00:00:00', '7', '15500.0000', '0.0000', '0.0000', '15500.0000', 1, NULL, NULL, '2022-07-29 05:54:35', '2022-08-06 07:10:00'),
(237, 1, 1, 'Payroll for July 2022', 'pay_roll', 'final', 'paid', 34, '2022-0236', '2022-07-01 00:00:00', '7', '21500.0000', '0.0000', '0.0000', '21500.0000', 1, NULL, NULL, '2022-07-29 05:54:35', '2022-08-05 05:55:09'),
(238, 1, 1, 'Payroll for July 2022', 'pay_roll', 'final', 'paid', 35, '2022-0237', '2022-07-01 00:00:00', '7', '18000.0000', '0.0000', '0.0000', '18000.0000', 1, NULL, NULL, '2022-07-29 05:54:35', '2022-08-06 05:22:52'),
(239, 1, 1, 'Payroll for July 2022', 'pay_roll', 'final', 'paid', 37, '2022-0238', '2022-07-01 00:00:00', '7', '15000.0000', '0.0000', '0.0000', '15000.0000', 1, NULL, NULL, '2022-07-29 05:54:35', '2022-08-02 06:29:43'),
(240, 1, 1, 'Payroll for July 2022', 'pay_roll', 'final', 'paid', 38, '2022-0239', '2022-07-01 00:00:00', '7', '13000.0000', '0.0000', '0.0000', '13000.0000', 1, NULL, NULL, '2022-07-29 05:54:35', '2022-08-12 04:30:42'),
(241, 1, 1, 'Payroll for July 2022', 'pay_roll', 'final', 'paid', 39, '2022-0240', '2022-07-01 00:00:00', '7', '20000.0000', '0.0000', '0.0000', '20000.0000', 1, NULL, NULL, '2022-07-29 05:54:35', '2022-08-05 06:14:57'),
(242, 1, 1, 'Payroll for July 2022', 'pay_roll', 'final', 'paid', 40, '2022-0241', '2022-07-01 00:00:00', '7', '19000.0000', '0.0000', '0.0000', '19000.0000', 1, NULL, NULL, '2022-07-29 05:54:35', '2022-08-11 06:53:01'),
(243, 1, 1, 'Payroll for July 2022', 'pay_roll', 'final', 'paid', 41, '2022-0242', '2022-07-01 00:00:00', '7', '18000.0000', '0.0000', '0.0000', '18000.0000', 1, NULL, NULL, '2022-07-29 05:54:35', '2022-08-03 04:43:36'),
(244, 1, 1, 'Payroll for July 2022', 'pay_roll', 'final', 'paid', 42, '2022-0243', '2022-07-01 00:00:00', '7', '15000.0000', '0.0000', '0.0000', '15000.0000', 1, NULL, NULL, '2022-07-29 05:54:35', '2022-08-11 06:54:24'),
(245, 1, 1, 'Payroll for July 2022', 'pay_roll', 'final', 'paid', 43, '2022-0244', '2022-07-01 00:00:00', '7', '14000.0000', '0.0000', '0.0000', '14000.0000', 1, NULL, NULL, '2022-07-29 05:54:35', '2022-08-11 06:55:11'),
(246, 1, 1, 'Payroll for July 2022', 'pay_roll', 'final', 'paid', 2, '2022-0245', '2022-07-01 00:00:00', '7', '6000.0000', '0.0000', '0.0000', '6000.0000', 1, NULL, NULL, '2022-07-29 05:56:48', '2022-07-29 05:57:33'),
(247, 1, 1, 'Payroll for August 2022', 'pay_roll', 'final', 'paid', 1, '2022-0246', '2022-08-01 00:00:00', '8', '21500.0000', '1433.3300', '0.0000', '22933.3300', 1, NULL, NULL, '2022-08-30 04:23:58', '2022-09-02 04:09:39'),
(248, 1, 1, 'Payroll for August 2022', 'pay_roll', 'final', 'paid', 2, '2022-0247', '2022-08-01 00:00:00', '8', '6000.0000', '0.0000', '0.0000', '6000.0000', 1, NULL, NULL, '2022-08-30 04:23:58', '2022-09-03 06:53:40'),
(249, 1, 1, 'Payroll for August 2022', 'pay_roll', 'final', 'paid', 3, '2022-0248', '2022-08-01 00:00:00', '8', '11000.0000', '0.0000', '0.0000', '11000.0000', 1, NULL, NULL, '2022-08-30 04:23:58', '2022-09-03 02:50:01'),
(250, 1, 1, 'Payroll for August 2022', 'pay_roll', 'final', 'paid', 4, '2022-0249', '2022-08-01 00:00:00', '8', '14500.0000', '0.0000', '0.0000', '14500.0000', 1, NULL, NULL, '2022-08-30 04:23:58', '2022-09-02 04:10:06'),
(251, 1, 1, 'Payroll for August 2022', 'pay_roll', 'final', 'paid', 5, '2022-0250', '2022-08-01 00:00:00', '8', '13500.0000', '900.0000', '0.0000', '14400.0000', 1, NULL, NULL, '2022-08-30 04:23:58', '2022-09-08 04:46:57'),
(252, 1, 1, 'Payroll for August 2022', 'pay_roll', 'final', 'paid', 6, '2022-0251', '2022-08-01 00:00:00', '8', '17000.0000', '0.0000', '0.0000', '17000.0000', 1, NULL, NULL, '2022-08-30 04:23:58', '2022-09-02 04:30:28'),
(253, 1, 1, 'Payroll for August 2022', 'pay_roll', 'final', 'paid', 7, '2022-0252', '2022-08-01 00:00:00', '8', '15000.0000', '1000.0000', '150.0000', '15850.0000', 1, NULL, NULL, '2022-08-30 04:23:58', '2022-09-03 06:48:39'),
(254, 1, 1, 'Payroll for August 2022', 'pay_roll', 'final', 'paid', 8, '2022-0253', '2022-08-01 00:00:00', '8', '23500.0000', '1566.6700', '0.0000', '25066.6700', 1, NULL, NULL, '2022-08-30 04:23:58', '2022-09-05 07:25:14'),
(255, 1, 1, 'Payroll for August 2022', 'pay_roll', 'final', 'paid', 11, '2022-0254', '2022-08-01 00:00:00', '8', '26000.0000', '0.0000', '0.0000', '26000.0000', 1, NULL, NULL, '2022-08-30 04:23:58', '2022-09-08 04:24:24'),
(256, 1, 1, 'Payroll for August 2022', 'pay_roll', 'final', 'paid', 12, '2022-0255', '2022-08-01 00:00:00', '8', '24000.0000', '0.0000', '0.0000', '24000.0000', 1, NULL, NULL, '2022-08-30 04:23:58', '2022-09-05 05:13:14'),
(257, 1, 1, 'Payroll for August 2022', 'pay_roll', 'final', 'paid', 13, '2022-0256', '2022-08-01 00:00:00', '8', '24000.0000', '0.0000', '0.0000', '24000.0000', 1, NULL, NULL, '2022-08-30 04:23:58', '2022-09-06 06:07:25'),
(258, 1, 1, 'Payroll for August 2022', 'pay_roll', 'final', 'paid', 14, '2022-0257', '2022-08-01 00:00:00', '8', '20000.0000', '1333.3300', '100.0000', '21233.3300', 1, NULL, NULL, '2022-08-30 04:23:58', '2022-09-03 04:06:15'),
(259, 1, 1, 'Payroll for August 2022', 'pay_roll', 'final', 'paid', 15, '2022-0258', '2022-08-01 00:00:00', '8', '21000.0000', '1400.0000', '0.0000', '22400.0000', 1, NULL, NULL, '2022-08-30 04:23:58', '2022-09-03 07:30:48'),
(260, 1, 1, 'Payroll for August 2022', 'pay_roll', 'final', 'paid', 17, '2022-0259', '2022-08-01 00:00:00', '8', '21000.0000', '1400.0000', '50.0000', '22350.0000', 1, NULL, NULL, '2022-08-30 04:23:58', '2022-09-07 04:42:26'),
(261, 1, 1, 'Payroll for August 2022', 'pay_roll', 'final', 'paid', 18, '2022-0260', '2022-08-01 00:00:00', '8', '16000.0000', '1066.6700', '50.0000', '17016.6700', 1, NULL, NULL, '2022-08-30 04:23:58', '2022-09-03 06:49:32'),
(262, 1, 1, 'Payroll for August 2022', 'pay_roll', 'final', 'paid', 19, '2022-0261', '2022-08-01 00:00:00', '8', '20000.0000', '1333.3300', '600.0000', '20733.3300', 1, NULL, NULL, '2022-08-30 04:23:58', '2022-09-03 03:50:08'),
(263, 1, 1, 'Payroll for August 2022', 'pay_roll', 'final', 'paid', 20, '2022-0262', '2022-08-01 00:00:00', '8', '17000.0000', '566.6700', '0.0000', '17566.6700', 1, NULL, NULL, '2022-08-30 04:23:58', '2022-09-03 04:35:39'),
(264, 1, 1, 'Payroll for August 2022', 'pay_roll', 'final', 'paid', 21, '2022-0263', '2022-08-01 00:00:00', '8', '15500.0000', '1033.3300', '0.0000', '16533.3300', 1, NULL, NULL, '2022-08-30 04:23:58', '2022-09-03 03:59:35'),
(265, 1, 1, 'Payroll for August 2022', 'pay_roll', 'final', 'paid', 22, '2022-0264', '2022-08-01 00:00:00', '8', '15500.0000', '0.0000', '0.0000', '15500.0000', 1, NULL, NULL, '2022-08-30 04:23:58', '2022-09-08 04:56:43'),
(266, 1, 1, 'Payroll for August 2022', 'pay_roll', 'final', 'paid', 23, '2022-0265', '2022-08-01 00:00:00', '8', '15500.0000', '0.0000', '0.0000', '15500.0000', 1, NULL, NULL, '2022-08-30 04:23:58', '2022-09-02 04:10:27'),
(267, 1, 1, 'Payroll for August 2022', 'pay_roll', 'final', 'paid', 24, '2022-0266', '2022-08-01 00:00:00', '8', '16000.0000', '0.0000', '0.0000', '16000.0000', 1, NULL, NULL, '2022-08-30 04:23:58', '2022-09-02 04:10:52'),
(268, 1, 1, 'Payroll for August 2022', 'pay_roll', 'final', 'paid', 25, '2022-0267', '2022-08-01 00:00:00', '8', '18500.0000', '0.0000', '0.0000', '18500.0000', 1, NULL, NULL, '2022-08-30 04:23:58', '2022-09-02 04:11:18'),
(269, 1, 1, 'Payroll for August 2022', 'pay_roll', 'final', 'paid', 26, '2022-0268', '2022-08-01 00:00:00', '8', '17000.0000', '0.0000', '0.0000', '17000.0000', 1, NULL, NULL, '2022-08-30 04:23:58', '2022-09-02 04:11:42'),
(270, 1, 1, 'Payroll for August 2022', 'pay_roll', 'final', 'paid', 27, '2022-0269', '2022-08-01 00:00:00', '8', '22000.0000', '1466.6700', '350.0000', '23116.6700', 1, NULL, NULL, '2022-08-30 04:23:58', '2022-09-07 03:57:48'),
(271, 1, 1, 'Payroll for August 2022', 'pay_roll', 'final', 'paid', 28, '2022-0270', '2022-08-01 00:00:00', '8', '20000.0000', '666.6700', '0.0000', '20666.6700', 1, NULL, NULL, '2022-08-30 04:23:58', '2022-09-08 05:44:15'),
(272, 1, 1, 'Payroll for August 2022', 'pay_roll', 'final', 'paid', 29, '2022-0271', '2022-08-01 00:00:00', '8', '13500.0000', '450.0000', '0.0000', '13950.0000', 1, NULL, NULL, '2022-08-30 04:24:33', '2022-09-03 02:52:42'),
(273, 1, 1, 'Payroll for August 2022', 'pay_roll', 'final', 'paid', 30, '2022-0272', '2022-08-01 00:00:00', '8', '15000.0000', '0.0000', '0.0000', '15000.0000', 1, NULL, NULL, '2022-08-30 04:24:33', '2022-09-02 04:12:45'),
(274, 1, 1, 'Payroll for August 2022', 'pay_roll', 'final', 'paid', 31, '2022-0273', '2022-08-01 00:00:00', '8', '15000.0000', '0.0000', '0.0000', '15000.0000', 1, NULL, NULL, '2022-08-30 04:24:33', '2022-09-02 04:13:16'),
(275, 1, 1, 'Payroll for August 2022', 'pay_roll', 'final', 'paid', 32, '2022-0274', '2022-08-01 00:00:00', '8', '16000.0000', '0.0000', '0.0000', '16000.0000', 1, NULL, NULL, '2022-08-30 04:24:33', '2022-09-02 04:13:38'),
(276, 1, 1, 'Payroll for August 2022', 'pay_roll', 'final', 'paid', 33, '2022-0275', '2022-08-01 00:00:00', '8', '15500.0000', '1033.3300', '200.0000', '16333.3300', 1, NULL, NULL, '2022-08-30 04:24:33', '2022-09-05 03:31:24'),
(277, 1, 1, 'Payroll for August 2022', 'pay_roll', 'final', 'paid', 34, '2022-0276', '2022-08-01 00:00:00', '8', '21500.0000', '0.0000', '1433.3300', '20066.6700', 1, NULL, NULL, '2022-08-30 04:24:33', '2022-09-03 05:18:26'),
(278, 1, 1, 'Payroll for August 2022', 'pay_roll', 'final', 'paid', 35, '2022-0277', '2022-08-01 00:00:00', '8', '18000.0000', '0.0000', '9000.0000', '9000.0000', 1, NULL, NULL, '2022-08-30 04:24:33', '2022-09-02 04:15:50'),
(279, 1, 1, 'Payroll for August 2022', 'pay_roll', 'final', 'paid', 37, '2022-0278', '2022-08-01 00:00:00', '8', '15000.0000', '500.0000', '0.0000', '15500.0000', 1, NULL, NULL, '2022-08-30 04:24:33', '2022-09-02 04:18:38'),
(280, 1, 1, 'Payroll for August 2022', 'pay_roll', 'final', 'paid', 38, '2022-0279', '2022-08-01 00:00:00', '8', '13000.0000', '866.6700', '100.0000', '13766.6700', 1, NULL, NULL, '2022-08-30 04:24:33', '2022-09-02 05:53:41'),
(281, 1, 1, 'Payroll for August 2022', 'pay_roll', 'final', 'paid', 39, '2022-0280', '2022-08-01 00:00:00', '8', '20000.0000', '1333.3300', '0.0000', '21333.3300', 1, NULL, NULL, '2022-08-30 04:24:33', '2022-09-07 07:57:12'),
(282, 1, 1, 'Payroll for August 2022', 'pay_roll', 'final', 'paid', 40, '2022-0281', '2022-08-01 00:00:00', '8', '19000.0000', '0.0000', '633.3300', '18366.6700', 1, NULL, NULL, '2022-08-30 04:24:33', '2022-09-06 06:16:05'),
(283, 1, 1, 'Payroll for August 2022', 'pay_roll', 'final', 'paid', 41, '2022-0282', '2022-08-01 00:00:00', '8', '18000.0000', '1200.0000', '0.0000', '19200.0000', 1, NULL, NULL, '2022-08-30 04:24:33', '2022-09-06 06:12:37'),
(284, 1, 1, 'Payroll for August 2022', 'pay_roll', 'final', 'paid', 42, '2022-0283', '2022-08-01 00:00:00', '8', '15000.0000', '0.0000', '0.0000', '15000.0000', 1, NULL, NULL, '2022-08-30 04:24:33', '2022-09-08 05:41:11'),
(285, 1, 1, 'Payroll for August 2022', 'pay_roll', 'final', 'paid', 43, '2022-0284', '2022-08-01 00:00:00', '8', '14000.0000', '0.0000', '0.0000', '14000.0000', 1, NULL, NULL, '2022-08-30 04:24:33', '2022-09-08 05:42:58'),
(286, 1, 1, 'Payroll for September 2022', 'pay_roll', 'final', 'paid', 1, '2022-0285', '2022-09-01 00:00:00', '9', '21500.0000', '1433.3300', '0.0000', '22933.3300', 1, NULL, NULL, '2022-09-24 06:34:46', '2022-09-24 06:36:15'),
(287, 1, 1, 'Payroll for September 2022', 'pay_roll', 'final', 'paid', 2, '2022-0286', '2022-09-01 00:00:00', '9', '6000.0000', '0.0000', '0.0000', '6000.0000', 1, NULL, NULL, '2022-09-24 06:34:46', '2022-10-04 07:02:14'),
(288, 1, 1, 'Payroll for September 2022', 'pay_roll', 'final', 'paid', 3, '2022-0287', '2022-09-01 00:00:00', '9', '11000.0000', '0.0000', '0.0000', '11000.0000', 1, NULL, NULL, '2022-09-24 06:34:46', '2022-10-01 05:48:05'),
(289, 1, 1, 'Payroll for September 2022', 'pay_roll', 'final', 'paid', 4, '2022-0288', '2022-09-01 00:00:00', '9', '14500.0000', '0.0000', '0.0000', '14500.0000', 1, NULL, NULL, '2022-09-24 06:34:46', '2022-10-01 05:59:47'),
(290, 1, 1, 'Payroll for September 2022', 'pay_roll', 'final', 'paid', 5, '2022-0289', '2022-09-01 00:00:00', '9', '13500.0000', '900.0000', '0.0000', '14400.0000', 1, NULL, NULL, '2022-09-24 06:34:46', '2022-10-04 07:46:32'),
(291, 1, 1, 'Payroll for September 2022', 'pay_roll', 'final', 'paid', 6, '2022-0290', '2022-09-01 00:00:00', '9', '17000.0000', '0.0000', '0.0000', '17000.0000', 1, NULL, NULL, '2022-09-24 06:34:46', '2022-10-04 07:00:27'),
(292, 1, 1, 'Payroll for September 2022', 'pay_roll', 'final', 'paid', 7, '2022-0291', '2022-09-01 00:00:00', '9', '15000.0000', '1000.0000', '0.0000', '16000.0000', 1, NULL, NULL, '2022-09-24 06:34:46', '2022-10-03 06:59:03'),
(293, 1, 1, 'Payroll for September 2022', 'pay_roll', 'final', 'paid', 8, '2022-0292', '2022-09-01 00:00:00', '9', '23500.0000', '2350.0000', '0.0000', '25850.0000', 1, NULL, NULL, '2022-09-24 06:34:46', '2022-10-01 04:28:00'),
(294, 1, 1, 'Payroll for September 2022', 'pay_roll', 'final', 'paid', 11, '2022-0293', '2022-09-01 00:00:00', '9', '26000.0000', '0.0000', '0.0000', '26000.0000', 1, NULL, NULL, '2022-09-24 06:34:46', '2022-10-06 08:29:52'),
(295, 1, 1, 'Payroll for September 2022', 'pay_roll', 'final', 'paid', 12, '2022-0294', '2022-09-01 00:00:00', '9', '24000.0000', '0.0000', '0.0000', '24000.0000', 1, NULL, NULL, '2022-09-24 06:34:46', '2022-10-06 05:27:00'),
(296, 1, 1, 'Payroll for September 2022', 'pay_roll', 'final', 'paid', 13, '2022-0295', '2022-09-01 00:00:00', '9', '24000.0000', '0.0000', '0.0000', '24000.0000', 1, NULL, NULL, '2022-09-24 06:34:46', '2022-10-08 05:26:36'),
(297, 1, 1, 'Payroll for September 2022', 'pay_roll', 'final', 'paid', 14, '2022-0296', '2022-09-01 00:00:00', '9', '20000.0000', '666.6700', '0.0000', '20666.6700', 1, NULL, NULL, '2022-09-24 06:34:46', '2022-10-03 06:48:10'),
(298, 1, 1, 'Payroll for September 2022', 'pay_roll', 'final', 'paid', 15, '2022-0297', '2022-09-01 00:00:00', '9', '21000.0000', '1400.0000', '0.0000', '22400.0000', 1, NULL, NULL, '2022-09-24 06:34:46', '2022-10-06 03:12:12'),
(299, 1, 1, 'Payroll for September 2022', 'pay_roll', 'final', 'paid', 17, '2022-0298', '2022-09-01 00:00:00', '9', '21000.0000', '1400.0000', '0.0000', '22400.0000', 1, NULL, NULL, '2022-09-24 06:34:46', '2022-10-06 03:55:32'),
(300, 1, 1, 'Payroll for September 2022', 'pay_roll', 'final', 'paid', 18, '2022-0299', '2022-09-01 00:00:00', '9', '16000.0000', '0.0000', '3200.0000', '12800.0000', 1, NULL, NULL, '2022-09-24 06:34:46', '2022-10-04 07:26:53'),
(301, 1, 1, 'Payroll for September 2022', 'pay_roll', 'final', 'paid', 19, '2022-0300', '2022-09-01 00:00:00', '9', '20000.0000', '1333.3300', '0.0000', '21333.3300', 1, NULL, NULL, '2022-09-24 06:34:46', '2022-10-04 03:36:03'),
(302, 1, 1, 'Payroll for September 2022', 'pay_roll', 'final', 'paid', 20, '2022-0301', '2022-09-01 00:00:00', '9', '17000.0000', '1133.3300', '0.0000', '18133.3300', 1, NULL, NULL, '2022-09-24 06:34:46', '2022-10-10 07:29:03'),
(303, 1, 1, 'Payroll for September 2022', 'pay_roll', 'final', 'paid', 21, '2022-0302', '2022-09-01 00:00:00', '9', '15500.0000', '1033.3300', '0.0000', '16533.3300', 1, NULL, NULL, '2022-09-24 06:34:46', '2022-10-05 03:43:25'),
(304, 1, 1, 'Payroll for September 2022', 'pay_roll', 'final', 'paid', 22, '2022-0303', '2022-09-01 00:00:00', '9', '15500.0000', '1033.3300', '0.0000', '16533.3300', 1, NULL, NULL, '2022-09-24 06:34:46', '2022-10-10 07:29:53'),
(305, 1, 1, 'Payroll for September 2022', 'pay_roll', 'final', 'paid', 23, '2022-0304', '2022-09-01 00:00:00', '9', '15500.0000', '0.0000', '0.0000', '15500.0000', 1, NULL, NULL, '2022-09-24 06:34:46', '2022-10-01 05:56:21'),
(306, 1, 1, 'Payroll for September 2022', 'pay_roll', 'final', 'paid', 24, '2022-0305', '2022-09-01 00:00:00', '9', '16000.0000', '0.0000', '0.0000', '16000.0000', 1, NULL, NULL, '2022-09-24 06:34:46', '2022-10-04 08:02:21'),
(307, 1, 1, 'Payroll for September 2022', 'pay_roll', 'final', 'paid', 25, '2022-0306', '2022-09-01 00:00:00', '9', '18500.0000', '0.0000', '0.0000', '18500.0000', 1, NULL, NULL, '2022-09-24 06:34:46', '2022-10-04 06:59:24'),
(308, 1, 1, 'Payroll for September 2022', 'pay_roll', 'final', 'paid', 26, '2022-0307', '2022-09-01 00:00:00', '9', '17000.0000', '0.0000', '0.0000', '17000.0000', 1, NULL, NULL, '2022-09-24 06:34:46', '2022-10-03 04:01:31'),
(309, 1, 1, 'Payroll for September 2022', 'pay_roll', 'final', 'paid', 27, '2022-0308', '2022-09-01 00:00:00', '9', '22000.0000', '1466.6700', '0.0000', '23466.6700', 1, NULL, NULL, '2022-09-24 06:34:46', '2022-10-10 07:30:54'),
(310, 1, 1, 'Payroll for September 2022', 'pay_roll', 'final', 'paid', 28, '2022-0309', '2022-09-01 00:00:00', '9', '20000.0000', '1333.3300', '0.0000', '21333.3300', 1, NULL, NULL, '2022-09-24 06:34:46', '2022-10-10 07:31:54'),
(311, 1, 1, 'Payroll for September 2022', 'pay_roll', 'final', 'paid', 29, '2022-0310', '2022-09-01 00:00:00', '9', '13500.0000', '450.0000', '0.0000', '13950.0000', 1, NULL, NULL, '2022-09-24 06:35:21', '2022-10-04 07:48:04'),
(312, 1, 1, 'Payroll for September 2022', 'pay_roll', 'final', 'paid', 30, '2022-0311', '2022-09-01 00:00:00', '9', '15000.0000', '0.0000', '0.0000', '15000.0000', 1, NULL, NULL, '2022-09-24 06:35:21', '2022-10-03 04:00:16'),
(313, 1, 1, 'Payroll for September 2022', 'pay_roll', 'final', 'paid', 31, '2022-0312', '2022-09-01 00:00:00', '9', '15000.0000', '0.0000', '0.0000', '15000.0000', 1, NULL, NULL, '2022-09-24 06:35:21', '2022-10-04 06:22:40'),
(314, 1, 1, 'Payroll for September 2022', 'pay_roll', 'final', 'paid', 32, '2022-0313', '2022-09-01 00:00:00', '9', '16000.0000', '0.0000', '0.0000', '16000.0000', 1, NULL, NULL, '2022-09-24 06:35:21', '2022-10-04 06:21:39'),
(315, 1, 1, 'Payroll for September 2022', 'pay_roll', 'final', 'paid', 33, '2022-0314', '2022-09-01 00:00:00', '9', '15500.0000', '0.0000', '0.0000', '15500.0000', 1, NULL, NULL, '2022-09-24 06:35:21', '2022-10-05 03:44:00'),
(318, 1, 1, 'Payroll for September 2022', 'pay_roll', 'final', 'paid', 37, '2022-0317', '2022-09-01 00:00:00', '9', '15000.0000', '0.0000', '0.0000', '15000.0000', 1, NULL, NULL, '2022-09-24 06:35:21', '2022-10-06 05:26:35'),
(319, 1, 1, 'Payroll for September 2022', 'pay_roll', 'final', 'paid', 38, '2022-0318', '2022-09-01 00:00:00', '9', '13000.0000', '866.6700', '0.0000', '13866.6700', 1, NULL, NULL, '2022-09-24 06:35:21', '2022-10-01 06:01:05'),
(320, 1, 1, 'Payroll for September 2022', 'pay_roll', 'final', 'paid', 39, '2022-0319', '2022-09-01 00:00:00', '9', '20000.0000', '1333.3300', '0.0000', '21333.3300', 1, NULL, NULL, '2022-09-24 06:35:21', '2022-10-10 07:33:14'),
(321, 1, 1, 'Payroll for September 2022', 'pay_roll', 'final', 'paid', 40, '2022-0320', '2022-09-01 00:00:00', '9', '19000.0000', '2000.0000', '1340.0000', '20660.0000', 1, NULL, NULL, '2022-09-24 06:35:21', '2022-10-07 06:32:30'),
(322, 1, 1, 'Payroll for September 2022', 'pay_roll', 'final', 'paid', 41, '2022-0321', '2022-09-01 00:00:00', '9', '18000.0000', '0.0000', '600.0000', '17400.0000', 1, NULL, NULL, '2022-09-24 06:35:21', '2022-10-03 05:34:53'),
(323, 1, 1, 'Payroll for September 2022', 'pay_roll', 'final', 'paid', 42, '2022-0322', '2022-09-01 00:00:00', '9', '15000.0000', '1000.0000', '0.0000', '16000.0000', 1, NULL, NULL, '2022-09-24 06:35:21', '2022-10-10 07:39:18'),
(324, 1, 1, 'Payroll for September 2022', 'pay_roll', 'final', 'paid', 43, '2022-0323', '2022-09-01 00:00:00', '9', '14000.0000', '933.3300', '0.0000', '14933.3300', 1, NULL, NULL, '2022-09-24 06:35:21', '2022-10-10 07:42:29'),
(325, 1, 1, 'Payroll for September 2022', 'pay_roll', 'final', 'paid', 45, '2022-0326', '2022-09-01 00:00:00', '9', '16000.0000', '0.0000', '8000.0000', '8000.0000', 1, NULL, NULL, '2022-10-12 06:32:26', '2022-10-12 07:41:16'),
(326, 1, 1, 'Payroll for September 2022', 'pay_roll', 'final', 'paid', 46, '2022-0327', '2022-09-01 00:00:00', '9', '19000.0000', '0.0000', '9500.0000', '9500.0000', 1, NULL, NULL, '2022-10-12 06:32:26', '2022-10-12 07:40:53'),
(327, 1, 1, 'Payroll for October 2022', 'pay_roll', 'final', 'paid', 1, '2022-0329', '2022-10-01 00:00:00', '10', '21500.0000', '1433.3300', '0.0000', '22933.3300', 1, NULL, NULL, '2022-10-24 02:51:48', '2022-11-01 07:52:59'),
(328, 1, 1, 'Payroll for October 2022', 'pay_roll', 'final', 'paid', 2, '2022-0330', '2022-10-01 00:00:00', '10', '6000.0000', '0.0000', '0.0000', '6000.0000', 1, NULL, NULL, '2022-10-24 02:51:48', '2022-11-01 07:53:18'),
(329, 1, 1, 'Payroll for October 2022', 'pay_roll', 'final', 'paid', 3, '2022-0331', '2022-10-01 00:00:00', '10', '11000.0000', '0.0000', '0.0000', '11000.0000', 1, NULL, NULL, '2022-10-24 02:51:48', '2022-11-01 07:53:32'),
(330, 1, 1, 'Payroll for October 2022', 'pay_roll', 'final', 'paid', 4, '2022-0332', '2022-10-01 00:00:00', '10', '14500.0000', '0.0000', '0.0000', '14500.0000', 1, NULL, NULL, '2022-10-24 02:51:48', '2022-11-01 06:48:09'),
(331, 1, 1, 'Payroll for October 2022', 'pay_roll', 'final', 'paid', 5, '2022-0333', '2022-10-01 00:00:00', '10', '13500.0000', '900.0000', '0.0000', '14400.0000', 1, NULL, NULL, '2022-10-24 02:51:48', '2022-11-03 03:46:59'),
(332, 1, 1, 'Payroll for October 2022', 'pay_roll', 'final', 'paid', 6, '2022-0334', '2022-10-01 00:00:00', '10', '17000.0000', '0.0000', '0.0000', '17000.0000', 1, NULL, NULL, '2022-10-24 02:51:48', '2022-11-01 07:55:46'),
(333, 1, 1, 'Payroll for October 2022', 'pay_roll', 'final', 'paid', 7, '2022-0335', '2022-10-01 00:00:00', '10', '15000.0000', '1000.0000', '0.0000', '16000.0000', 1, NULL, NULL, '2022-10-24 02:51:48', '2022-11-01 08:02:45'),
(334, 1, 1, 'Payroll for October 2022', 'pay_roll', 'final', 'paid', 11, '2022-0336', '2022-10-01 00:00:00', '10', '26000.0000', '0.0000', '0.0000', '26000.0000', 1, NULL, NULL, '2022-10-24 02:51:48', '2022-11-07 05:56:36'),
(335, 1, 1, 'Payroll for October 2022', 'pay_roll', 'final', 'paid', 12, '2022-0337', '2022-10-01 00:00:00', '10', '24000.0000', '0.0000', '0.0000', '24000.0000', 1, NULL, NULL, '2022-10-24 02:51:48', '2022-11-07 05:55:30'),
(336, 1, 1, 'Payroll for October 2022', 'pay_roll', 'final', 'paid', 13, '2022-0338', '2022-10-01 00:00:00', '10', '24000.0000', '0.0000', '0.0000', '24000.0000', 1, NULL, NULL, '2022-10-24 02:51:48', '2022-11-07 05:56:15'),
(337, 1, 1, 'Payroll for October 2022', 'pay_roll', 'final', 'paid', 14, '2022-0339', '2022-10-01 00:00:00', '10', '20000.0000', '0.0000', '0.0000', '20000.0000', 1, NULL, NULL, '2022-10-24 02:51:48', '2022-11-03 03:49:51'),
(338, 1, 1, 'Payroll for October 2022', 'pay_roll', 'final', 'paid', 15, '2022-0340', '2022-10-01 00:00:00', '10', '21000.0000', '1400.0000', '0.0000', '22400.0000', 1, NULL, NULL, '2022-10-24 02:51:48', '2022-11-01 06:49:03'),
(339, 1, 1, 'Payroll for October 2022', 'pay_roll', 'final', 'paid', 17, '2022-0341', '2022-10-01 00:00:00', '10', '21000.0000', '1400.0000', '0.0000', '22400.0000', 1, NULL, NULL, '2022-10-24 02:51:48', '2022-11-03 03:08:22'),
(340, 1, 1, 'Payroll for October 2022', 'pay_roll', 'final', 'paid', 18, '2022-0342', '2022-10-01 00:00:00', '10', '16000.0000', '533.3300', '100.0000', '16433.3300', 1, NULL, NULL, '2022-10-24 02:51:48', '2022-11-02 04:09:58'),
(341, 1, 1, 'Payroll for October 2022', 'pay_roll', 'final', 'paid', 19, '2022-0343', '2022-10-01 00:00:00', '10', '20000.0000', '1333.3300', '0.0000', '21333.3300', 1, NULL, NULL, '2022-10-24 02:51:48', '2022-11-03 06:08:42'),
(342, 1, 1, 'Payroll for October 2022', 'pay_roll', 'final', 'paid', 20, '2022-0344', '2022-10-01 00:00:00', '10', '17000.0000', '1133.3300', '0.0000', '18133.3300', 1, NULL, NULL, '2022-10-24 02:51:48', '2022-11-05 06:26:52'),
(343, 1, 1, 'Payroll for October 2022', 'pay_roll', 'final', 'paid', 21, '2022-0345', '2022-10-01 00:00:00', '10', '15500.0000', '0.0000', '0.0000', '15500.0000', 1, NULL, NULL, '2022-10-24 02:51:48', '2022-11-05 04:36:23'),
(344, 1, 1, 'Payroll for October 2022', 'pay_roll', 'final', 'paid', 22, '2022-0346', '2022-10-01 00:00:00', '10', '15500.0000', '1033.3300', '0.0000', '16533.3300', 1, NULL, NULL, '2022-10-24 02:51:48', '2022-11-04 05:33:35'),
(345, 1, 1, 'Payroll for October 2022', 'pay_roll', 'final', 'paid', 23, '2022-0347', '2022-10-01 00:00:00', '10', '15500.0000', '0.0000', '0.0000', '15500.0000', 1, NULL, NULL, '2022-10-24 02:51:48', '2022-11-01 06:49:36'),
(346, 1, 1, 'Payroll for October 2022', 'pay_roll', 'final', 'paid', 24, '2022-0348', '2022-10-01 00:00:00', '10', '16000.0000', '0.0000', '0.0000', '16000.0000', 1, NULL, NULL, '2022-10-24 02:51:48', '2022-11-01 06:50:00'),
(347, 1, 1, 'Payroll for October 2022', 'pay_roll', 'final', 'paid', 25, '2022-0349', '2022-10-01 00:00:00', '10', '18500.0000', '0.0000', '0.0000', '18500.0000', 1, NULL, NULL, '2022-10-24 02:51:48', '2022-11-01 06:52:20'),
(348, 1, 1, 'Payroll for October 2022', 'pay_roll', 'final', 'paid', 26, '2022-0350', '2022-10-01 00:00:00', '10', '17000.0000', '0.0000', '0.0000', '17000.0000', 1, NULL, NULL, '2022-10-24 02:51:48', '2022-11-01 06:52:42'),
(349, 1, 1, 'Payroll for October 2022', 'pay_roll', 'final', 'paid', 27, '2022-0351', '2022-10-01 00:00:00', '10', '22000.0000', '1466.6700', '350.0000', '23116.6700', 1, NULL, NULL, '2022-10-24 02:51:48', '2022-11-05 03:42:21'),
(350, 1, 1, 'Payroll for October 2022', 'pay_roll', 'final', 'paid', 28, '2022-0352', '2022-10-01 00:00:00', '10', '20000.0000', '1333.3300', '0.0000', '21333.3300', 1, NULL, NULL, '2022-10-24 02:51:48', '2022-11-04 03:48:35'),
(351, 1, 1, 'Payroll for October 2022', 'pay_roll', 'final', 'paid', 29, '2022-0353', '2022-10-01 00:00:00', '10', '13500.0000', '450.0000', '50.0000', '13900.0000', 1, NULL, NULL, '2022-10-24 02:51:48', '2022-11-03 06:11:16'),
(353, 1, 1, 'Payroll for October 2022', 'pay_roll', 'final', 'paid', 31, '2022-0355', '2022-10-01 00:00:00', '10', '15000.0000', '0.0000', '0.0000', '15000.0000', 1, NULL, NULL, '2022-10-24 02:52:51', '2022-11-01 06:53:05'),
(354, 1, 1, 'Payroll for October 2022', 'pay_roll', 'final', 'paid', 32, '2022-0356', '2022-10-01 00:00:00', '10', '16000.0000', '0.0000', '0.0000', '16000.0000', 1, NULL, NULL, '2022-10-24 02:52:51', '2022-11-01 06:53:31'),
(355, 1, 1, 'Payroll for October 2022', 'pay_roll', 'final', 'paid', 37, '2022-0357', '2022-10-01 00:00:00', '10', '15000.0000', '0.0000', '0.0000', '15000.0000', 1, NULL, NULL, '2022-10-24 02:52:51', '2022-11-02 06:06:09'),
(356, 1, 1, 'Payroll for October 2022', 'pay_roll', 'final', 'paid', 38, '2022-0358', '2022-10-01 00:00:00', '10', '13000.0000', '866.6700', '0.0000', '13866.6700', 1, NULL, NULL, '2022-10-24 02:52:51', '2022-11-02 06:45:54'),
(357, 1, 1, 'Payroll for October 2022', 'pay_roll', 'final', 'paid', 39, '2022-0359', '2022-10-01 00:00:00', '10', '20000.0000', '1333.3300', '0.0000', '21333.3300', 1, NULL, NULL, '2022-10-24 02:52:51', '2022-11-03 03:43:23'),
(358, 1, 1, 'Payroll for October 2022', 'pay_roll', 'final', 'paid', 40, '2022-0360', '2022-10-01 00:00:00', '10', '20000.0000', '0.0000', '0.0000', '20000.0000', 1, NULL, NULL, '2022-10-24 02:52:51', '2022-11-05 03:44:07'),
(359, 1, 1, 'Payroll for October 2022', 'pay_roll', 'final', 'paid', 41, '2022-0361', '2022-10-01 00:00:00', '10', '18000.0000', '1266.6700', '0.0000', '20266.6700', 1, NULL, NULL, '2022-10-24 02:52:51', '2022-11-05 04:35:04'),
(360, 1, 1, 'Payroll for October 2022', 'pay_roll', 'final', 'paid', 42, '2022-0362', '2022-10-01 00:00:00', '10', '15000.0000', '1000.0000', '0.0000', '16000.0000', 1, NULL, NULL, '2022-10-24 02:52:51', '2022-11-03 06:18:57'),
(361, 1, 1, 'Payroll for October 2022', 'pay_roll', 'final', 'paid', 43, '2022-0363', '2022-10-01 00:00:00', '10', '14000.0000', '933.3300', '0.0000', '14933.3300', 1, NULL, NULL, '2022-10-24 02:52:51', '2022-11-03 06:17:07'),
(362, 1, 1, 'Payroll for October 2022', 'pay_roll', 'final', 'paid', 45, '2022-0364', '2022-10-01 00:00:00', '10', '16000.0000', '533.3300', '0.0000', '16533.3300', 1, NULL, NULL, '2022-10-24 02:52:51', '2022-11-05 03:39:40'),
(363, 1, 1, 'Payroll for October 2022', 'pay_roll', 'final', 'paid', 46, '2022-0365', '2022-10-01 00:00:00', '10', '19000.0000', '0.0000', '3166.6700', '15833.3300', 1, NULL, NULL, '2022-10-24 02:52:51', '2022-11-02 03:19:24'),
(364, 1, 1, 'Payroll for October 2022', 'pay_roll', 'final', 'paid', 47, '2022-0366', '2022-10-01 00:00:00', '10', '16000.0000', '533.3300', '0.0000', '16533.3300', 1, NULL, NULL, '2022-10-24 02:52:51', '2022-11-04 02:55:00'),
(365, 1, 1, 'Payroll for October 2022', 'pay_roll', 'final', 'paid', 48, '2022-0367', '2022-10-01 00:00:00', '10', '17000.0000', '0.0000', '0.0000', '17000.0000', 1, NULL, NULL, '2022-11-01 05:26:40', '2022-11-01 06:53:54'),
(366, 1, 1, 'Payroll for November 2022', 'pay_roll', 'final', 'paid', 1, '2022-0368', '2022-11-01 00:00:00', '11', '21500.0000', '1433.3300', '0.0000', '22933.3300', 1, NULL, NULL, '2022-11-29 03:18:23', '2022-11-29 03:23:08'),
(367, 1, 1, 'Payroll for November 2022', 'pay_roll', 'final', 'paid', 2, '2022-0369', '2022-11-01 00:00:00', '11', '6000.0000', '0.0000', '0.0000', '6000.0000', 1, NULL, NULL, '2022-11-29 03:18:23', '2022-12-01 06:11:55'),
(368, 1, 1, 'Payroll for November 2022', 'pay_roll', 'final', 'paid', 3, '2022-0370', '2022-11-01 00:00:00', '11', '11000.0000', '0.0000', '0.0000', '11000.0000', 1, NULL, NULL, '2022-11-29 03:18:23', '2022-11-29 03:27:44'),
(369, 1, 1, 'Payroll for November 2022', 'pay_roll', 'final', 'paid', 4, '2022-0371', '2022-11-01 00:00:00', '11', '14500.0000', '0.0000', '0.0000', '14500.0000', 1, NULL, NULL, '2022-11-29 03:18:23', '2022-12-02 06:05:52'),
(370, 1, 1, 'Payroll for November 2022', 'pay_roll', 'final', 'paid', 5, '2022-0372', '2022-11-01 00:00:00', '11', '13500.0000', '0.0000', '450.0000', '13050.0000', 1, NULL, NULL, '2022-11-29 03:18:23', '2022-12-03 03:13:33'),
(371, 1, 1, 'Payroll for November 2022', 'pay_roll', 'final', 'paid', 6, '2022-0373', '2022-11-01 00:00:00', '11', '17000.0000', '0.0000', '0.0000', '17000.0000', 1, NULL, NULL, '2022-11-29 03:18:23', '2022-12-02 06:30:01'),
(372, 1, 1, 'Payroll for November 2022', 'pay_roll', 'final', 'paid', 7, '2022-0374', '2022-11-01 00:00:00', '11', '15000.0000', '1000.0000', '0.0000', '16000.0000', 1, NULL, NULL, '2022-11-29 03:18:23', '2022-12-03 03:08:25'),
(373, 1, 1, 'Payroll for November 2022', 'pay_roll', 'final', 'paid', 11, '2022-0375', '2022-11-01 00:00:00', '11', '26000.0000', '0.0000', '0.0000', '26000.0000', 1, NULL, NULL, '2022-11-29 03:18:23', '2022-12-07 06:55:56'),
(374, 1, 1, 'Payroll for November 2022', 'pay_roll', 'final', 'paid', 12, '2022-0376', '2022-11-01 00:00:00', '11', '24000.0000', '0.0000', '0.0000', '24000.0000', 1, NULL, NULL, '2022-11-29 03:18:23', '2022-12-07 06:32:26'),
(375, 1, 1, 'Payroll for November 2022', 'pay_roll', 'final', 'paid', 13, '2022-0377', '2022-11-01 00:00:00', '11', '24000.0000', '0.0000', '0.0000', '24000.0000', 1, NULL, NULL, '2022-11-29 03:18:23', '2022-12-07 04:09:35'),
(376, 1, 1, 'Payroll for November 2022', 'pay_roll', 'final', 'paid', 14, '2022-0378', '2022-11-01 00:00:00', '11', '20000.0000', '1333.3300', '0.0000', '21333.3300', 1, NULL, NULL, '2022-11-29 03:18:23', '2022-12-01 06:41:24'),
(377, 1, 1, 'Payroll for November 2022', 'pay_roll', 'final', 'paid', 15, '2022-0379', '2022-11-01 00:00:00', '11', '21000.0000', '1400.0000', '0.0000', '22400.0000', 1, NULL, NULL, '2022-11-29 03:18:23', '2022-12-02 04:39:41'),
(378, 1, 1, 'Payroll for November 2022', 'pay_roll', 'final', 'paid', 17, '2022-0380', '2022-11-01 00:00:00', '11', '21000.0000', '1400.0000', '0.0000', '22400.0000', 1, NULL, NULL, '2022-11-29 03:18:23', '2022-12-05 08:01:07'),
(379, 1, 1, 'Payroll for November 2022', 'pay_roll', 'final', 'paid', 18, '2022-0381', '2022-11-01 00:00:00', '11', '16000.0000', '0.0000', '0.0000', '16000.0000', 1, NULL, NULL, '2022-11-29 03:18:23', '2022-12-03 07:11:12'),
(380, 1, 1, 'Payroll for November 2022', 'pay_roll', 'final', 'paid', 19, '2022-0382', '2022-11-01 00:00:00', '11', '20000.0000', '1333.3300', '0.0000', '21333.3300', 1, NULL, NULL, '2022-11-29 03:18:23', '2022-12-03 03:38:23'),
(381, 1, 1, 'Payroll for November 2022', 'pay_roll', 'final', 'paid', 20, '2022-0383', '2022-11-01 00:00:00', '11', '17000.0000', '1133.3300', '0.0000', '18133.3300', 1, NULL, NULL, '2022-11-29 03:18:23', '2022-12-05 05:15:48'),
(382, 1, 1, 'Payroll for November 2022', 'pay_roll', 'final', 'paid', 21, '2022-0384', '2022-11-01 00:00:00', '11', '15500.0000', '516.6700', '0.0000', '16016.6700', 1, NULL, NULL, '2022-11-29 03:18:23', '2022-12-03 03:45:43'),
(383, 1, 1, 'Payroll for November 2022', 'pay_roll', 'final', 'paid', 22, '2022-0385', '2022-11-01 00:00:00', '11', '15500.0000', '1033.3300', '0.0000', '16533.3300', 1, NULL, NULL, '2022-11-29 03:18:23', '2022-12-06 06:15:25'),
(384, 1, 1, 'Payroll for November 2022', 'pay_roll', 'final', 'paid', 23, '2022-0386', '2022-11-01 00:00:00', '11', '15500.0000', '0.0000', '0.0000', '15500.0000', 1, NULL, NULL, '2022-11-29 03:18:23', '2022-12-01 05:57:08'),
(385, 1, 1, 'Payroll for November 2022', 'pay_roll', 'final', 'paid', 24, '2022-0387', '2022-11-01 00:00:00', '11', '16000.0000', '0.0000', '0.0000', '16000.0000', 1, NULL, NULL, '2022-11-29 03:18:24', '2022-12-01 06:00:00'),
(386, 1, 1, 'Payroll for November 2022', 'pay_roll', 'final', 'paid', 25, '2022-0388', '2022-11-01 00:00:00', '11', '18500.0000', '0.0000', '0.0000', '18500.0000', 1, NULL, NULL, '2022-11-29 03:18:24', '2022-12-01 05:54:05'),
(387, 1, 1, 'Payroll for November 2022', 'pay_roll', 'final', 'paid', 26, '2022-0389', '2022-11-01 00:00:00', '11', '17000.0000', '0.0000', '0.0000', '17000.0000', 1, NULL, NULL, '2022-11-29 03:18:24', '2022-12-01 05:56:49'),
(388, 1, 1, 'Payroll for November 2022', 'pay_roll', 'final', 'paid', 27, '2022-0390', '2022-11-01 00:00:00', '11', '22000.0000', '733.3300', '0.0000', '22733.3300', 1, NULL, NULL, '2022-11-29 03:18:24', '2022-12-06 06:17:25'),
(389, 1, 1, 'Payroll for November 2022', 'pay_roll', 'final', 'paid', 28, '2022-0391', '2022-11-01 00:00:00', '11', '20000.0000', '1333.3300', '0.0000', '21333.3300', 1, NULL, NULL, '2022-11-29 03:18:24', '2022-12-06 07:42:41'),
(390, 1, 1, 'Payroll for November 2022', 'pay_roll', 'final', 'paid', 29, '2022-0392', '2022-11-01 00:00:00', '11', '13500.0000', '450.0000', '0.0000', '13950.0000', 1, NULL, NULL, '2022-11-29 03:18:24', '2022-12-03 03:07:24'),
(392, 1, 1, 'Payroll for November 2022', 'pay_roll', 'final', 'paid', 31, '2022-0394', '2022-11-01 00:00:00', '11', '15000.0000', '0.0000', '0.0000', '15000.0000', 1, NULL, NULL, '2022-11-29 03:18:54', '2022-12-01 06:08:40'),
(393, 1, 1, 'Payroll for November 2022', 'pay_roll', 'final', 'paid', 32, '2022-0395', '2022-11-01 00:00:00', '11', '16000.0000', '0.0000', '0.0000', '16000.0000', 1, NULL, NULL, '2022-11-29 03:18:54', '2022-12-01 06:03:04'),
(394, 1, 1, 'Payroll for November 2022', 'pay_roll', 'final', 'paid', 37, '2022-0396', '2022-11-01 00:00:00', '11', '15000.0000', '0.0000', '0.0000', '15000.0000', 1, NULL, NULL, '2022-11-29 03:18:54', '2022-12-05 04:42:36'),
(395, 1, 1, 'Payroll for November 2022', 'pay_roll', 'final', 'paid', 38, '2022-0397', '2022-11-01 00:00:00', '11', '13000.0000', '866.6700', '0.0000', '13866.6700', 1, NULL, NULL, '2022-11-29 03:18:54', '2022-12-05 04:49:50'),
(396, 1, 1, 'Payroll for November 2022', 'pay_roll', 'final', 'paid', 39, '2022-0398', '2022-11-01 00:00:00', '11', '20000.0000', '1333.3300', '0.0000', '21333.3300', 1, NULL, NULL, '2022-11-29 03:18:54', '2022-12-03 04:10:27'),
(397, 1, 1, 'Payroll for November 2022', 'pay_roll', 'final', 'paid', 40, '2022-0399', '2022-11-01 00:00:00', '11', '20000.0000', '0.0000', '0.0000', '20000.0000', 1, NULL, NULL, '2022-11-29 03:18:54', '2022-12-06 06:13:04'),
(398, 1, 1, 'Payroll for November 2022', 'pay_roll', 'final', 'paid', 41, '2022-0400', '2022-11-01 00:00:00', '11', '19000.0000', '1266.6700', '0.0000', '20266.6700', 1, NULL, NULL, '2022-11-29 03:18:54', '2022-12-03 04:12:31'),
(399, 1, 1, 'Payroll for November 2022', 'pay_roll', 'final', 'paid', 42, '2022-0401', '2022-11-01 00:00:00', '11', '15000.0000', '500.0000', '0.0000', '15500.0000', 1, NULL, NULL, '2022-11-29 03:18:54', '2022-12-05 05:49:03'),
(400, 1, 1, 'Payroll for November 2022', 'pay_roll', 'final', 'paid', 43, '2022-0402', '2022-11-01 00:00:00', '11', '14000.0000', '466.6700', '0.0000', '14466.6700', 1, NULL, NULL, '2022-11-29 03:18:54', '2022-12-05 05:50:18'),
(401, 1, 1, 'Payroll for November 2022', 'pay_roll', 'final', 'paid', 45, '2022-0403', '2022-11-01 00:00:00', '11', '16000.0000', '1066.6700', '0.0000', '17066.6700', 1, NULL, NULL, '2022-11-29 03:18:54', '2022-12-05 04:35:33'),
(402, 1, 1, 'Payroll for November 2022', 'pay_roll', 'final', 'paid', 46, '2022-0404', '2022-11-01 00:00:00', '11', '19000.0000', '1266.6700', '0.0000', '20266.6700', 1, NULL, NULL, '2022-11-29 03:18:54', '2022-12-03 06:47:01'),
(403, 1, 1, 'Payroll for November 2022', 'pay_roll', 'final', 'paid', 47, '2022-0405', '2022-11-01 00:00:00', '11', '16000.0000', '533.3300', '0.0000', '16533.3300', 1, NULL, NULL, '2022-11-29 03:18:54', '2022-12-05 04:37:58'),
(404, 1, 1, 'Payroll for November 2022', 'pay_roll', 'final', 'paid', 48, '2022-0406', '2022-11-01 00:00:00', '11', '17000.0000', '0.0000', '0.0000', '17000.0000', 1, NULL, NULL, '2022-11-29 03:18:54', '2022-12-01 06:11:15'),
(405, 1, 1, 'Payroll for November 2022', 'pay_roll', 'final', 'paid', 49, '2022-0407', '2022-11-01 00:00:00', '11', '16000.0000', '1066.6700', '0.0000', '17066.6700', 1, NULL, NULL, '2022-11-29 03:18:54', '2022-12-03 03:01:23'),
(406, 1, 2, 'Payroll for December 2022', 'pay_roll', 'final', 'due', 1, '2023-0408', '2022-12-01 00:00:00', '12', '21500.0000', '1433.3300', '0.0000', '22933.3300', 1, NULL, NULL, '2023-01-03 04:39:37', '2023-01-13 17:38:20'),
(407, 1, 2, 'Payroll for December 2022', 'pay_roll', 'final', 'paid', 2, '2023-0409', '2022-12-01 00:00:00', '12', '6000.0000', '0.0000', '0.0000', '6000.0000', 1, NULL, NULL, '2023-01-03 04:39:37', '2023-01-03 07:43:51'),
(408, 1, 2, 'Payroll for December 2022', 'pay_roll', 'final', 'paid', 3, '2023-0410', '2022-12-01 00:00:00', '12', '11000.0000', '0.0000', '0.0000', '11000.0000', 1, NULL, NULL, '2023-01-03 04:39:37', '2023-01-04 05:02:23'),
(409, 1, 2, 'Payroll for December 2022', 'pay_roll', 'final', 'paid', 4, '2023-0411', '2022-12-01 00:00:00', '12', '14500.0000', '0.0000', '0.0000', '14500.0000', 1, NULL, NULL, '2023-01-03 04:39:37', '2023-01-04 05:04:04'),
(410, 1, 2, 'Payroll for December 2022', 'pay_roll', 'final', 'paid', 5, '2023-0412', '2022-12-01 00:00:00', '12', '13500.0000', '900.0000', '0.0000', '14400.0000', 1, NULL, NULL, '2023-01-03 04:39:37', '2023-01-05 05:01:52'),
(411, 1, 2, 'Payroll for December 2022', 'pay_roll', 'final', 'paid', 6, '2023-0413', '2022-12-01 00:00:00', '12', '17000.0000', '0.0000', '0.0000', '17000.0000', 1, NULL, NULL, '2023-01-03 04:39:37', '2023-01-05 05:00:20'),
(412, 1, 2, 'Payroll for December 2022', 'pay_roll', 'final', 'paid', 7, '2023-0414', '2022-12-01 00:00:00', '12', '15000.0000', '1000.0000', '0.0000', '16000.0000', 1, NULL, NULL, '2023-01-03 04:39:37', '2023-01-05 07:52:38'),
(413, 1, 2, 'Payroll for December 2022', 'pay_roll', 'final', 'paid', 11, '2023-0415', '2022-12-01 00:00:00', '12', '26000.0000', '0.0000', '0.0000', '26000.0000', 1, NULL, NULL, '2023-01-03 04:39:37', '2023-01-06 03:59:19'),
(414, 1, 2, 'Payroll for December 2022', 'pay_roll', 'final', 'paid', 12, '2023-0416', '2022-12-01 00:00:00', '12', '24000.0000', '0.0000', '0.0000', '24000.0000', 1, NULL, NULL, '2023-01-03 04:39:37', '2023-01-06 03:59:03'),
(415, 1, 2, 'Payroll for December 2022', 'pay_roll', 'final', 'paid', 13, '2023-0417', '2022-12-01 00:00:00', '12', '24000.0000', '0.0000', '0.0000', '24000.0000', 1, NULL, NULL, '2023-01-03 04:39:37', '2023-01-06 04:09:25'),
(416, 1, 2, 'Payroll for December 2022', 'pay_roll', 'final', 'paid', 14, '2023-0418', '2022-12-01 00:00:00', '12', '20000.0000', '1333.3300', '0.0000', '21333.3300', 1, NULL, NULL, '2023-01-03 04:39:37', '2023-01-05 04:52:28'),
(417, 1, 2, 'Payroll for December 2022', 'pay_roll', 'final', 'paid', 15, '2023-0419', '2022-12-01 00:00:00', '12', '21000.0000', '1400.0000', '0.0000', '22400.0000', 1, NULL, NULL, '2023-01-03 04:39:37', '2023-01-03 07:15:10'),
(418, 1, 2, 'Payroll for December 2022', 'pay_roll', 'final', 'partial', 17, '2023-0420', '2022-12-01 00:00:00', '12', '21000.0000', '700.0000', '0.0000', '21700.0000', 1, NULL, NULL, '2023-01-03 04:39:37', '2023-01-04 05:01:05'),
(419, 1, 2, 'Payroll for December 2022', 'pay_roll', 'final', 'due', 18, '2023-0421', '2022-12-01 00:00:00', '12', '16000.0000', '0.0000', '533.3300', '15466.6700', 1, NULL, NULL, '2023-01-03 04:39:37', '2023-01-03 06:20:31'),
(420, 1, 2, 'Payroll for December 2022', 'pay_roll', 'final', 'paid', 19, '2023-0422', '2022-12-01 00:00:00', '12', '20000.0000', '1333.3300', '0.0000', '21333.3300', 1, NULL, NULL, '2023-01-03 04:39:37', '2023-01-03 07:06:09'),
(421, 1, 2, 'Payroll for December 2022', 'pay_roll', 'final', 'paid', 20, '2023-0423', '2022-12-01 00:00:00', '12', '17000.0000', '1133.3300', '0.0000', '18133.3300', 1, NULL, NULL, '2023-01-03 04:39:37', '2023-01-07 05:29:41'),
(422, 1, 2, 'Payroll for December 2022', 'pay_roll', 'final', 'paid', 21, '2023-0424', '2022-12-01 00:00:00', '12', '15500.0000', '1033.3300', '0.0000', '16533.3300', 1, NULL, NULL, '2023-01-03 04:39:37', '2023-01-07 04:56:12'),
(423, 1, 2, 'Payroll for December 2022', 'pay_roll', 'final', 'paid', 22, '2023-0425', '2022-12-01 00:00:00', '12', '15500.0000', '1033.3300', '0.0000', '16533.3300', 1, NULL, NULL, '2023-01-03 04:39:37', '2023-01-09 11:38:58'),
(424, 1, 2, 'Payroll for December 2022', 'pay_roll', 'final', 'paid', 23, '2023-0426', '2022-12-01 00:00:00', '12', '15500.0000', '0.0000', '0.0000', '15500.0000', 1, NULL, NULL, '2023-01-03 04:39:37', '2023-01-04 04:42:33'),
(425, 1, 2, 'Payroll for December 2022', 'pay_roll', 'final', 'paid', 24, '2023-0427', '2022-12-01 00:00:00', '12', '16000.0000', '0.0000', '0.0000', '16000.0000', 1, NULL, NULL, '2023-01-03 04:39:37', '2023-01-04 07:34:22'),
(426, 1, 2, 'Payroll for December 2022', 'pay_roll', 'final', 'paid', 25, '2023-0428', '2022-12-01 00:00:00', '12', '18500.0000', '0.0000', '0.0000', '18500.0000', 1, NULL, NULL, '2023-01-03 04:39:37', '2023-01-04 05:37:58'),
(427, 1, 2, 'Payroll for December 2022', 'pay_roll', 'final', 'paid', 26, '2023-0429', '2022-12-01 00:00:00', '12', '17000.0000', '0.0000', '0.0000', '17000.0000', 1, NULL, NULL, '2023-01-03 04:39:37', '2023-01-04 05:05:09'),
(428, 1, 2, 'Payroll for December 2022', 'pay_roll', 'final', 'paid', 27, '2023-0430', '2022-12-01 00:00:00', '12', '22000.0000', '1466.6700', '0.0000', '23466.6700', 1, NULL, NULL, '2023-01-03 04:39:37', '2023-01-09 11:36:52'),
(429, 1, 2, 'Payroll for December 2022', 'pay_roll', 'final', 'paid', 28, '2023-0431', '2022-12-01 00:00:00', '12', '20000.0000', '0.0000', '1333.3300', '18666.6700', 1, NULL, NULL, '2023-01-03 04:39:37', '2023-01-09 11:38:41'),
(430, 1, 2, 'Payroll for December 2022', 'pay_roll', 'final', 'paid', 29, '2023-0432', '2022-12-01 00:00:00', '12', '13500.0000', '0.0000', '0.0000', '13500.0000', 1, NULL, NULL, '2023-01-03 04:39:37', '2023-01-04 06:25:42'),
(431, 1, 2, 'Payroll for December 2022', 'pay_roll', 'final', 'paid', 31, '2023-0433', '2022-12-01 00:00:00', '12', '15000.0000', '0.0000', '0.0000', '15000.0000', 1, NULL, NULL, '2023-01-03 04:39:37', '2023-01-04 05:06:12'),
(432, 1, 2, 'Payroll for December 2022', 'pay_roll', 'final', 'paid', 32, '2023-0434', '2022-12-01 00:00:00', '12', '16000.0000', '0.0000', '0.0000', '16000.0000', 1, NULL, NULL, '2023-01-03 04:39:37', '2023-01-04 05:06:59'),
(433, 1, 2, 'Payroll for December 2022', 'pay_roll', 'final', 'paid', 37, '2023-0435', '2022-12-01 00:00:00', '12', '15000.0000', '500.0000', '0.0000', '15500.0000', 1, NULL, NULL, '2023-01-03 04:39:37', '2023-01-03 07:20:59'),
(434, 1, 2, 'Payroll for December 2022', 'pay_roll', 'final', 'paid', 38, '2023-0436', '2022-12-01 00:00:00', '12', '13000.0000', '866.6700', '0.0000', '13866.6700', 1, NULL, NULL, '2023-01-03 04:39:37', '2023-01-07 05:24:37'),
(435, 1, 2, 'Payroll for December 2022', 'pay_roll', 'final', 'paid', 39, '2023-0437', '2022-12-01 00:00:00', '12', '20000.0000', '1333.3300', '0.0000', '21333.3300', 1, NULL, NULL, '2023-01-03 04:39:37', '2023-01-06 04:38:15'),
(436, 1, 2, 'Payroll for December 2022', 'pay_roll', 'final', 'paid', 40, '2023-0438', '2022-12-01 00:00:00', '12', '20000.0000', '1333.3300', '0.0000', '21333.3300', 1, NULL, NULL, '2023-01-03 04:39:37', '2023-01-06 04:44:19'),
(437, 1, 2, 'Payroll for December 2022', 'pay_roll', 'final', 'paid', 41, '2023-0439', '2022-12-01 00:00:00', '12', '19000.0000', '0.0000', '2533.3300', '16466.6700', 1, NULL, NULL, '2023-01-03 04:39:37', '2023-01-04 04:36:12'),
(438, 1, 2, 'Payroll for December 2022', 'pay_roll', 'final', 'due', 42, '2023-0440', '2022-12-01 00:00:00', '12', '15000.0000', '1000.0000', '0.0000', '16000.0000', 1, NULL, NULL, '2023-01-03 04:39:37', '2023-01-03 06:30:06'),
(439, 1, 2, 'Payroll for December 2022', 'pay_roll', 'final', 'due', 43, '2023-0441', '2022-12-01 00:00:00', '12', '14000.0000', '933.3300', '0.0000', '14933.3300', 1, NULL, NULL, '2023-01-03 04:39:37', '2023-01-03 06:30:29'),
(440, 1, 2, 'Payroll for December 2022', 'pay_roll', 'final', 'due', 45, '2023-0442', '2022-12-01 00:00:00', '12', '16000.0000', '1066.6700', '0.0000', '17066.6700', 1, NULL, NULL, '2023-01-03 04:39:37', '2023-01-03 06:32:02'),
(441, 1, 2, 'Payroll for December 2022', 'pay_roll', 'final', 'paid', 46, '2023-0443', '2022-12-01 00:00:00', '12', '19000.0000', '0.0000', '633.3300', '18366.6700', 1, NULL, NULL, '2023-01-03 04:39:37', '2023-01-03 07:08:09'),
(442, 1, 2, 'Payroll for December 2022', 'pay_roll', 'final', 'due', 47, '2023-0444', '2022-12-01 00:00:00', '12', '16000.0000', '533.3300', '0.0000', '16533.3300', 1, NULL, NULL, '2023-01-03 04:39:37', '2023-01-03 06:36:41'),
(443, 1, 2, 'Payroll for December 2022', 'pay_roll', 'final', 'partial', 48, '2023-0445', '2022-12-01 00:00:00', '12', '17000.0000', '0.0000', '0.0000', '17000.0000', 1, NULL, NULL, '2023-01-03 04:39:37', '2023-01-04 04:38:49'),
(444, 1, 2, 'Payroll for December 2022', 'pay_roll', 'final', 'paid', 49, '2023-0446', '2022-12-01 00:00:00', '12', '16000.0000', '533.3300', '0.0000', '16533.3300', 1, NULL, NULL, '2023-01-03 04:39:37', '2023-01-06 04:03:01');

-- --------------------------------------------------------

--
