-- Dumping data for table `barcodes`
--

INSERT INTO `barcodes` (`id`, `name`, `description`, `width`, `height`, `paper_width`, `paper_height`, `top_margin`, `left_margin`, `row_distance`, `col_distance`, `stickers_in_one_row`, `is_default`, `is_continuous`, `stickers_in_one_sheet`, `business_id`, `created_at`, `updated_at`) VALUES
(7, 'Gatsby', NULL, 31.0000, 24.0000, 70.6000, 28.0000, 0.0000, 1.0000, 0.0000, 5.0000, 2, 1, 0, 2147483647, 1, '2020-12-10 13:51:35', '2020-12-13 15:16:33');

-- --------------------------------------------------------

--
-- Table structure for table `campuses`
--

CREATE TABLE `campuses` (
  `id` int(10) UNSIGNED NOT NULL,
  `campus_name` varchar(191) COLLATE utf8mb4_unicode_ci NOT NULL,
  `mobile` varchar(50) COLLATE utf8mb4_unicode_ci DEFAULT NULL,
  `phone` varchar(50) COLLATE utf8mb4_unicode_ci DEFAULT NULL,
  `email` varchar(50) COLLATE utf8mb4_unicode_ci DEFAULT NULL,
  `address` text COLLATE utf8mb4_unicode_ci DEFAULT NULL,
  `registration_code` text COLLATE utf8mb4_unicode_ci DEFAULT NULL,
  `registration_date` date DEFAULT NULL,
  `system_settings_id` int(10) UNSIGNED NOT NULL,
  `created_by` int(10) UNSIGNED NOT NULL,
  `created_at` timestamp NULL DEFAULT NULL,
  `updated_at` timestamp NULL DEFAULT NULL
) ENGINE=InnoDB DEFAULT CHARSET=utf8mb4 COLLATE=utf8mb4_unicode_ci;

--
-- Dumping data for table `campuses`
--

INSERT INTO `campuses` (`id`, `campus_name`, `mobile`, `phone`, `email`, `address`, `registration_code`, `registration_date`, `system_settings_id`, `created_by`, `created_at`, `updated_at`) VALUES
(1, 'Main Campus', '03428927305', '03469487994', NULL, 'Swat PAkistan', '58666', '2022-01-01', 1, 1, '2022-01-01 11:23:45', '2022-03-16 03:06:12');

-- --------------------------------------------------------

--
-- Table structure for table `categories`
--

CREATE TABLE `categories` (
  `id` int(10) UNSIGNED NOT NULL,
  `cat_name` varchar(191) COLLATE utf8mb4_unicode_ci NOT NULL,
  `description` text COLLATE utf8mb4_unicode_ci DEFAULT NULL,
  `system_settings_id` int(10) UNSIGNED NOT NULL,
  `created_by` int(10) UNSIGNED NOT NULL,
  `deleted_at` timestamp NULL DEFAULT NULL,
  `created_at` timestamp NULL DEFAULT NULL,
  `updated_at` timestamp NULL DEFAULT NULL
) ENGINE=InnoDB DEFAULT CHARSET=utf8mb4 COLLATE=utf8mb4_unicode_ci;

--
-- Dumping data for table `categories`
--

INSERT INTO `categories` (`id`, `cat_name`, `description`, `system_settings_id`, `created_by`, `deleted_at`, `created_at`, `updated_at`) VALUES
(1, 'RBS', 'RBS', 1, 1, NULL, '2022-01-19 10:02:37', '2022-01-19 10:02:37'),
(2, 'Free Orphan', 'Free Orphan', 1, 1, NULL, '2022-01-19 10:03:10', '2022-01-19 10:03:10'),
(3, 'Free (Teacher Son)', 'Free (Teacher Son)', 1, 1, NULL, '2022-01-19 10:03:34', '2022-01-19 10:03:34'),
(4, 'Normal Tuition Fee', 'Normal Tuition Fee', 1, 1, NULL, '2022-01-19 10:04:54', '2022-01-19 10:04:54');

-- --------------------------------------------------------

--
-- Table structure for table `certificate_issues`
--

CREATE TABLE `certificate_issues` (
  `id` int(10) UNSIGNED NOT NULL,
  `issue_date` date NOT NULL,
  `expiry_date` date DEFAULT NULL,
  `certificate_no` varchar(191) COLLATE utf8mb4_unicode_ci DEFAULT NULL,
  `certificate_type_id` int(10) UNSIGNED NOT NULL,
  `student_id` int(10) UNSIGNED NOT NULL,
  `campus_id` int(10) UNSIGNED NOT NULL,
  `created_at` timestamp NULL DEFAULT NULL,
  `updated_at` timestamp NULL DEFAULT NULL
) ENGINE=InnoDB DEFAULT CHARSET=utf8mb4 COLLATE=utf8mb4_unicode_ci;

--
-- Dumping data for table `certificate_issues`
--

INSERT INTO `certificate_issues` (`id`, `issue_date`, `expiry_date`, `certificate_no`, `certificate_type_id`, `student_id`, `campus_id`, `created_at`, `updated_at`) VALUES
(1, '2022-05-09', NULL, '2022-0001', 1, 3, 1, '2022-05-09 09:05:39', '2022-05-09 09:05:39'),
(2, '2022-05-11', NULL, '2022-0003', 2, 326, 1, '2022-05-11 06:00:41', '2022-05-11 06:00:41'),
(3, '2022-05-21', NULL, '2022-0004', 2, 121, 1, '2022-05-21 06:07:10', '2022-05-21 06:07:10'),
(4, '2022-05-21', NULL, '2022-0005', 2, 380, 1, '2022-05-21 06:11:18', '2022-05-21 06:11:18'),
(5, '2022-05-21', NULL, '2022-0006', 2, 451, 1, '2022-05-21 06:13:53', '2022-05-21 06:13:53'),
(6, '2022-05-23', NULL, '2022-0007', 1, 391, 1, '2022-05-23 06:58:51', '2022-05-23 06:58:51'),
(7, '2022-05-23', NULL, '2022-0008', 1, 334, 1, '2022-05-23 07:48:43', '2022-05-23 07:48:43'),
(8, '2022-05-26', NULL, '2022-0009', 2, 418, 1, '2022-05-26 06:45:38', '2022-05-26 06:45:38'),
(9, '2022-06-02', NULL, '2022-0010', 2, 545, 1, '2022-06-02 05:39:08', '2022-06-02 05:39:08'),
(10, '2022-06-04', NULL, '2022-0011', 2, 334, 1, '2022-06-04 06:49:27', '2022-06-04 06:49:27'),
(11, '2022-06-04', NULL, '2022-0012', 3, 392, 1, '2022-06-04 07:36:09', '2022-06-04 07:36:09'),
(12, '2022-06-07', NULL, '2022-0013', 2, 541, 1, '2022-06-07 04:22:46', '2022-06-07 04:22:46'),
(13, '2022-06-07', NULL, '2022-0014', 2, 229, 1, '2022-06-07 04:26:17', '2022-06-07 04:26:17'),
(14, '2022-06-07', NULL, '2022-0015', 2, 231, 1, '2022-06-07 04:28:44', '2022-06-07 04:28:44'),
(15, '2022-06-13', NULL, '2022-0016', 2, 310, 1, '2022-06-13 03:58:17', '2022-06-13 03:58:17'),
(16, '2022-06-13', NULL, '2022-0017', 2, 174, 1, '2022-06-13 04:01:29', '2022-06-13 04:01:29'),
(17, '2022-06-13', NULL, '2022-0018', 2, 645, 1, '2022-06-13 07:47:07', '2022-06-13 07:47:07'),
(18, '2022-06-14', NULL, '2022-0019', 2, 287, 1, '2022-06-14 04:27:28', '2022-06-14 04:27:28'),
(19, '2022-06-14', NULL, '2022-0020', 2, 282, 1, '2022-06-14 04:50:13', '2022-06-14 04:50:13'),
(20, '2022-06-15', NULL, '2022-0021', 3, 334, 1, '2022-06-15 03:41:41', '2022-06-15 03:41:41'),
(21, '2022-06-27', NULL, '2022-0022', 1, 491, 1, '2022-06-27 06:22:55', '2022-06-27 06:22:55'),
(22, '2022-06-27', NULL, '2022-0023', 1, 492, 1, '2022-06-27 06:25:57', '2022-06-27 06:25:57'),
(23, '2022-06-28', NULL, '2022-0024', 1, 487, 1, '2022-06-28 05:42:13', '2022-06-28 05:42:13'),
(24, '2022-06-28', NULL, '2022-0025', 1, 485, 1, '2022-06-28 06:29:33', '2022-06-28 06:29:33'),
(25, '2022-06-30', NULL, '2022-0026', 1, 51, 1, '2022-06-30 04:44:10', '2022-06-30 04:44:10'),
(26, '2022-07-05', NULL, '2022-0027', 2, 399, 1, '2022-07-05 04:56:03', '2022-07-05 04:56:03'),
(27, '2022-07-05', NULL, '2022-0028', 2, 397, 1, '2022-07-05 04:56:57', '2022-07-05 04:56:57'),
(28, '2022-07-28', NULL, '2022-0029', 2, 28, 1, '2022-07-28 02:44:21', '2022-07-28 02:44:21'),
(29, '2022-07-29', NULL, '2022-0030', 1, 311, 1, '2022-07-29 04:27:53', '2022-07-29 04:27:53'),
(30, '2022-07-29', NULL, '2022-0031', 2, 234, 1, '2022-07-29 06:02:14', '2022-07-29 06:02:14'),
(31, '2022-07-30', NULL, '2022-0032', 2, 112, 1, '2022-07-30 04:26:44', '2022-07-30 04:26:44'),
(32, '2022-08-01', NULL, '2022-0033', 1, 702, 1, '2022-08-01 04:27:04', '2022-08-01 04:27:04'),
(33, '2022-08-01', NULL, '2022-0034', 2, 91, 1, '2022-08-01 06:19:47', '2022-08-01 06:19:47'),
(34, '2022-08-01', NULL, '2022-0035', 2, 89, 1, '2022-08-01 06:20:39', '2022-08-01 06:20:39'),
(35, '2022-08-01', NULL, '2022-0036', 2, 90, 1, '2022-08-01 06:21:22', '2022-08-01 06:21:22'),
(36, '2022-08-01', NULL, '2022-0037', 1, 89, 1, '2022-08-01 06:24:32', '2022-08-01 06:24:32'),
(37, '2022-08-01', NULL, '2022-0038', 1, 90, 1, '2022-08-01 06:25:52', '2022-08-01 06:25:52'),
(38, '2022-08-01', NULL, '2022-0039', 1, 91, 1, '2022-08-01 06:27:24', '2022-08-01 06:27:24'),
(39, '2022-08-02', NULL, '2022-0040', 1, 222, 1, '2022-08-02 04:32:01', '2022-08-02 04:32:01'),
(40, '2022-08-02', NULL, '2022-0041', 1, 124, 1, '2022-08-02 04:51:06', '2022-08-02 04:51:06'),
(41, '2022-08-02', NULL, '2022-0042', 1, 638, 1, '2022-08-02 05:34:26', '2022-08-02 05:34:26'),
(42, '2022-08-02', NULL, '2022-0043', 1, 255, 1, '2022-08-02 05:38:17', '2022-08-02 05:38:17'),
(43, '2022-08-03', NULL, '2022-0044', 2, 276, 1, '2022-08-03 03:51:49', '2022-08-03 03:51:49'),
(44, '2022-08-03', NULL, '2022-0045', 2, 96, 1, '2022-08-03 04:08:26', '2022-08-03 04:08:26'),
(45, '2022-08-03', NULL, '2022-0046', 2, 692, 1, '2022-08-03 04:10:12', '2022-08-03 04:10:12'),
(46, '2022-08-04', NULL, '2022-0047', 2, 159, 1, '2022-08-04 03:09:47', '2022-08-04 03:09:47'),
(47, '2022-08-04', NULL, '2022-0048', 1, 75, 1, '2022-08-04 03:54:19', '2022-08-04 03:54:19'),
(48, '2022-08-04', NULL, '2022-0049', 1, 306, 1, '2022-08-04 04:51:13', '2022-08-04 04:51:13'),
(49, '2022-08-11', NULL, '2022-0050', 2, 367, 1, '2022-08-11 05:18:32', '2022-08-11 05:18:32'),
(50, '2022-08-11', NULL, '2022-0051', 2, 473, 1, '2022-08-11 05:20:55', '2022-08-11 05:20:55'),
(51, '2022-08-11', NULL, '2022-0052', 2, 493, 1, '2022-08-11 05:26:15', '2022-08-11 05:26:15'),
(52, '2022-08-13', NULL, '2022-0053', 1, 386, 1, '2022-08-13 04:53:41', '2022-08-13 04:53:41'),
(53, '2022-08-13', NULL, '2022-0054', 1, 122, 1, '2022-08-13 04:59:16', '2022-08-13 04:59:16'),
(54, '2022-08-16', NULL, '2022-0055', 3, 493, 1, '2022-08-16 06:11:05', '2022-08-16 06:11:05'),
(55, '2022-08-17', NULL, '2022-0056', 2, 552, 1, '2022-08-17 05:37:03', '2022-08-17 05:37:03'),
(56, '2022-08-17', NULL, '2022-0057', 2, 633, 1, '2022-08-17 05:44:32', '2022-08-17 05:44:32'),
(57, '2022-08-17', NULL, '2022-0058', 2, 272, 1, '2022-08-17 06:19:30', '2022-08-17 06:19:30'),
(58, '2022-08-17', NULL, '2022-0059', 3, 494, 1, '2022-08-17 07:04:17', '2022-08-17 07:04:17'),
(59, '2022-08-17', NULL, '2022-0060', 3, 495, 1, '2022-08-17 07:04:52', '2022-08-17 07:04:52'),
(60, '2022-08-17', NULL, '2022-0061', 3, 496, 1, '2022-08-17 07:05:58', '2022-08-17 07:05:58'),
(61, '2022-08-17', NULL, '2022-0062', 3, 497, 1, '2022-08-17 07:08:14', '2022-08-17 07:08:14'),
(62, '2022-08-17', NULL, '2022-0063', 3, 498, 1, '2022-08-17 07:08:31', '2022-08-17 07:08:31'),
(63, '2022-08-17', NULL, '2022-0064', 3, 499, 1, '2022-08-17 07:08:42', '2022-08-17 07:08:42'),
(64, '2022-08-17', NULL, '2022-0065', 3, 500, 1, '2022-08-17 07:08:58', '2022-08-17 07:08:58'),
(65, '2022-08-17', NULL, '2022-0066', 3, 501, 1, '2022-08-17 07:09:06', '2022-08-17 07:09:06'),
(66, '2022-08-17', NULL, '2022-0067', 3, 502, 1, '2022-08-17 07:09:13', '2022-08-17 07:09:13'),
(67, '2022-08-17', NULL, '2022-0068', 3, 503, 1, '2022-08-17 07:09:22', '2022-08-17 07:09:22'),
(68, '2022-08-17', NULL, '2022-0069', 3, 505, 1, '2022-08-17 07:09:43', '2022-08-17 07:09:43'),
(69, '2022-08-17', NULL, '2022-0070', 3, 506, 1, '2022-08-17 07:09:53', '2022-08-17 07:09:53'),
(70, '2022-08-17', NULL, '2022-0071', 3, 507, 1, '2022-08-17 07:09:59', '2022-08-17 07:09:59'),
(71, '2022-08-17', NULL, '2022-0072', 3, 508, 1, '2022-08-17 07:10:10', '2022-08-17 07:10:10'),
(72, '2022-08-17', NULL, '2022-0073', 3, 509, 1, '2022-08-17 07:10:23', '2022-08-17 07:10:23'),
(73, '2022-08-17', NULL, '2022-0074', 3, 510, 1, '2022-08-17 07:10:34', '2022-08-17 07:10:34'),
(74, '2022-08-17', NULL, '2022-0075', 3, 511, 1, '2022-08-17 07:10:42', '2022-08-17 07:10:42'),
(75, '2022-08-17', NULL, '2022-0076', 3, 512, 1, '2022-08-17 07:11:01', '2022-08-17 07:11:01'),
(76, '2022-08-17', NULL, '2022-0077', 3, 513, 1, '2022-08-17 07:11:38', '2022-08-17 07:11:38'),
(77, '2022-08-17', NULL, '2022-0078', 3, 514, 1, '2022-08-17 07:11:43', '2022-08-17 07:11:43'),
(78, '2022-08-17', NULL, '2022-0079', 3, 515, 1, '2022-08-17 07:38:27', '2022-08-17 07:38:27'),
(79, '2022-08-17', NULL, '2022-0080', 3, 516, 1, '2022-08-17 07:38:38', '2022-08-17 07:38:38'),
(80, '2022-08-17', NULL, '2022-0081', 3, 517, 1, '2022-08-17 07:38:47', '2022-08-17 07:38:47'),
(81, '2022-08-17', NULL, '2022-0082', 3, 518, 1, '2022-08-17 07:38:56', '2022-08-17 07:38:56'),
(82, '2022-08-17', NULL, '2022-0083', 3, 519, 1, '2022-08-17 07:39:04', '2022-08-17 07:39:04'),
(83, '2022-08-17', NULL, '2022-0084', 3, 520, 1, '2022-08-17 07:39:16', '2022-08-17 07:39:16'),
(84, '2022-08-17', NULL, '2022-0085', 3, 521, 1, '2022-08-17 07:39:37', '2022-08-17 07:39:37'),
(85, '2022-08-17', NULL, '2022-0086', 3, 522, 1, '2022-08-17 07:39:46', '2022-08-17 07:39:46'),
(86, '2022-08-17', NULL, '2022-0087', 3, 523, 1, '2022-08-17 07:39:57', '2022-08-17 07:39:57'),
(87, '2022-08-17', NULL, '2022-0088', 3, 524, 1, '2022-08-17 07:40:06', '2022-08-17 07:40:06'),
(88, '2022-08-17', NULL, '2022-0089', 3, 525, 1, '2022-08-17 07:40:13', '2022-08-17 07:40:13'),
(89, '2022-08-17', NULL, '2022-0090', 3, 526, 1, '2022-08-17 07:40:20', '2022-08-17 07:40:20'),
(90, '2022-08-17', NULL, '2022-0091', 3, 527, 1, '2022-08-17 07:40:31', '2022-08-17 07:40:31'),
(91, '2022-08-17', NULL, '2022-0092', 3, 528, 1, '2022-08-17 07:40:39', '2022-08-17 07:40:39'),
(92, '2022-08-17', NULL, '2022-0093', 3, 530, 1, '2022-08-17 07:40:46', '2022-08-17 07:40:46'),
(93, '2022-08-17', NULL, '2022-0094', 3, 531, 1, '2022-08-17 07:41:05', '2022-08-17 07:41:05'),
(94, '2022-08-17', NULL, '2022-0095', 3, 532, 1, '2022-08-17 07:41:15', '2022-08-17 07:41:15'),
(95, '2022-08-17', NULL, '2022-0096', 3, 533, 1, '2022-08-17 07:41:26', '2022-08-17 07:41:26'),
(96, '2022-08-17', NULL, '2022-0097', 3, 534, 1, '2022-08-17 07:41:39', '2022-08-17 07:41:39'),
(97, '2022-08-17', NULL, '2022-0098', 3, 535, 1, '2022-08-17 07:41:49', '2022-08-17 07:41:49'),
(98, '2022-08-17', NULL, '2022-0099', 3, 536, 1, '2022-08-17 07:41:58', '2022-08-17 07:41:58'),
(99, '2022-08-17', NULL, '2022-0100', 3, 538, 1, '2022-08-17 07:42:15', '2022-08-17 07:42:15'),
(100, '2022-08-17', NULL, '2022-0101', 3, 539, 1, '2022-08-17 07:42:29', '2022-08-17 07:42:29'),
(101, '2022-08-17', NULL, '2022-0102', 3, 540, 1, '2022-08-17 07:42:38', '2022-08-17 07:42:38'),
(102, '2022-08-17', NULL, '2022-0103', 3, 541, 1, '2022-08-17 07:42:47', '2022-08-17 07:42:47'),
(103, '2022-08-17', NULL, '2022-0104', 3, 542, 1, '2022-08-17 07:42:54', '2022-08-17 07:42:54'),
(104, '2022-08-17', NULL, '2022-0105', 3, 543, 1, '2022-08-17 07:59:47', '2022-08-17 07:59:47'),
(105, '2022-08-17', NULL, '2022-0106', 3, 544, 1, '2022-08-17 07:59:59', '2022-08-17 07:59:59'),
(106, '2022-08-17', NULL, '2022-0107', 3, 545, 1, '2022-08-17 08:00:07', '2022-08-17 08:00:07'),
(107, '2022-08-17', NULL, '2022-0108', 3, 546, 1, '2022-08-17 08:00:16', '2022-08-17 08:00:16'),
(108, '2022-08-17', NULL, '2022-0109', 3, 547, 1, '2022-08-17 08:00:25', '2022-08-17 08:00:25'),
(109, '2022-08-17', NULL, '2022-0110', 3, 548, 1, '2022-08-17 08:01:24', '2022-08-17 08:01:24'),
(110, '2022-08-17', NULL, '2022-0111', 3, 549, 1, '2022-08-17 08:01:36', '2022-08-17 08:01:36'),
(111, '2022-08-17', NULL, '2022-0112', 3, 550, 1, '2022-08-17 08:01:48', '2022-08-17 08:01:48'),
(112, '2022-08-17', NULL, '2022-0113', 3, 551, 1, '2022-08-17 08:01:57', '2022-08-17 08:01:57'),
(113, '2022-08-17', NULL, '2022-0114', 3, 552, 1, '2022-08-17 08:02:08', '2022-08-17 08:02:08'),
(114, '2022-08-17', NULL, '2022-0115', 3, 553, 1, '2022-08-17 08:02:21', '2022-08-17 08:02:21'),
(115, '2022-08-17', NULL, '2022-0116', 3, 554, 1, '2022-08-17 08:02:32', '2022-08-17 08:02:32'),
(116, '2022-08-17', NULL, '2022-0117', 3, 555, 1, '2022-08-17 08:02:42', '2022-08-17 08:02:42'),
(117, '2022-08-17', NULL, '2022-0118', 3, 556, 1, '2022-08-17 08:02:54', '2022-08-17 08:02:54'),
(118, '2022-08-17', NULL, '2022-0119', 3, 557, 1, '2022-08-17 08:03:07', '2022-08-17 08:03:07'),
(119, '2022-08-17', NULL, '2022-0120', 3, 559, 1, '2022-08-17 08:03:16', '2022-08-17 08:03:16'),
(120, '2022-08-17', NULL, '2022-0121', 3, 560, 1, '2022-08-17 08:03:27', '2022-08-17 08:03:27'),
(121, '2022-08-17', NULL, '2022-0122', 3, 561, 1, '2022-08-17 08:03:42', '2022-08-17 08:03:42'),
(122, '2022-08-17', NULL, '2022-0123', 3, 562, 1, '2022-08-17 08:03:50', '2022-08-17 08:03:50'),
(123, '2022-08-17', NULL, '2022-0124', 3, 563, 1, '2022-08-17 08:04:02', '2022-08-17 08:04:02'),
(124, '2022-08-17', NULL, '2022-0125', 3, 564, 1, '2022-08-17 08:04:10', '2022-08-17 08:04:10'),
(125, '2022-08-17', NULL, '2022-0126', 3, 565, 1, '2022-08-17 08:04:18', '2022-08-17 08:04:18'),
(126, '2022-08-17', NULL, '2022-0127', 3, 566, 1, '2022-08-17 08:04:25', '2022-08-17 08:04:25'),
(127, '2022-08-17', NULL, '2022-0128', 3, 567, 1, '2022-08-17 08:04:32', '2022-08-17 08:04:32'),
(128, '2022-08-17', NULL, '2022-0129', 3, 568, 1, '2022-08-17 08:04:39', '2022-08-17 08:04:39'),
(129, '2022-08-17', NULL, '2022-0130', 3, 569, 1, '2022-08-17 08:04:47', '2022-08-17 08:04:47'),
(130, '2022-08-17', NULL, '2022-0131', 3, 570, 1, '2022-08-17 08:04:55', '2022-08-17 08:04:55'),
(131, '2022-08-17', NULL, '2022-0132', 3, 571, 1, '2022-08-17 08:05:51', '2022-08-17 08:05:51'),
(132, '2022-08-17', NULL, '2022-0133', 3, 572, 1, '2022-08-17 08:05:59', '2022-08-17 08:05:59'),
(133, '2022-08-17', NULL, '2022-0134', 3, 573, 1, '2022-08-17 08:06:11', '2022-08-17 08:06:11'),
(134, '2022-08-18', NULL, '2022-0135', 3, 529, 1, '2022-08-18 06:50:21', '2022-08-18 06:50:21'),
(135, '2022-08-18', NULL, '2022-0136', 3, 558, 1, '2022-08-18 10:58:03', '2022-08-18 10:58:03'),
(136, '2022-08-20', NULL, '2022-0137', 2, 698, 1, '2022-08-20 05:07:07', '2022-08-20 05:07:07'),
(137, '2022-08-23', NULL, '2022-0138', 2, 503, 1, '2022-08-23 04:05:48', '2022-08-23 04:05:48'),
(138, '2022-08-24', NULL, '2022-0139', 1, 400, 1, '2022-08-24 04:02:53', '2022-08-24 04:02:53'),
(139, '2022-08-30', NULL, '2022-0140', 1, 318, 1, '2022-08-30 05:01:41', '2022-08-30 05:01:41'),
(140, '2022-08-30', NULL, '2022-0141', 2, 139, 1, '2022-08-30 05:19:32', '2022-08-30 05:19:32'),
(141, '2022-08-31', NULL, '2022-0142', 2, 569, 1, '2022-08-31 04:56:33', '2022-08-31 04:56:33'),
(142, '2022-09-01', NULL, '2022-0143', 1, 406, 1, '2022-09-01 06:05:19', '2022-09-01 06:05:19'),
(143, '2022-09-02', NULL, '2022-0144', 1, 449, 1, '2022-09-02 04:21:34', '2022-09-02 04:21:34'),
(144, '2022-09-05', NULL, '2022-0145', 1, 288, 1, '2022-09-05 04:55:48', '2022-09-05 04:55:48'),
(145, '2022-09-06', NULL, '2022-0146', 1, 405, 1, '2022-09-06 06:25:05', '2022-09-06 06:25:05'),
(146, '2022-09-07', NULL, '2022-0147', 1, 570, 1, '2022-09-07 07:06:11', '2022-09-07 07:06:11'),
(147, '2022-09-08', NULL, '2022-0148', 1, 298, 1, '2022-09-08 04:05:49', '2022-09-08 04:05:49'),
(148, '2022-09-08', NULL, '2022-0149', 2, 17, 1, '2022-09-08 04:49:13', '2022-09-08 04:49:13'),
(149, '2022-09-08', NULL, '2022-0150', 2, 18, 1, '2022-09-08 04:50:37', '2022-09-08 04:50:37'),
(150, '2022-09-09', NULL, '2022-0151', 2, 143, 1, '2022-09-09 05:18:06', '2022-09-09 05:18:06'),
(151, '2022-09-09', NULL, '2022-0152', 2, 26, 1, '2022-09-09 05:30:50', '2022-09-09 05:30:50'),
(152, '2022-09-09', NULL, '2022-0153', 2, 176, 1, '2022-09-09 05:32:05', '2022-09-09 05:32:05'),
(153, '2022-09-15', NULL, '2022-0154', 2, 161, 1, '2022-09-15 05:24:56', '2022-09-15 05:24:56'),
(154, '2022-09-22', NULL, '2022-0155', 2, 171, 1, '2022-09-22 05:24:30', '2022-09-22 05:24:30'),
(155, '2022-09-29', NULL, '2022-0156', 2, 165, 1, '2022-09-29 04:29:32', '2022-09-29 04:29:32'),
(156, '2022-10-03', NULL, '2022-0157', 1, 356, 1, '2022-10-03 07:51:54', '2022-10-03 07:51:54'),
(157, '2022-10-04', NULL, '2022-0158', 3, 595, 1, '2022-10-04 05:56:20', '2022-10-04 05:56:20'),
(158, '2022-10-04', NULL, '2022-0159', 3, 596, 1, '2022-10-04 05:56:35', '2022-10-04 05:56:35'),
(159, '2022-10-04', NULL, '2022-0160', 3, 599, 1, '2022-10-04 05:56:50', '2022-10-04 05:56:50'),
(160, '2022-10-04', NULL, '2022-0161', 3, 601, 1, '2022-10-04 05:57:10', '2022-10-04 05:57:10'),
(161, '2022-10-04', NULL, '2022-0162', 3, 602, 1, '2022-10-04 05:57:25', '2022-10-04 05:57:25'),
(162, '2022-10-04', NULL, '2022-0163', 3, 603, 1, '2022-10-04 05:57:41', '2022-10-04 05:57:41'),
(163, '2022-10-04', NULL, '2022-0164', 3, 604, 1, '2022-10-04 05:57:57', '2022-10-04 05:57:57'),
(164, '2022-10-04', NULL, '2022-0165', 3, 605, 1, '2022-10-04 05:58:12', '2022-10-04 05:58:12'),
(165, '2022-10-04', NULL, '2022-0166', 3, 606, 1, '2022-10-04 05:58:24', '2022-10-04 05:58:24'),
(166, '2022-10-04', NULL, '2022-0167', 3, 607, 1, '2022-10-04 05:58:47', '2022-10-04 05:58:47'),
(167, '2022-10-04', NULL, '2022-0168', 3, 609, 1, '2022-10-04 05:59:12', '2022-10-04 05:59:12'),
(168, '2022-10-04', NULL, '2022-0169', 3, 610, 1, '2022-10-04 05:59:31', '2022-10-04 05:59:31'),
(169, '2022-10-04', NULL, '2022-0170', 3, 611, 1, '2022-10-04 05:59:46', '2022-10-04 05:59:46'),
(170, '2022-10-04', NULL, '2022-0171', 3, 614, 1, '2022-10-04 06:00:06', '2022-10-04 06:00:06'),
(171, '2022-10-04', NULL, '2022-0172', 3, 615, 1, '2022-10-04 06:00:25', '2022-10-04 06:00:25'),
(172, '2022-10-04', NULL, '2022-0173', 3, 616, 1, '2022-10-04 06:00:45', '2022-10-04 06:00:45'),
(173, '2022-10-04', NULL, '2022-0174', 3, 617, 1, '2022-10-04 06:01:13', '2022-10-04 06:01:13'),
(174, '2022-10-04', NULL, '2022-0175', 3, 619, 1, '2022-10-04 06:02:15', '2022-10-04 06:02:15'),
(175, '2022-10-04', NULL, '2022-0176', 3, 620, 1, '2022-10-04 06:03:00', '2022-10-04 06:03:00'),
(176, '2022-10-04', NULL, '2022-0177', 3, 621, 1, '2022-10-04 06:03:16', '2022-10-04 06:03:16'),
(177, '2022-10-04', NULL, '2022-0178', 3, 622, 1, '2022-10-04 06:03:53', '2022-10-04 06:03:53'),
(178, '2022-10-04', NULL, '2022-0179', 3, 623, 1, '2022-10-04 06:04:05', '2022-10-04 06:04:05'),
(179, '2022-10-04', NULL, '2022-0180', 3, 624, 1, '2022-10-04 06:04:15', '2022-10-04 06:04:15'),
(180, '2022-10-04', NULL, '2022-0181', 3, 625, 1, '2022-10-04 06:04:32', '2022-10-04 06:04:32'),
(181, '2022-10-04', NULL, '2022-0182', 3, 626, 1, '2022-10-04 06:04:50', '2022-10-04 06:04:50'),
(182, '2022-10-04', NULL, '2022-0183', 3, 627, 1, '2022-10-04 06:05:03', '2022-10-04 06:05:03'),
(183, '2022-10-04', NULL, '2022-0184', 3, 629, 1, '2022-10-04 06:05:15', '2022-10-04 06:05:15'),
(184, '2022-10-04', NULL, '2022-0185', 3, 630, 1, '2022-10-04 06:05:29', '2022-10-04 06:05:29'),
(185, '2022-10-05', NULL, '2022-0186', 3, 618, 1, '2022-10-05 07:01:57', '2022-10-05 07:01:57'),
(186, '2022-10-05', NULL, '2022-0187', 3, 738, 1, '2022-10-05 07:06:58', '2022-10-05 07:06:58'),
(187, '2022-10-06', NULL, '2022-0188', 2, 340, 1, '2022-10-06 07:13:49', '2022-10-06 07:13:49'),
(188, '2022-10-06', NULL, '2022-0189', 2, 238, 1, '2022-10-06 07:17:27', '2022-10-06 07:17:27'),
(189, '2022-10-06', NULL, '2022-0190', 2, 66, 1, '2022-10-06 08:03:53', '2022-10-06 08:03:53'),
(190, '2022-10-06', NULL, '2022-0191', 2, 162, 1, '2022-10-06 08:07:38', '2022-10-06 08:07:38'),
(191, '2022-10-08', NULL, '2022-0192', 2, 686, 1, '2022-10-08 06:09:04', '2022-10-08 06:09:04'),
(192, '2022-10-08', NULL, '2022-0193', 2, 670, 1, '2022-10-08 06:11:19', '2022-10-08 06:11:19'),
(193, '2022-10-10', NULL, '2022-0194', 2, 181, 1, '2022-10-10 04:58:16', '2022-10-10 04:58:16'),
(194, '2022-10-14', NULL, '2022-0195', 1, 309, 1, '2022-10-14 05:55:59', '2022-10-14 05:55:59'),
(195, '2022-10-08', NULL, '2022-0196', 1, 422, 1, '2022-10-17 07:22:23', '2022-10-17 07:22:23'),
(196, '2022-10-17', NULL, '2022-0197', 2, 346, 1, '2022-10-17 08:12:26', '2022-10-17 08:12:26'),
(197, '2022-10-18', NULL, '2022-0198', 2, 186, 1, '2022-10-18 03:36:41', '2022-10-18 03:36:41'),
(198, '2022-10-18', NULL, '2022-0199', 2, 738, 1, '2022-10-18 03:49:18', '2022-10-18 03:49:18'),
(199, '2022-10-22', NULL, '2022-0200', 2, 480, 1, '2022-10-22 05:03:46', '2022-10-22 05:03:46'),
(200, '2022-10-24', NULL, '2022-0201', 2, 635, 1, '2022-10-24 03:25:17', '2022-10-24 03:25:17'),
(201, '2022-10-25', NULL, '2022-0202', 2, 35, 1, '2022-10-25 05:12:54', '2022-10-25 05:12:54'),
(202, '2022-10-26', NULL, '2022-0203', 1, 639, 1, '2022-10-26 04:21:51', '2022-10-26 04:21:51'),
(203, '2022-11-07', NULL, '2022-0204', 2, 178, 1, '2022-11-07 07:01:04', '2022-11-07 07:01:04'),
(204, '2022-11-15', NULL, '2022-0205', 2, 687, 1, '2022-11-15 06:52:05', '2022-11-15 06:52:05'),
(205, '2022-11-17', NULL, '2022-0206', 2, 160, 1, '2022-11-17 03:54:06', '2022-11-17 03:54:06'),
(206, '2022-11-19', NULL, '2022-0207', 2, 354, 1, '2022-11-19 02:59:45', '2022-11-19 02:59:45'),
(207, '2022-11-19', NULL, '2022-0208', 2, 198, 1, '2022-11-19 03:00:42', '2022-11-19 03:00:42'),
(208, '2022-11-29', NULL, '2022-0209', 1, 317, 1, '2022-11-29 05:45:43', '2022-11-29 05:45:43'),
(209, '2022-11-30', NULL, '2022-0210', 2, 242, 1, '2022-11-30 04:21:54', '2022-11-30 04:21:54'),
(210, '2022-12-06', NULL, '2022-0211', 2, 203, 1, '2022-12-06 06:09:25', '2022-12-06 06:09:25'),
(211, '2022-12-08', NULL, '2022-0212', 2, 417, 1, '2022-12-08 07:45:58', '2022-12-08 07:45:58'),
(212, '2023-01-02', NULL, '2023-0213', 2, 765, 1, '2023-01-02 04:55:46', '2023-01-02 04:55:46'),
(213, '2023-01-02', NULL, '2023-0214', 2, 62, 1, '2023-01-02 04:57:16', '2023-01-02 04:57:16'),
(214, '2023-01-02', NULL, '2023-0215', 1, 26, 1, '2023-01-02 05:08:14', '2023-01-02 05:08:14'),
(215, '2023-01-02', NULL, '2023-0216', 1, 143, 1, '2023-01-02 05:10:07', '2023-01-02 05:10:07'),
(216, '2023-01-04', NULL, '2023-0217', 2, 376, 1, '2023-01-04 03:21:13', '2023-01-04 03:21:13'),
(217, '2023-01-04', NULL, '2023-0218', 1, 219, 1, '2023-01-04 03:41:54', '2023-01-04 03:41:54'),
(218, '2023-01-04', NULL, '2023-0219', 1, 66, 1, '2023-01-04 03:53:25', '2023-01-04 03:53:25'),
(219, '2023-01-04', NULL, '2023-0220', 1, 162, 1, '2023-01-04 03:59:05', '2023-01-04 03:59:05'),
(220, '2023-01-04', NULL, '2023-0221', 1, 138, 1, '2023-01-04 04:01:59', '2023-01-04 04:01:59'),
(221, '2023-01-04', NULL, '2023-0222', 1, 242, 1, '2023-01-04 05:11:07', '2023-01-04 05:11:07'),
(222, '2023-01-07', NULL, '2023-0223', 1, 245, 1, '2023-01-07 03:33:45', '2023-01-07 03:33:45'),
(223, '2023-01-07', NULL, '2023-0224', 1, 68, 1, '2023-01-07 03:49:58', '2023-01-07 03:49:58');

-- --------------------------------------------------------

--
-- Table structure for table `certificate_types`
--

CREATE TABLE `certificate_types` (
  `id` int(10) UNSIGNED NOT NULL,
  `name` varchar(191) COLLATE utf8mb4_unicode_ci NOT NULL,
  `description` text COLLATE utf8mb4_unicode_ci NOT NULL,
  `background_image` varchar(191) COLLATE utf8mb4_unicode_ci NOT NULL,
  `status` tinyint(4) NOT NULL DEFAULT 1,
  `school_logo` tinyint(4) NOT NULL DEFAULT 0,
  `qrcode` tinyint(4) NOT NULL DEFAULT 0,
  `builtin` tinyint(4) NOT NULL DEFAULT 0,
  `school_name` tinyint(4) NOT NULL DEFAULT 0,
  `footer_left_text` text COLLATE utf8mb4_unicode_ci DEFAULT NULL,
  `footer_middle_text` text COLLATE utf8mb4_unicode_ci DEFAULT NULL,
  `footer_right_text` text COLLATE utf8mb4_unicode_ci DEFAULT NULL,
  `created_at` timestamp NULL DEFAULT NULL,
  `updated_at` timestamp NULL DEFAULT NULL
) ENGINE=InnoDB DEFAULT CHARSET=utf8mb4 COLLATE=utf8mb4_unicode_ci;

--
-- Dumping data for table `certificate_types`
--

INSERT INTO `certificate_types` (`id`, `name`, `description`, `background_image`, `status`, `school_logo`, `qrcode`, `builtin`, `school_name`, `footer_left_text`, `footer_middle_text`, `footer_right_text`, `created_at`, `updated_at`) VALUES
(1, 'SLC Certificate', '_', '', 1, 1, 1, 1, 1, NULL, NULL, NULL, NULL, NULL),
(2, 'Birth Certificate', '--', '', 1, 1, 1, 1, 1, NULL, NULL, NULL, '2022-04-30 12:39:14', '2022-04-30 12:39:14'),
(3, 'Character Certificate', '--', '', 1, 1, 1, 1, 1, NULL, NULL, NULL, '2022-04-30 12:39:14', '2022-04-30 12:39:14'),
(4, 'Provisional Certificate', '--', '', 1, 1, 1, 1, 1, NULL, NULL, NULL, '2022-04-30 12:39:14', '2022-04-30 12:39:14');

-- --------------------------------------------------------

--
-- Table structure for table `cities`
--

CREATE TABLE `cities` (
  `id` int(10) UNSIGNED NOT NULL,
  `name` varchar(191) COLLATE utf8mb4_unicode_ci NOT NULL,
  `country_id` int(10) UNSIGNED NOT NULL,
  `province_id` int(10) UNSIGNED NOT NULL,
  `district_id` int(10) UNSIGNED NOT NULL,
  `system_settings_id` int(10) UNSIGNED NOT NULL,
  `created_by` int(10) UNSIGNED NOT NULL,
  `deleted_at` timestamp NULL DEFAULT NULL,
  `created_at` timestamp NULL DEFAULT NULL,
  `updated_at` timestamp NULL DEFAULT NULL
) ENGINE=InnoDB DEFAULT CHARSET=utf8mb4 COLLATE=utf8mb4_unicode_ci;

--
-- Dumping data for table `cities`
--

INSERT INTO `cities` (`id`, `name`, `country_id`, `province_id`, `district_id`, `system_settings_id`, `created_by`, `deleted_at`, `created_at`, `updated_at`) VALUES
(1, 'Khwaza Khela', 91, 1, 1, 1, 1, NULL, '2021-10-23 19:20:48', '2021-10-23 19:37:07'),
(2, 'Matta', 91, 1, 1, 1, 1, NULL, '2021-10-23 19:22:29', '2021-10-23 19:22:29'),
(3, 'Mingora', 91, 1, 1, 1, 1, NULL, '2021-10-23 19:23:33', '2021-10-23 19:23:33'),
(4, '111', 91, 1, 1, 1, 1, NULL, NULL, NULL),
(5, 'Charbagh', 91, 1, 1, 1, 1, NULL, '2022-01-10 06:45:39', '2022-01-10 06:45:39');

-- --------------------------------------------------------

--
-- Table structure for table `classes`
--

CREATE TABLE `classes` (
  `id` int(10) UNSIGNED NOT NULL,
  `title` varchar(191) COLLATE utf8mb4_unicode_ci NOT NULL,
  `tuition_fee` decimal(22,4) NOT NULL DEFAULT 0.0000,
  `admission_fee` decimal(22,4) NOT NULL DEFAULT 0.0000,
  `transport_fee` decimal(22,4) NOT NULL DEFAULT 0.0000,
  `security_fee` decimal(22,4) NOT NULL DEFAULT 0.0000,
  `prospectus_fee` decimal(22,4) DEFAULT 0.0000,
  `system_settings_id` int(10) UNSIGNED NOT NULL,
  `campus_id` int(10) UNSIGNED DEFAULT NULL,
  `class_level_id` int(10) UNSIGNED DEFAULT NULL,
  `created_by` int(10) UNSIGNED NOT NULL,
  `deleted_at` timestamp NULL DEFAULT NULL,
  `created_at` timestamp NULL DEFAULT NULL,
  `updated_at` timestamp NULL DEFAULT NULL
) ENGINE=InnoDB DEFAULT CHARSET=utf8mb4 COLLATE=utf8mb4_unicode_ci;

--
-- Dumping data for table `classes`
--

INSERT INTO `classes` (`id`, `title`, `tuition_fee`, `admission_fee`, `transport_fee`, `security_fee`, `prospectus_fee`, `system_settings_id`, `campus_id`, `class_level_id`, `created_by`, `deleted_at`, `created_at`, `updated_at`) VALUES
(1, 'Play Group', '0.0000', '0.0000', '0.0000', '0.0000', '0.0000', 1, 1, 5, 1, NULL, '2022-01-02 06:29:19', '2022-05-16 08:36:22'),
(2, 'Nursery', '2000.0000', '0.0000', '0.0000', '0.0000', '0.0000', 1, 1, 5, 1, NULL, '2022-01-02 06:29:38', '2022-05-16 08:36:29'),
(3, 'K.G', '2000.0000', '0.0000', '1100.0000', '0.0000', '0.0000', 1, 1, 5, 1, NULL, '2022-01-02 06:30:00', '2022-05-16 08:36:36'),
(4, '1st', '2000.0000', '0.0000', '0.0000', '0.0000', '0.0000', 1, 1, 1, 1, NULL, '2022-01-02 06:30:11', '2022-01-28 14:25:18'),
(5, '2', '2000.0000', '0.0000', '0.0000', '0.0000', '0.0000', 1, 1, 1, 1, NULL, '2022-01-02 06:30:56', '2022-01-28 14:25:34'),
(6, '3', '2200.0000', '0.0000', '0.0000', '0.0000', '0.0000', 1, 1, 1, 1, NULL, '2022-01-02 06:32:12', '2022-01-28 14:25:46'),
(7, '4', '2200.0000', '0.0000', '0.0000', '0.0000', '0.0000', 1, 1, 1, 1, NULL, '2022-01-02 06:32:20', '2022-01-28 14:26:21'),
(10, '5', '2200.0000', '0.0000', '0.0000', '0.0000', '0.0000', 1, 1, 1, 1, NULL, '2022-01-02 06:36:53', '2022-01-28 14:26:32'),
(12, '6', '2400.0000', '0.0000', '0.0000', '0.0000', '0.0000', 1, 1, 2, 1, NULL, '2022-01-02 06:38:29', '2022-01-28 14:28:04'),
(13, '7', '2400.0000', '0.0000', '0.0000', '0.0000', '0.0000', 1, 1, 2, 1, NULL, '2022-01-02 06:39:18', '2022-01-28 14:28:17'),
(14, '8', '2500.0000', '0.0000', '0.0000', '0.0000', '0.0000', 1, 1, 2, 1, NULL, '2022-01-02 06:39:37', '2022-01-28 14:29:23'),
(18, '9', '2700.0000', '0.0000', '0.0000', '0.0000', '0.0000', 1, 1, 3, 1, NULL, '2022-01-02 06:42:43', '2022-01-28 14:29:34'),
(22, '10', '3000.0000', '0.0000', '0.0000', '0.0000', '0.0000', 1, 1, 3, 1, NULL, '2022-01-02 06:46:23', '2022-01-28 14:29:46'),
(24, '1st Year', '3500.0000', '0.0000', '0.0000', '0.0000', '0.0000', 1, 1, 4, 1, NULL, '2022-01-02 06:48:01', '2022-10-03 07:22:46'),
(25, '12', '0.0000', '0.0000', '0.0000', '0.0000', '0.0000', 1, 1, NULL, 1, NULL, '2022-01-02 06:48:23', '2022-01-02 06:48:23');

-- --------------------------------------------------------

--
-- Table structure for table `class_levels`
--

CREATE TABLE `class_levels` (
  `id` int(10) UNSIGNED NOT NULL,
  `title` varchar(191) COLLATE utf8mb4_unicode_ci NOT NULL,
  `description` text COLLATE utf8mb4_unicode_ci DEFAULT NULL,
  `system_settings_id` int(10) UNSIGNED NOT NULL,
  `created_by` int(10) UNSIGNED NOT NULL,
  `deleted_at` timestamp NULL DEFAULT NULL,
  `created_at` timestamp NULL DEFAULT NULL,
  `updated_at` timestamp NULL DEFAULT NULL
) ENGINE=InnoDB DEFAULT CHARSET=utf8mb4 COLLATE=utf8mb4_unicode_ci;

--
-- Dumping data for table `class_levels`
--

INSERT INTO `class_levels` (`id`, `title`, `description`, `system_settings_id`, `created_by`, `deleted_at`, `created_at`, `updated_at`) VALUES
(1, 'Primary', NULL, 1, 1, NULL, '2022-01-01 18:03:43', '2022-01-01 18:03:43'),
(2, 'Middle', NULL, 1, 1, NULL, '2022-01-28 14:27:33', '2022-01-28 14:27:33'),
(3, 'High', NULL, 1, 1, NULL, '2022-01-28 14:27:44', '2022-01-28 14:27:44'),
(4, 'Higher Secondary', NULL, 1, 1, NULL, '2022-01-28 14:31:03', '2022-01-28 14:31:03'),
(5, 'Pre-Primary', NULL, 1, 1, NULL, '2022-05-16 08:36:06', '2022-05-16 08:36:06');

-- --------------------------------------------------------

--
-- Table structure for table `class_sections`
--

CREATE TABLE `class_sections` (
  `id` int(10) UNSIGNED NOT NULL,
  `section_name` varchar(191) COLLATE utf8mb4_unicode_ci NOT NULL,
  `class_id` int(10) UNSIGNED NOT NULL,
  `system_settings_id` int(10) UNSIGNED NOT NULL,
  `campus_id` int(10) UNSIGNED DEFAULT NULL,
  `whatsapp_group_name` text COLLATE utf8mb4_unicode_ci DEFAULT NULL,
  `created_by` int(10) UNSIGNED NOT NULL,
  `deleted_at` timestamp NULL DEFAULT NULL,
  `created_at` timestamp NULL DEFAULT NULL,
  `updated_at` timestamp NULL DEFAULT NULL
) ENGINE=InnoDB DEFAULT CHARSET=utf8mb4 COLLATE=utf8mb4_unicode_ci;

--
-- Dumping data for table `class_sections`
--

INSERT INTO `class_sections` (`id`, `section_name`, `class_id`, `system_settings_id`, `campus_id`, `whatsapp_group_name`, `created_by`, `deleted_at`, `created_at`, `updated_at`) VALUES
(1, 'GREEN', 2, 1, 1, 'Nursery Green', 1, NULL, '2022-01-02 06:29:38', '2023-01-06 06:15:02'),
(2, 'PINK', 3, 1, 1, 'KG pink', 1, NULL, '2022-01-02 06:30:00', '2023-01-04 13:33:26'),
(3, 'PINK', 4, 1, 1, '1 Pink', 1, NULL, '2022-01-02 06:30:11', '2023-01-04 12:18:09'),
(4, 'GREEN', 5, 1, 1, NULL, 1, NULL, '2022-01-02 06:30:56', '2022-01-02 06:30:56'),
(5, 'PINK', 5, 1, 1, NULL, 1, NULL, '2022-01-02 06:31:04', '2022-01-02 06:31:04'),
(6, 'GREEN', 6, 1, 1, NULL, 1, NULL, '2022-01-02 06:32:12', '2023-01-04 12:12:48'),
(7, 'BLUE', 7, 1, 1, '4 Blue', 1, NULL, '2022-01-02 06:32:20', '2023-01-06 06:18:12'),
(8, 'BLUE', 10, 1, 1, '5 Blue', 1, NULL, '2022-01-02 06:36:53', '2023-01-04 12:04:38'),
(9, 'BLUE', 12, 1, 1, '6 Blue', 1, NULL, '2022-01-02 06:38:29', '2023-01-04 12:00:45'),
(10, 'INDIGO', 12, 1, 1, NULL, 1, NULL, '2022-01-02 06:39:04', '2022-01-02 06:39:04'),
(11, 'silver', 13, 1, 1, NULL, 1, NULL, '2022-01-02 06:39:18', '2023-01-04 12:14:52'),
(12, 'GREEN', 14, 1, 1, '8 Green', 1, NULL, '2022-01-02 06:39:37', '2023-01-04 12:07:57'),
(13, 'RED', 14, 1, 1, NULL, 1, NULL, '2022-01-02 06:41:23', '2022-01-02 06:41:23'),
(14, 'Blue', 18, 1, 1, NULL, 1, NULL, '2022-01-02 06:42:43', '2022-06-02 05:55:38'),
(15, 'Yellow', 18, 1, 1, NULL, 1, NULL, '2022-01-02 06:44:13', '2022-01-02 06:44:13'),
(16, 'GREEN', 18, 1, 1, NULL, 1, NULL, '2022-01-02 06:45:02', '2022-06-04 04:59:54'),
(17, 'GREEN', 22, 1, 1, NULL, 1, NULL, '2022-01-02 06:46:23', '2022-01-02 06:46:23'),
(18, 'RED', 22, 1, 1, NULL, 1, NULL, '2022-01-02 06:47:02', '2022-01-02 06:47:02'),
(19, 'BLUE', 13, 1, 1, '7 Blue', 1, NULL, '2022-01-02 06:48:01', '2023-01-04 12:15:11'),
(20, 'B', 25, 1, 1, NULL, 1, NULL, '2022-01-02 06:48:23', '2022-01-02 06:48:23'),
(21, 'PINK', 6, 1, 1, '3 Pink', 1, NULL, '2022-01-02 07:40:34', '2023-01-04 12:13:09'),
(22, 'RED', 18, 1, 1, NULL, 1, NULL, '2022-02-18 10:17:41', '2022-06-02 05:46:44'),
(23, 'A', 24, 1, 1, NULL, 1, NULL, '2022-04-06 18:49:50', '2022-10-03 07:23:37');

-- --------------------------------------------------------

--
-- Table structure for table `class_subjects`
--

CREATE TABLE `class_subjects` (
  `id` int(10) UNSIGNED NOT NULL,
  `name` varchar(60) COLLATE utf8mb4_unicode_ci NOT NULL,
  `code` varchar(60) COLLATE utf8mb4_unicode_ci DEFAULT NULL,
  `theory_mark` int(11) NOT NULL DEFAULT 0,
  `parc_mark` int(11) NOT NULL DEFAULT 0,
  `total` int(11) NOT NULL DEFAULT 0,
  `passing_percentage` tinyint(4) NOT NULL,
  `subject_input` enum('eng','ur') COLLATE utf8mb4_unicode_ci DEFAULT NULL,
  `campus_id` int(10) UNSIGNED NOT NULL,
  `class_id` int(10) UNSIGNED NOT NULL,
  `created_by` int(10) UNSIGNED NOT NULL,
  `description` text COLLATE utf8mb4_unicode_ci DEFAULT NULL,
  `deleted_at` timestamp NULL DEFAULT NULL,
  `created_at` timestamp NULL DEFAULT NULL,
  `updated_at` timestamp NULL DEFAULT NULL
) ENGINE=InnoDB DEFAULT CHARSET=utf8mb4 COLLATE=utf8mb4_unicode_ci;

--
-- Dumping data for table `class_subjects`
--

INSERT INTO `class_subjects` (`id`, `name`, `code`, `theory_mark`, `parc_mark`, `total`, `passing_percentage`, `subject_input`, `campus_id`, `class_id`, `created_by`, `description`, `deleted_at`, `created_at`, `updated_at`) VALUES
(1, 'English', 'Eng01', 60, 40, 100, 40, NULL, 1, 2, 1, 'Maze Series', NULL, '2022-03-19 03:39:23', '2022-04-14 06:16:58'),
(2, 'Urdu', 'Urdu(001)', 60, 40, 100, 40, NULL, 1, 2, 1, 'jugno Series', NULL, '2022-03-19 03:41:55', '2022-04-14 06:24:57'),
(3, 'ISLAMYAT', 'islam(001)', 50, 0, 50, 40, NULL, 1, 2, 1, 'Oral Noor Nani Qaeeda', NULL, '2022-03-19 03:45:49', '2022-04-14 06:24:24'),
(4, 'MATHS', 'MATh(0001)', 50, 0, 50, 40, NULL, 1, 2, 1, 'Maze', NULL, '2022-03-19 03:49:18', '2022-04-14 06:24:32'),
(5, 'English', 'Eng0002', 60, 40, 100, 40, NULL, 1, 3, 1, NULL, NULL, '2022-03-19 05:26:10', '2022-04-14 06:18:11'),
(6, 'Urdu', '004', 60, 40, 100, 40, NULL, 1, 3, 1, NULL, NULL, '2022-03-20 07:13:27', '2022-04-14 06:18:40'),
(7, 'General Knowledge', '003', 0, 0, 0, 40, NULL, 1, 3, 1, NULL, '2022-04-06 17:09:10', '2022-03-21 01:22:53', '2022-04-06 17:09:10'),
(8, 'Urdu oral', '005', 0, 0, 0, 40, NULL, 1, 3, 1, NULL, '2022-04-06 16:53:43', '2022-03-21 01:25:40', '2022-04-06 16:53:43'),
(9, 'Islamyat', '006', 50, 0, 50, 40, NULL, 1, 3, 1, NULL, NULL, '2022-03-21 01:26:40', '2022-04-14 06:18:20'),
(10, 'Mathematics', '007', 50, 0, 50, 40, NULL, 1, 3, 1, NULL, NULL, '2022-03-21 01:27:39', '2022-04-14 06:18:30'),
(11, 'اسلا میات', '008', 100, 0, 100, 40, 'ur', 1, 4, 1, NULL, NULL, '2022-03-21 01:34:14', '2022-07-27 17:14:58'),
(12, 'General knowledge', '009', 100, 0, 100, 40, 'eng', 1, 4, 1, NULL, NULL, '2022-03-21 01:37:35', '2022-08-12 10:33:44'),
(13, 'Nazira Quran', '010', 100, 0, 100, 40, NULL, 1, 4, 1, NULL, NULL, '2022-03-21 01:38:17', '2022-05-13 15:20:00'),
(14, 'Urdu', '011', 100, 0, 100, 40, 'ur', 1, 4, 1, NULL, NULL, '2022-03-21 01:39:08', '2022-08-07 07:33:35'),
(15, 'English', '012', 100, 0, 100, 40, 'eng', 1, 4, 1, NULL, NULL, '2022-03-21 01:39:32', '2022-08-07 07:46:58'),
(16, 'Mathematics', '013', 100, 0, 100, 40, NULL, 1, 4, 1, NULL, NULL, '2022-03-21 01:40:00', '2022-04-14 06:20:43'),
(17, 'Mathematics', '014', 100, 0, 100, 40, NULL, 1, 5, 1, NULL, NULL, '2022-03-21 01:40:46', '2022-05-13 08:34:48'),
(18, 'اْردو', '015', 100, 0, 100, 40, 'ur', 1, 5, 1, NULL, NULL, '2022-03-21 01:42:31', '2022-08-03 16:47:28'),
(19, 'Nazira Quran', '016', 100, 0, 100, 40, NULL, 1, 5, 1, NULL, NULL, '2022-03-21 01:43:22', '2022-04-14 06:21:58'),
(20, 'English', '017', 100, 0, 100, 40, NULL, 1, 5, 1, NULL, NULL, '2022-03-21 01:45:23', '2022-04-14 06:21:07'),
(21, 'Islamyat', '018', 100, 0, 100, 40, NULL, 1, 5, 1, NULL, NULL, '2022-03-21 01:46:25', '2022-04-14 06:21:49'),
(22, 'General knowledge', '019', 100, 0, 100, 40, 'eng', 1, 5, 1, NULL, NULL, '2022-03-21 01:47:02', '2022-08-11 17:20:55'),
(23, 'English', '020', 100, 0, 100, 40, NULL, 1, 6, 1, NULL, NULL, '2022-03-21 01:48:42', '2022-04-14 06:22:19'),
(24, 'Mathematics', '022', 100, 0, 100, 40, 'eng', 1, 6, 1, NULL, NULL, '2022-03-21 01:49:33', '2022-08-12 05:14:21'),
(25, 'اسلا میا ت', '023', 100, 0, 100, 40, 'ur', 1, 6, 1, NULL, NULL, '2022-03-21 02:05:16', '2022-08-03 16:47:57'),
(26, 'General knowledge', '024', 100, 0, 100, 40, 'eng', 1, 6, 1, NULL, NULL, '2022-03-21 02:05:54', '2022-08-11 17:47:58'),
(27, 'Nazira Quran', '025', 100, 0, 100, 40, NULL, 1, 6, 1, NULL, NULL, '2022-03-21 02:09:48', '2022-04-14 06:22:53'),
(28, 'Urdu', '025', 100, 0, 100, 40, NULL, 1, 6, 1, NULL, NULL, '2022-03-21 02:10:15', '2022-04-14 06:23:37'),
(29, 'English', '026', 100, 0, 100, 40, NULL, 1, 7, 1, NULL, NULL, '2022-03-21 02:13:31', '2022-04-14 06:26:11'),
(30, 'Mathematics', '027', 100, 0, 100, 40, NULL, 1, 7, 1, NULL, NULL, '2022-03-21 02:13:58', '2022-04-14 06:26:45'),
(31, 'Islamyat', '028', 100, 0, 100, 40, NULL, 1, 7, 1, NULL, NULL, '2022-03-21 02:15:01', '2022-04-14 06:26:37'),
(32, 'Science', '029', 85, 15, 100, 40, 'eng', 1, 7, 1, NULL, NULL, '2022-03-21 02:15:51', '2022-08-04 18:20:30'),
(33, 'Social studies', '031', 100, 0, 100, 40, 'eng', 1, 7, 1, NULL, NULL, '2022-03-21 02:16:23', '2022-08-11 16:35:43'),
(34, 'Urdu', '032', 100, 0, 100, 40, NULL, 1, 7, 1, NULL, NULL, '2022-03-21 02:16:43', '2022-04-14 06:27:14'),
(35, 'Urdu', '033', 100, 0, 100, 40, NULL, 1, 10, 1, NULL, NULL, '2022-03-21 02:17:21', '2022-04-14 06:28:09'),
(36, 'English', '034', 100, 0, 100, 40, 'eng', 1, 10, 1, NULL, NULL, '2022-03-21 02:17:43', '2022-08-09 05:01:58'),
(37, 'Mathematics', '035', 100, 0, 100, 40, NULL, 1, 10, 1, NULL, NULL, '2022-03-21 02:18:04', '2022-04-14 06:27:40'),
(38, 'Social studies', '036', 100, 0, 100, 40, 'eng', 1, 10, 1, NULL, NULL, '2022-03-21 02:18:34', '2022-08-07 08:19:03'),
(39, 'Science', '037', 85, 15, 100, 40, 'eng', 1, 10, 1, NULL, NULL, '2022-03-21 02:19:01', '2022-08-07 08:46:42'),
(40, 'Islamyat', '038', 100, 0, 100, 40, NULL, 1, 10, 1, NULL, NULL, '2022-03-21 02:19:22', '2022-04-14 06:27:30'),
(41, 'Mathematics', '039', 100, 0, 100, 40, NULL, 1, 12, 1, NULL, NULL, '2022-03-21 02:20:02', '2022-04-14 06:28:37'),
(42, 'Social studies', '040', 100, 0, 100, 40, 'ur', 1, 12, 1, NULL, NULL, '2022-03-21 02:21:02', '2022-08-06 19:34:18'),
(43, 'Islamyat', '041', 100, 0, 100, 40, 'ur', 1, 12, 1, NULL, NULL, '2022-03-21 02:21:26', '2022-08-11 12:27:53'),
(44, 'Urdu', '042', 100, 0, 100, 40, 'ur', 1, 12, 1, NULL, NULL, '2022-03-21 02:21:45', '2022-08-01 07:06:51'),
(45, 'Science', '043', 85, 15, 100, 40, 'eng', 1, 12, 1, NULL, NULL, '2022-03-21 02:22:18', '2022-08-05 07:07:02'),
(46, 'English', '044', 100, 0, 100, 40, 'eng', 1, 12, 1, NULL, NULL, '2022-03-21 02:22:40', '2022-08-05 11:24:41'),
(47, 'Science', '045', 85, 15, 100, 40, 'eng', 1, 13, 1, NULL, NULL, '2022-03-21 02:23:28', '2022-09-08 07:08:43'),
(48, 'Islamyat', '045', 100, 0, 100, 40, 'ur', 1, 13, 1, NULL, NULL, '2022-03-21 02:23:48', '2022-08-07 07:04:28'),
(49, 'Urdu', '046', 100, 0, 100, 40, NULL, 1, 13, 1, NULL, NULL, '2022-03-21 02:24:24', '2022-04-14 06:30:27'),
(50, 'English', '046', 100, 0, 100, 40, NULL, 1, 13, 1, NULL, NULL, '2022-03-21 02:24:45', '2022-04-14 06:29:50'),
(51, 'Social studies', '047', 100, 0, 100, 40, 'ur', 1, 13, 1, NULL, NULL, '2022-03-21 02:25:33', '2022-08-06 15:32:05'),
(52, 'Mathematics', '048', 100, 0, 100, 4, NULL, 1, 13, 1, NULL, NULL, '2022-03-21 02:25:55', '2022-04-14 06:30:06'),
(53, 'English', '050', 100, 0, 100, 40, 'eng', 1, 14, 1, NULL, NULL, '2022-03-21 02:27:08', '2022-08-11 16:08:01'),
(54, 'Social studies', '051', 100, 0, 100, 40, 'ur', 1, 14, 1, NULL, NULL, '2022-03-21 02:27:33', '2022-08-03 18:34:35'),
(55, 'Islamyat', '053', 100, 0, 100, 40, 'ur', 1, 14, 1, NULL, NULL, '2022-03-21 02:27:55', '2022-08-03 18:34:44'),
(56, 'Urdu', '055', 100, 0, 100, 40, 'ur', 1, 14, 1, NULL, NULL, '2022-03-21 02:28:16', '2022-08-03 18:34:26'),
(57, 'Science', '056', 85, 15, 100, 40, NULL, 1, 14, 1, NULL, NULL, '2022-03-21 02:28:50', '2022-04-14 06:32:18'),
(58, 'Social studies', '057', 100, 0, 100, 40, NULL, 1, 14, 1, NULL, '2022-04-14 07:10:52', '2022-03-21 02:29:19', '2022-04-14 07:10:52'),
(59, 'Islamyat', '059', 50, 0, 50, 40, NULL, 1, 18, 1, NULL, NULL, '2022-03-21 02:30:17', '2022-04-14 06:35:59'),
(60, 'Pak Studies', '061', 50, 0, 50, 40, 'ur', 1, 18, 1, NULL, NULL, '2022-03-21 02:30:45', '2022-08-10 08:33:25'),
(61, 'Mathematics', '062', 75, 0, 75, 40, NULL, 1, 18, 1, NULL, NULL, '2022-03-21 02:31:31', '2022-04-14 06:35:51'),
(62, 'Chemistry', '063', 65, 10, 75, 40, 'eng', 1, 18, 1, NULL, NULL, '2022-03-21 02:32:07', '2022-08-18 09:07:12'),
(63, 'Urdu', '064', 75, 0, 75, 40, NULL, 1, 18, 1, NULL, NULL, '2022-03-21 02:32:27', '2022-04-14 06:35:12'),
(64, 'Physics', '066', 65, 10, 75, 40, NULL, 1, 18, 1, NULL, NULL, '2022-03-21 02:33:11', '2022-04-14 06:35:35'),
(65, 'Biology', '067', 65, 10, 75, 40, 'eng', 1, 18, 1, NULL, NULL, '2022-03-21 02:33:49', '2022-08-10 07:14:30'),
(66, 'English', '068', 75, 0, 75, 40, 'eng', 1, 18, 1, NULL, NULL, '2022-03-21 02:34:51', '2022-08-16 14:41:55'),
(67, 'Islamyat', '070', 50, 0, 50, 40, NULL, 1, 22, 1, NULL, NULL, '2022-03-21 02:35:50', '2022-04-14 06:41:05'),
(68, 'Social studies', '071', 50, 0, 50, 40, NULL, 1, 22, 1, NULL, NULL, '2022-03-21 02:37:44', '2022-04-14 06:39:00'),
(69, 'Physics', '073', 65, 10, 75, 10, NULL, 1, 22, 1, NULL, NULL, '2022-03-21 02:38:13', '2022-04-14 06:40:05'),
(70, 'Chemistry', '074', 65, 10, 75, 40, NULL, 1, 22, 1, NULL, NULL, '2022-03-21 02:38:35', '2022-04-14 06:41:28'),
(71, 'Biology', '075', 0, 0, 0, 40, NULL, 1, 22, 1, NULL, NULL, '2022-03-21 02:38:53', '2022-03-21 02:38:53'),
(72, 'Mathematics', '076', 75, 0, 75, 40, NULL, 1, 22, 1, NULL, NULL, '2022-03-21 02:39:16', '2022-04-14 06:40:27'),
(73, 'Urdu', '077', 75, 0, 75, 40, NULL, 1, 22, 1, NULL, NULL, '2022-03-21 02:39:45', '2022-04-14 06:39:50'),
(74, 'English', '078', 75, 0, 75, 40, NULL, 1, 22, 1, NULL, NULL, '2022-03-21 02:40:07', '2022-04-14 06:41:14'),
(75, 'Urdu', '079', 100, 0, 100, 40, NULL, 1, 24, 1, NULL, NULL, '2022-03-21 02:40:42', '2022-04-14 06:37:55'),
(76, 'English', '080', 100, 0, 100, 40, NULL, 1, 24, 1, NULL, NULL, '2022-03-21 02:41:57', '2022-04-14 06:38:38'),
(77, 'Islamyat', '082', 50, 0, 50, 40, NULL, 1, 24, 1, NULL, NULL, '2022-03-21 02:42:25', '2022-04-14 06:38:17'),
(78, 'Physics', '083', 85, 15, 100, 15, NULL, 1, 24, 1, NULL, NULL, '2022-03-21 02:43:08', '2022-04-14 06:38:03'),
(79, 'Chemistry', '084', 0, 0, 0, 40, NULL, 1, 24, 1, NULL, NULL, '2022-03-21 02:43:33', '2022-03-21 02:43:33'),
(80, 'Biology', '085', 0, 0, 0, 40, NULL, 1, 24, 1, NULL, NULL, '2022-03-21 02:43:57', '2022-03-21 02:43:57'),
(81, 'Social studies', '087', 50, 0, 50, 40, NULL, 1, 25, 1, NULL, NULL, '2022-03-21 02:44:50', '2022-04-14 06:37:10'),
(82, 'Urdu', '087', 100, 0, 100, 40, NULL, 1, 25, 1, NULL, NULL, '2022-03-21 02:45:10', '2022-04-14 06:37:02'),
(83, 'English', '088', 100, 0, 100, 40, NULL, 1, 25, 1, NULL, NULL, '2022-03-21 02:45:44', '2022-04-14 06:37:26'),
(84, 'Physics', '088', 85, 15, 100, 40, NULL, 1, 25, 1, NULL, NULL, '2022-03-21 02:46:22', '2022-04-14 06:37:19'),
(85, 'Chemistry', '089', 85, 15, 100, 40, NULL, 1, 25, 1, NULL, NULL, '2022-03-21 02:46:44', '2022-04-14 06:37:37'),
(86, 'Biology', '090', 85, 15, 100, 10, NULL, 1, 25, 1, NULL, NULL, '2022-03-21 02:47:00', '2022-04-14 06:37:46'),
(87, 'Mathematics', '005', 100, 0, 100, 40, NULL, 1, 14, 1, NULL, NULL, '2022-04-06 18:57:00', '2022-04-14 06:31:33'),
(88, 'English (O)', '001', 0, 40, 0, 40, NULL, 1, 2, 1, NULL, '2022-04-12 15:30:22', '2022-04-10 16:22:25', '2022-04-12 15:30:22'),
(89, 'Nazira Quran', '077', 0, 100, 100, 40, NULL, 1, 7, 1, NULL, NULL, '2022-04-14 09:29:07', '2022-04-14 09:29:07'),
(90, 'Nazira Quran', '077', 0, 100, 100, 40, NULL, 1, 10, 1, NULL, NULL, '2022-04-14 09:39:22', '2022-04-14 09:39:22'),
(91, 'Biology', 'Bio123', 65, 10, 75, 40, 'eng', 1, 14, 1, NULL, NULL, '2022-11-29 06:41:59', '2022-11-29 06:43:08'),
(92, 'Chemistry', 'chem123', 65, 10, 75, 40, 'eng', 1, 14, 1, NULL, NULL, '2022-11-29 06:42:45', '2022-11-29 06:42:45'),
(93, 'Physics', 'Phys123', 65, 10, 75, 40, 'eng', 1, 14, 1, NULL, NULL, '2022-11-29 06:43:36', '2022-11-29 06:43:36'),
(94, 'Mutalia Quran', 'Mq101', 50, 0, 50, 40, 'ur', 1, 18, 171, NULL, NULL, '2023-01-04 07:36:24', '2023-01-04 07:36:24');

-- --------------------------------------------------------

--
-- Table structure for table `class_subject_lessons`
--

CREATE TABLE `class_subject_lessons` (
  `id` int(10) UNSIGNED NOT NULL,
  `name` varchar(191) COLLATE utf8mb4_unicode_ci NOT NULL,
  `chapter_id` int(10) NOT NULL,
  `campus_id` int(10) UNSIGNED NOT NULL,
  `subject_id` int(10) UNSIGNED NOT NULL,
  `created_by` int(10) UNSIGNED NOT NULL,
  `description` text COLLATE utf8mb4_unicode_ci DEFAULT NULL,
  `deleted_at` timestamp NULL DEFAULT NULL,
  `created_at` timestamp NULL DEFAULT NULL,
  `updated_at` timestamp NULL DEFAULT NULL
) ENGINE=InnoDB DEFAULT CHARSET=utf8mb4 COLLATE=utf8mb4_unicode_ci;

--
-- Dumping data for table `class_subject_lessons`
--

INSERT INTO `class_subject_lessons` (`id`, `name`, `chapter_id`, `campus_id`, `subject_id`, `created_by`, `description`, `deleted_at`, `created_at`, `updated_at`) VALUES
(3, 'What is Habit', 164, 1, 26, 1, '2', NULL, '2022-10-11 09:06:56', '2022-10-11 09:06:56'),
(4, 'Numbers 1 to 10', 500, 1, 10, 177, NULL, NULL, '2023-01-03 06:13:36', '2023-01-03 06:13:36'),
(5, 'A to D', 501, 1, 5, 171, NULL, NULL, '2023-01-04 12:32:40', '2023-01-04 12:32:40'),
(6, 'حج اکبر دو پیراگراف', 502, 1, 56, 178, NULL, NULL, '2023-01-05 16:12:33', '2023-01-05 16:12:33'),
(7, 'Pre reading of first three questions', 362, 1, 46, 208, 'What were the conditions of  Islam before?\r\nWho is the last Rasool of Allah ?\r\nReading .', NULL, '2023-01-05 16:14:35', '2023-01-05 16:14:35'),
(8, 'From page 129 to 130', 503, 1, 74, 208, 'Vocabularies, grammatical functional and lexical words.', NULL, '2023-01-05 16:19:24', '2023-01-05 16:19:24'),
(9, 'Plant system', 504, 1, 47, 179, NULL, NULL, '2023-01-05 16:27:58', '2023-01-05 16:27:58'),
(10, 'Root and shoot system', 504, 1, 47, 179, NULL, NULL, '2023-01-05 16:28:49', '2023-01-05 16:28:49'),
(11, 'Azad and Jammu and Kashmir', 105, 1, 22, 172, 'The capital city of Pakistan', NULL, '2023-01-05 16:32:46', '2023-01-05 16:32:46'),
(12, 'I like grapes and watermelon', 40, 1, 12, 172, 'I want to become a cricketer', NULL, '2023-01-05 16:35:13', '2023-01-05 16:35:13'),
(13, 'حمد مشق', 505, 1, 56, 178, NULL, NULL, '2023-01-05 16:39:21', '2023-01-05 16:39:21'),
(14, 'The mother name of the Holy Rasool SAW was Hazrat Aminah', 48, 1, 20, 172, 'Hazrat Aminah was died when the Rasool SAW was only six years old.', NULL, '2023-01-05 16:40:04', '2023-01-05 16:40:04'),
(15, 'حمد مشق', 506, 1, 49, 178, NULL, NULL, '2023-01-05 16:40:57', '2023-01-05 16:40:57'),
(16, 'Numbers 1 to 50', 507, 1, 10, 177, NULL, NULL, '2023-01-05 16:41:47', '2023-01-05 16:41:47'),
(17, 'حمد مشق', 508, 1, 44, 178, NULL, NULL, '2023-01-05 16:42:08', '2023-01-05 16:42:08'),
(18, 'حمد مشق', 508, 1, 44, 178, NULL, NULL, '2023-01-05 16:42:32', '2023-01-05 16:42:32'),
(19, 'Numbers 1 to 50', 507, 1, 10, 177, NULL, NULL, '2023-01-05 16:42:53', '2023-01-05 16:42:53'),
(20, 'حمد مشق', 508, 1, 44, 178, NULL, NULL, '2023-01-05 16:43:16', '2023-01-05 16:43:16'),
(21, 'Abcdefg ,hijklmnop', 1, 1, 15, 172, 'Abc song', NULL, '2023-01-05 16:45:17', '2023-01-05 16:45:17'),
(22, 'Numbers 1 to 10', 512, 1, 4, 177, NULL, NULL, '2023-01-05 16:45:37', '2023-01-05 16:45:37'),
(23, 'Aims of classification', 474, 1, 65, 174, 'Aims of classification', NULL, '2023-01-05 16:45:52', '2023-01-05 16:45:52'),
(24, 'Numbers 1 to 10', 512, 1, 4, 177, NULL, NULL, '2023-01-05 16:46:36', '2023-01-05 16:46:36'),
(25, 'Gilgit Baltistan and Azad Jammu and Kashmir', 105, 1, 22, 172, 'Islamabad is the capital city of Pakistan', NULL, '2023-01-05 16:46:57', '2023-01-05 16:46:57'),
(26, 'Numbers 1 to 10', 512, 1, 4, 177, NULL, NULL, '2023-01-05 16:50:13', '2023-01-05 16:50:13'),
(27, 'Habitate', 196, 1, 32, 210, 'Water habitate\r\nLand habitate', NULL, '2023-01-05 16:56:43', '2023-01-05 16:56:43'),
(28, 'Basis of classification', 474, 1, 65, 174, NULL, NULL, '2023-01-05 17:01:47', '2023-01-05 17:01:47'),
(29, 'Numbers 1 to 10', 25, 1, 16, 177, NULL, NULL, '2023-01-05 17:11:56', '2023-01-05 17:11:56'),
(30, 'ناظرہقران مجید', 516, 1, 21, 177, NULL, NULL, '2023-01-05 17:50:25', '2023-01-05 17:50:25'),
(31, 'حالات زندگی', 517, 1, 63, 178, NULL, NULL, '2023-01-05 18:07:00', '2023-01-05 18:07:00'),
(32, 'حج اکبر دو پیراگراف', 519, 1, 63, 178, NULL, NULL, '2023-01-05 18:09:11', '2023-01-05 18:09:11'),
(33, 'پیراگراف نمبر تین اور چار', 519, 1, 63, 178, NULL, NULL, '2023-01-05 18:10:23', '2023-01-05 18:10:23'),
(34, 'حالات زندگی', 517, 1, 63, 178, NULL, NULL, '2023-01-05 18:11:30', '2023-01-05 18:11:30'),
(35, 'Leaves', 504, 1, 47, 179, 'We deals about various parts of leaf like leaf stalk, midrib, cuticle, Mesophyll tissues, vascular bundle etc.....', NULL, '2023-01-06 05:49:48', '2023-01-06 05:49:48'),
(36, 'Disorders of reproductive system', 522, 1, 86, 179, 'We deals about various diseases of human reproductive system like male and female infertility, IVF etc..', NULL, '2023-01-06 05:58:38', '2023-01-06 05:58:38'),
(37, 'Disorders of reproductive system', 522, 1, 86, 179, 'We deals about various types of diseases of reproductive system of human like male and female infertility, IVF etc...', NULL, '2023-01-06 06:01:10', '2023-01-06 06:01:10'),
(38, 'Components and organization of environment', 523, 1, 71, 179, NULL, NULL, '2023-01-06 06:06:04', '2023-01-06 06:06:04'),
(39, 'Base Units', 494, 1, 66, 1, NULL, NULL, '2023-01-16 07:28:31', '2023-01-16 07:28:31'),
(40, 'Khwaza Khela1', 390, 1, 54, 1, NULL, NULL, '2023-01-16 10:44:09', '2023-01-16 10:44:09');

-- --------------------------------------------------------

--
-- Table structure for table `class_subject_progress`
--

CREATE TABLE `class_subject_progress` (
  `id` int(10) UNSIGNED NOT NULL,
  `campus_id` int(10) UNSIGNED NOT NULL,
  `class_id` int(10) UNSIGNED DEFAULT NULL,
  `class_section_id` int(10) UNSIGNED NOT NULL,
  `subject_id` int(10) UNSIGNED NOT NULL,
  `lesson_id` int(10) UNSIGNED NOT NULL,
  `created_by` int(10) UNSIGNED DEFAULT NULL,
  `teacher_by` int(10) UNSIGNED DEFAULT NULL,
  `session_id` int(10) UNSIGNED DEFAULT NULL,
  `chapter_id` int(10) NOT NULL,
  `status` enum('completed','pending','reading') COLLATE utf8mb4_unicode_ci NOT NULL DEFAULT 'pending',
  `start_date` date DEFAULT NULL,
  `reading_date` date DEFAULT NULL,
  `complete_date` date DEFAULT NULL,
  `created_at` timestamp NULL DEFAULT NULL,
  `updated_at` timestamp NULL DEFAULT NULL
) ENGINE=InnoDB DEFAULT CHARSET=utf8mb4 COLLATE=utf8mb4_unicode_ci;

--
-- Dumping data for table `class_subject_progress`
--

INSERT INTO `class_subject_progress` (`id`, `campus_id`, `class_id`, `class_section_id`, `subject_id`, `lesson_id`, `created_by`, `teacher_by`, `session_id`, `chapter_id`, `status`, `start_date`, `reading_date`, `complete_date`, `created_at`, `updated_at`) VALUES
(1, 1, NULL, 0, 26, 3, 1, NULL, 1, 164, 'reading', '2022-10-11', '2022-10-11', NULL, '2022-10-11 09:07:06', '2022-10-11 09:07:17'),
(2, 1, 3, 2, 10, 4, 177, 21, 2, 500, 'completed', '2023-01-03', NULL, '2023-01-03', '2023-01-03 06:16:13', '2023-01-03 06:16:56'),
(3, 1, NULL, 0, 5, 5, 171, NULL, 2, 501, 'completed', '2023-01-04', NULL, '2023-01-04', '2023-01-04 12:32:50', '2023-01-04 12:32:54'),
(4, 1, 3, 2, 5, 5, 168, 7, 2, 501, 'completed', '2023-01-04', NULL, '2023-01-04', '2023-01-04 12:54:20', '2023-01-04 12:54:23'),
(5, 1, 12, 9, 46, 7, 208, 39, 2, 362, 'completed', '2023-01-05', NULL, '2023-01-05', '2023-01-05 16:14:58', '2023-01-05 16:15:05'),
(6, 1, 22, 17, 74, 8, 208, 39, 2, 503, 'completed', '2023-01-05', NULL, '2023-01-05', '2023-01-05 16:19:41', '2023-01-05 16:19:46'),
(7, 1, 5, 4, 22, 11, 172, 22, 2, 105, 'completed', '2023-01-05', NULL, '2023-01-05', '2023-01-05 16:33:16', '2023-01-05 16:33:23'),
(8, 1, 4, 3, 12, 12, 172, 22, 2, 40, 'completed', '2023-01-05', NULL, '2023-01-05', '2023-01-05 16:35:43', '2023-01-05 16:35:49'),
(9, 1, 14, 12, 56, 13, 178, 45, 2, 505, 'pending', '2023-01-05', NULL, NULL, '2023-01-05 16:40:09', '2023-01-05 16:40:09'),
(10, 1, 5, 4, 20, 14, 172, 22, 2, 48, 'completed', '2023-01-05', NULL, '2023-01-05', '2023-01-05 16:40:22', '2023-01-05 16:40:34'),
(11, 1, 13, 19, 49, 15, 178, 45, 2, 506, 'pending', '2023-01-05', NULL, NULL, '2023-01-05 16:41:15', '2023-01-05 16:41:15'),
(12, 1, 3, 2, 10, 19, 177, 21, 2, 510, 'completed', '2023-01-05', NULL, '2023-01-05', '2023-01-05 16:43:18', '2023-01-05 16:49:12'),
(13, 1, 12, 9, 44, 18, 178, 45, 2, 508, 'pending', '2023-01-06', NULL, NULL, '2023-01-05 16:43:42', '2023-01-05 16:43:42'),
(14, 1, 4, 3, 15, 21, 172, 22, 2, 1, 'completed', '2023-01-05', NULL, '2023-01-05', '2023-01-05 16:45:35', '2023-01-05 16:45:41'),
(15, 1, 18, 16, 65, 23, 174, 27, 2, 474, 'completed', '2023-01-05', NULL, '2023-01-05', '2023-01-05 16:47:00', '2023-01-05 16:47:05'),
(17, 1, 7, 7, 32, 27, 210, 15, 2, 196, 'completed', '2023-01-05', NULL, '2023-01-05', '2023-01-05 16:57:51', '2023-01-05 16:57:57'),
(18, 1, 18, 16, 65, 28, 174, 27, 2, 474, 'completed', '2023-01-05', NULL, '2023-01-05', '2023-01-05 17:02:10', '2023-01-05 17:02:20'),
(19, 1, 18, 16, 63, 31, 178, 45, 2, 517, 'pending', '2023-01-03', NULL, NULL, '2023-01-05 18:07:24', '2023-01-05 18:07:24'),
(20, 1, 18, 16, 63, 32, 178, 45, 2, 519, 'pending', '2023-01-04', NULL, NULL, '2023-01-05 18:09:29', '2023-01-05 18:09:29'),
(21, 1, 18, 16, 63, 33, 178, 45, 2, 519, 'pending', '2023-01-05', NULL, NULL, '2023-01-05 18:10:36', '2023-01-05 18:10:36'),
(22, 1, 13, 19, 47, 35, 179, 43, 2, 504, 'completed', '2023-01-06', '2023-01-06', '2023-01-06', '2023-01-06 05:50:25', '2023-01-06 06:07:48'),
(23, 1, 25, 20, 86, 36, 179, 43, 2, 522, 'pending', '2023-01-06', NULL, NULL, '2023-01-06 06:01:51', '2023-01-06 06:01:51'),
(24, 1, 22, 18, 71, 38, 179, 43, 2, 523, 'completed', '2023-01-05', NULL, '2023-01-06', '2023-01-06 06:06:44', '2023-01-06 06:07:13'),
(25, 1, NULL, 0, 66, 39, 1, NULL, 2, 494, 'completed', '2023-01-16', NULL, '2023-01-16', '2023-01-16 07:28:54', '2023-01-16 07:29:00');

-- --------------------------------------------------------

--
-- Table structure for table `class_timetables`
--

CREATE TABLE `class_timetables` (
  `id` int(10) UNSIGNED NOT NULL,
  `campus_id` int(10) UNSIGNED NOT NULL,
  `class_id` int(10) UNSIGNED NOT NULL,
  `class_section_id` int(10) UNSIGNED NOT NULL,
  `subject_id` int(10) UNSIGNED DEFAULT NULL,
  `multi_subject_ids` text COLLATE utf8mb4_unicode_ci DEFAULT NULL,
  `teacher_id` int(10) DEFAULT NULL,
  `multi_teacher` text COLLATE utf8mb4_unicode_ci DEFAULT NULL,
  `period_id` int(10) UNSIGNED NOT NULL,
  `other` enum('drill','nazira','written','oral','nazira_drill','spoken','religious_study','religious_study_spoken') COLLATE utf8mb4_unicode_ci DEFAULT NULL,
  `note` text COLLATE utf8mb4_unicode_ci DEFAULT NULL,
  `created_at` timestamp NULL DEFAULT NULL,
  `updated_at` timestamp NULL DEFAULT NULL
) ENGINE=InnoDB DEFAULT CHARSET=utf8mb4 COLLATE=utf8mb4_unicode_ci;

--
-- Dumping data for table `class_timetables`
--

INSERT INTO `class_timetables` (`id`, `campus_id`, `class_id`, `class_section_id`, `subject_id`, `multi_subject_ids`, `teacher_id`, `multi_teacher`, `period_id`, `other`, `note`, `created_at`, `updated_at`) VALUES
(1, 1, 2, 1, 2, NULL, 20, NULL, 1, 'oral', NULL, '2022-04-06 16:48:28', '2022-04-06 16:48:28'),
(2, 1, 2, 1, 2, NULL, 20, NULL, 2, 'written', NULL, '2022-04-06 16:48:43', '2022-04-06 16:48:43'),
(3, 1, 2, 1, NULL, NULL, NULL, NULL, 3, 'drill', NULL, '2022-04-06 16:48:57', '2022-04-06 16:48:57'),
(4, 1, 2, 1, 4, NULL, 21, NULL, 4, NULL, NULL, '2022-04-06 16:49:18', '2022-12-19 09:10:26'),
(5, 1, 2, 1, NULL, NULL, NULL, NULL, 5, NULL, NULL, '2022-04-06 16:49:34', '2022-04-06 16:49:34'),
(6, 1, 2, 1, 1, NULL, 7, NULL, 6, 'oral', NULL, '2022-04-06 16:49:57', '2022-04-06 16:49:57'),
(7, 1, 2, 1, 1, NULL, 7, NULL, 7, 'written', NULL, '2022-04-06 16:50:17', '2022-12-19 09:11:15'),
(8, 1, 2, 1, 3, NULL, 5, NULL, 8, NULL, NULL, '2022-04-06 16:50:40', '2022-12-19 09:12:20'),
(9, 1, 3, 2, 10, NULL, 21, NULL, 1, NULL, NULL, '2022-04-06 16:57:42', '2022-12-19 09:12:43'),
(10, 1, 3, 2, 5, NULL, 7, NULL, 2, 'oral', NULL, '2022-04-06 16:57:56', '2022-12-19 09:12:57'),
(11, 1, 3, 2, NULL, NULL, NULL, NULL, 3, 'drill', NULL, '2022-04-06 16:58:17', '2022-12-19 09:34:10'),
(12, 1, 3, 2, 5, NULL, 7, NULL, 4, 'written', NULL, '2022-04-06 16:58:39', '2022-04-06 17:02:16'),
(13, 1, 3, 2, NULL, NULL, NULL, NULL, 5, NULL, NULL, '2022-04-06 16:58:56', '2022-04-06 16:58:56'),
(14, 1, 3, 2, 6, NULL, 20, NULL, 6, 'oral', NULL, '2022-04-06 16:59:18', '2022-12-19 09:13:16'),
(15, 1, 3, 2, 6, NULL, 20, NULL, 7, 'written', NULL, '2022-04-06 17:06:16', '2022-12-19 09:13:27'),
(16, 1, 3, 2, 9, NULL, 7, NULL, 8, NULL, NULL, '2022-04-06 17:06:36', '2022-12-19 09:17:25'),
(17, 1, 4, 3, 11, NULL, 5, NULL, 1, NULL, NULL, '2022-04-06 17:16:31', '2023-01-04 07:49:28'),
(18, 1, 4, 3, 12, NULL, 22, NULL, 2, NULL, NULL, '2022-04-06 17:16:49', '2022-12-19 09:36:01'),
(19, 1, 4, 3, NULL, NULL, NULL, NULL, 3, 'drill', NULL, '2022-04-06 17:18:42', '2022-12-19 09:18:48'),
(20, 1, 4, 3, 13, NULL, 29, NULL, 4, 'drill', NULL, '2022-04-06 17:18:58', '2023-01-04 07:49:42'),
(21, 1, 4, 3, NULL, NULL, NULL, NULL, 5, NULL, NULL, '2022-04-06 17:19:15', '2022-04-06 17:19:15'),
(22, 1, 4, 3, 15, NULL, 22, NULL, 6, NULL, NULL, '2022-04-06 17:53:44', '2022-12-19 09:19:26'),
(23, 1, 4, 3, 16, NULL, 21, NULL, 7, NULL, NULL, '2022-04-06 17:54:13', '2023-01-04 07:49:58'),
(24, 1, 4, 3, 14, NULL, 20, NULL, 8, NULL, NULL, '2022-04-06 17:54:38', '2022-12-19 09:19:43'),
(25, 1, 5, 4, 17, NULL, 18, NULL, 1, NULL, NULL, '2022-04-06 17:58:45', '2022-12-19 09:48:42'),
(26, 1, 5, 4, 19, NULL, 29, NULL, 2, NULL, NULL, '2022-04-06 17:59:06', '2023-01-03 07:41:31'),
(27, 1, 5, 4, NULL, NULL, NULL, NULL, 3, 'drill', NULL, '2022-04-06 17:59:23', '2022-12-19 09:50:09'),
(28, 1, 5, 4, 20, NULL, 22, NULL, 4, NULL, NULL, '2022-04-06 17:59:54', '2022-12-19 09:50:18'),
(29, 1, 5, 4, NULL, NULL, NULL, NULL, 5, NULL, NULL, '2022-04-06 18:00:11', '2022-04-06 18:00:11'),
(30, 1, 5, 4, 21, NULL, 21, NULL, 6, NULL, NULL, '2022-04-06 18:00:29', '2022-12-19 09:50:29'),
(31, 1, 5, 4, 18, NULL, 37, NULL, 7, NULL, NULL, '2022-04-06 18:00:57', '2022-12-19 09:50:46'),
(32, 1, 5, 4, 22, NULL, 22, NULL, 8, NULL, NULL, '2022-04-06 18:01:21', '2023-01-04 07:22:14'),
(41, 1, 6, 21, 23, NULL, 42, NULL, 1, NULL, NULL, '2022-04-06 18:12:50', '2022-12-21 05:35:10'),
(42, 1, 6, 21, 24, NULL, 18, NULL, 2, NULL, NULL, '2022-04-06 18:13:04', '2022-12-21 05:15:15'),
(43, 1, 6, 21, 26, NULL, 15, NULL, 3, NULL, NULL, '2022-04-06 18:16:06', '2022-12-21 05:15:20'),
(44, 1, 6, 21, 28, NULL, 37, NULL, 4, NULL, NULL, '2022-04-06 18:16:24', '2022-12-21 05:42:43'),
(45, 1, 6, 21, NULL, NULL, NULL, NULL, 5, NULL, NULL, '2022-04-06 18:16:41', '2022-04-06 18:16:41'),
(46, 1, 6, 21, 25, NULL, 5, NULL, 6, NULL, NULL, '2022-04-06 18:17:06', '2022-12-21 05:43:09'),
(47, 1, 6, 21, NULL, NULL, NULL, NULL, 7, 'drill', 'TS/MTW', '2022-04-06 18:17:43', '2023-01-04 07:52:01'),
(48, 1, 6, 21, 27, NULL, 29, NULL, 8, NULL, NULL, '2022-04-06 18:18:20', '2023-01-04 07:51:53'),
(49, 1, 7, 7, 32, NULL, 15, NULL, 1, NULL, NULL, '2022-04-06 18:22:02', '2022-12-21 05:47:08'),
(50, 1, 7, 7, 34, NULL, 37, NULL, 2, NULL, NULL, '2022-04-06 18:22:15', '2022-12-21 05:18:05'),
(51, 1, 7, 7, 31, NULL, 5, NULL, 3, NULL, NULL, '2022-04-06 18:22:33', '2023-01-04 07:52:24'),
(52, 1, 7, 7, 33, NULL, 38, NULL, 4, NULL, NULL, '2022-04-06 18:22:55', '2023-01-04 07:52:33'),
(53, 1, 7, 7, NULL, NULL, NULL, NULL, 5, NULL, NULL, '2022-04-06 18:23:15', '2022-04-06 18:23:15'),
(54, 1, 7, 7, 29, NULL, 42, NULL, 6, NULL, NULL, '2022-04-06 18:23:35', '2023-01-04 07:26:18'),
(55, 1, 7, 7, 89, NULL, 29, NULL, 7, 'drill', 'TS + MTW +PET', '2022-04-06 18:23:53', '2022-12-21 06:10:23'),
(56, 1, 7, 7, 30, NULL, 18, NULL, 8, NULL, NULL, '2022-04-06 18:24:17', '2022-12-21 05:19:22'),
(57, 1, 10, 8, 35, NULL, 37, NULL, 1, NULL, NULL, '2022-04-06 18:27:37', '2022-04-06 18:27:37'),
(58, 1, 10, 8, 38, NULL, 38, NULL, 2, NULL, NULL, '2022-04-06 18:27:51', '2022-12-21 05:20:08'),
(59, 1, 10, 8, 40, NULL, 7, NULL, 3, NULL, NULL, '2022-04-06 18:28:25', '2023-01-04 07:53:11'),
(60, 1, 10, 8, 37, NULL, 18, NULL, 4, NULL, NULL, '2022-04-06 18:29:00', '2023-01-04 07:27:18'),
(61, 1, 10, 8, NULL, NULL, NULL, NULL, 5, NULL, NULL, '2022-04-06 18:29:13', '2022-04-06 18:29:13'),
(62, 1, 10, 8, 90, NULL, 37, NULL, 6, 'drill', 'TS/MTW', '2022-04-06 18:29:28', '2022-12-21 06:09:49'),
(63, 1, 10, 8, 39, NULL, 15, NULL, 7, NULL, NULL, '2022-04-06 18:29:46', '2022-12-21 05:21:05'),
(64, 1, 10, 8, 36, NULL, 42, NULL, 8, NULL, NULL, '2022-04-06 18:30:04', '2023-01-04 07:53:29'),
(65, 1, 12, 9, 46, NULL, 39, NULL, 1, NULL, NULL, '2022-04-06 18:35:01', '2023-01-04 07:28:31'),
(66, 1, 12, 9, 44, NULL, 45, NULL, 2, NULL, NULL, '2022-04-06 18:35:26', '2022-12-21 06:29:52'),
(67, 1, 12, 9, 42, NULL, 38, NULL, 3, NULL, NULL, '2022-04-06 18:37:48', '2023-01-04 07:53:45'),
(68, 1, 12, 9, 41, NULL, 47, NULL, 4, NULL, NULL, '2022-04-06 18:38:15', '2023-01-04 07:53:54'),
(69, 1, 12, 9, NULL, NULL, NULL, NULL, 5, NULL, NULL, '2022-04-06 18:38:41', '2022-04-06 18:38:41'),
(70, 1, 12, 9, NULL, NULL, NULL, NULL, 6, 'nazira_drill', 'Niamatullah+PET', '2022-04-06 18:39:02', '2022-12-21 05:23:06'),
(71, 1, 12, 9, 45, NULL, 43, NULL, 7, NULL, NULL, '2022-04-06 18:39:46', '2023-01-04 07:54:32'),
(72, 1, 12, 9, 43, NULL, 29, NULL, 8, NULL, NULL, '2022-04-06 18:40:06', '2023-01-04 07:54:39'),
(73, 1, 12, 10, 41, NULL, 18, NULL, 1, NULL, NULL, '2022-04-06 18:40:26', '2022-04-06 18:40:26'),
(74, 1, 12, 10, 42, NULL, 38, NULL, 2, NULL, NULL, '2022-04-06 18:40:52', '2022-04-06 18:40:52'),
(75, 1, 12, 10, NULL, NULL, NULL, NULL, 3, 'drill', NULL, '2022-04-06 18:41:19', '2022-12-21 06:25:41'),
(76, 1, 12, 10, NULL, NULL, NULL, NULL, 4, 'drill', NULL, '2022-04-06 18:42:34', '2022-12-21 06:30:37'),
(77, 1, 12, 10, NULL, NULL, NULL, NULL, 5, NULL, NULL, '2022-04-06 18:42:48', '2022-04-06 18:42:48'),
(78, 1, 12, 10, NULL, NULL, NULL, NULL, 6, 'nazira', NULL, '2022-04-06 18:43:24', '2022-04-06 18:43:24'),
(79, 1, 12, 10, 45, NULL, 15, NULL, 7, NULL, NULL, '2022-04-06 18:43:44', '2022-04-06 18:43:44'),
(80, 1, 12, 10, 46, NULL, 35, NULL, 8, NULL, NULL, '2022-04-06 18:44:15', '2022-04-06 18:44:15'),
(81, 1, 13, 11, 47, NULL, 42, NULL, 1, NULL, NULL, '2022-04-07 09:53:48', '2022-04-07 09:53:48'),
(82, 1, 13, 11, 48, NULL, 29, NULL, 2, NULL, NULL, '2022-04-07 09:54:13', '2022-04-07 09:54:13'),
(83, 1, 13, 11, 49, NULL, 45, NULL, 3, NULL, NULL, '2022-04-07 09:54:32', '2022-12-21 06:45:42'),
(84, 1, 13, 11, 50, NULL, 39, NULL, 4, NULL, NULL, '2022-04-07 09:54:45', '2022-04-07 09:54:45'),
(85, 1, 13, 11, NULL, NULL, NULL, NULL, 5, NULL, NULL, '2022-04-07 09:55:09', '2022-04-07 09:55:09'),
(86, 1, 13, 11, NULL, NULL, NULL, NULL, 6, 'religious_study_spoken', 'MTW  + TS\r\n        +\r\nB.Nawab + IhsanUllah', '2022-04-07 09:57:05', '2022-04-07 09:58:24'),
(87, 1, 13, 11, 51, NULL, 38, NULL, 7, NULL, NULL, '2022-04-07 09:59:00', '2022-04-07 09:59:00'),
(88, 1, 13, 11, 52, NULL, 47, NULL, 8, NULL, NULL, '2022-04-07 09:59:14', '2022-12-21 06:33:09'),
(89, 1, 13, 23, 50, NULL, 39, NULL, 1, NULL, NULL, '2022-04-07 09:59:33', '2022-04-07 09:59:33'),
(90, 1, 13, 23, 49, NULL, 33, NULL, 2, NULL, NULL, '2022-04-07 09:59:52', '2022-04-07 09:59:52'),
(91, 1, 13, 23, 48, NULL, 14, NULL, 3, NULL, NULL, '2022-04-07 10:13:56', '2022-04-07 10:13:56'),
(92, 1, 13, 23, 52, NULL, 18, NULL, 4, NULL, NULL, '2022-04-07 10:21:36', '2022-04-07 10:21:36'),
(93, 1, 13, 23, NULL, NULL, NULL, NULL, 5, NULL, NULL, '2022-04-07 10:22:09', '2022-04-07 10:22:09'),
(94, 1, 13, 23, NULL, NULL, NULL, NULL, 6, 'religious_study_spoken', 'TS  + MTW\r\n        +\r\nB.Nawab + IhsanUllah', '2022-04-07 10:23:21', '2022-04-07 10:23:21'),
(95, 1, 13, 23, 47, NULL, 43, NULL, 7, NULL, NULL, '2022-04-07 10:24:54', '2022-04-07 10:24:54'),
(96, 1, 13, 23, 51, NULL, 17, NULL, 8, NULL, NULL, '2022-04-07 10:25:31', '2022-04-07 10:25:31'),
(97, 1, 14, 12, 56, NULL, 45, NULL, 1, NULL, NULL, '2022-04-07 10:47:12', '2023-01-04 07:57:18'),
(98, 1, 14, 12, 53, NULL, 41, '[17,14]', 2, NULL, NULL, '2022-04-07 10:47:35', '2023-01-04 07:57:28'),
(99, 1, 14, 12, 55, NULL, 14, NULL, 3, NULL, NULL, '2022-04-07 10:48:12', '2023-01-04 07:57:33'),
(100, 1, 14, 12, 57, NULL, 15, NULL, 4, NULL, NULL, '2022-04-07 10:48:29', '2023-01-04 07:57:42'),
(101, 1, 14, 12, NULL, NULL, NULL, NULL, 5, NULL, NULL, '2022-04-07 10:48:40', '2022-04-07 10:48:40'),
(102, 1, 14, 12, 54, NULL, 17, NULL, 6, NULL, NULL, '2022-04-07 10:48:56', '2023-01-04 07:57:55'),
(103, 1, 14, 12, NULL, NULL, NULL, NULL, 7, 'drill', NULL, '2022-04-07 10:50:15', '2023-01-04 07:58:08'),
(104, 1, 14, 12, 87, NULL, 47, NULL, 8, NULL, NULL, '2022-04-07 10:50:29', '2022-12-21 06:34:45'),
(105, 1, 14, 13, 56, NULL, 45, NULL, 1, NULL, NULL, '2022-04-07 10:51:01', '2022-12-21 06:45:16'),
(106, 1, 14, 13, NULL, '[\"54\",\"55\"]', NULL, '[17,14]', 2, NULL, NULL, '2022-04-07 10:51:24', '2022-12-21 05:32:45'),
(107, 1, 14, 13, 53, NULL, 41, NULL, 3, NULL, NULL, '2022-04-07 10:52:55', '2022-12-21 05:32:53'),
(108, 1, 14, 13, 92, NULL, 15, NULL, 4, NULL, NULL, '2022-04-07 10:53:18', '2022-12-21 05:33:00'),
(109, 1, 14, 13, NULL, NULL, NULL, NULL, 5, NULL, NULL, '2022-04-07 10:53:32', '2022-04-07 10:53:32'),
(110, 1, 14, 13, 91, NULL, 27, NULL, 6, NULL, NULL, '2022-04-07 10:53:58', '2022-12-21 05:33:08'),
(111, 1, 14, 13, 87, NULL, 47, NULL, 7, NULL, NULL, '2022-04-07 10:55:12', '2022-12-21 06:52:45'),
(112, 1, 14, 13, 93, NULL, 46, NULL, 8, NULL, NULL, '2022-04-07 10:56:03', '2022-12-21 05:33:36'),
(113, 1, 18, 16, NULL, '[\"59\",\"60\"]', NULL, '[14,17]', 1, NULL, 'MTW + TFS', '2022-04-08 11:48:53', '2022-04-08 11:48:53'),
(114, 1, 18, 16, 62, NULL, 42, NULL, 2, NULL, NULL, '2022-04-08 11:49:18', '2023-01-04 08:00:10'),
(115, 1, 18, 16, 61, NULL, 47, NULL, 3, NULL, NULL, '2022-04-08 11:49:42', '2023-01-04 07:37:30'),
(116, 1, 18, 16, 66, NULL, 41, NULL, 4, NULL, NULL, '2022-04-08 11:50:07', '2023-01-04 08:00:32'),
(117, 1, 18, 16, NULL, NULL, NULL, NULL, 5, NULL, NULL, '2022-04-08 11:50:19', '2022-04-08 11:50:19'),
(118, 1, 18, 16, 65, NULL, 27, NULL, 6, NULL, NULL, '2022-04-08 11:50:38', '2023-01-04 08:00:57'),
(119, 1, 18, 16, 63, NULL, 45, NULL, 7, NULL, NULL, '2022-04-08 11:51:10', '2023-01-04 08:01:12'),
(120, 1, 18, 16, 64, NULL, 46, NULL, 8, NULL, NULL, '2022-04-08 11:51:32', '2023-01-04 08:01:19'),
(121, 1, 18, 22, NULL, '[\"59\",\"60\"]', NULL, '[14,17]', 1, NULL, 'TFS + MTW', '2022-04-08 11:54:47', '2022-04-08 11:54:47'),
(122, 1, 18, 22, 64, NULL, 46, NULL, 2, NULL, NULL, '2022-04-08 11:55:14', '2023-01-04 08:01:57'),
(123, 1, 18, 22, 63, NULL, 45, NULL, 3, NULL, NULL, '2022-04-08 11:55:32', '2023-01-04 08:02:04'),
(124, 1, 18, 22, 65, NULL, 27, NULL, 4, NULL, NULL, '2022-04-08 11:56:03', '2023-01-04 08:02:12'),
(125, 1, 18, 22, NULL, NULL, NULL, NULL, 5, NULL, NULL, '2022-04-08 11:56:23', '2022-04-08 11:56:23'),
(126, 1, 18, 22, 61, NULL, 47, NULL, 6, NULL, NULL, '2022-04-08 11:56:44', '2023-01-04 08:02:23'),
(127, 1, 18, 22, 62, NULL, 42, NULL, 7, NULL, NULL, '2022-04-08 11:57:00', '2023-01-04 08:02:30'),
(128, 1, 18, 22, 66, NULL, 41, NULL, 8, NULL, NULL, '2022-04-08 11:57:24', '2023-01-04 08:02:40'),
(129, 1, 13, 19, 47, NULL, 43, NULL, 1, NULL, NULL, '2022-04-08 14:39:07', '2022-12-21 05:24:31'),
(130, 1, 13, 19, 52, NULL, 47, NULL, 2, NULL, NULL, '2022-04-08 14:39:23', '2023-01-04 07:55:11'),
(131, 1, 13, 19, 48, NULL, 29, NULL, 3, NULL, NULL, '2022-04-08 14:39:38', '2023-01-04 07:55:19'),
(132, 1, 13, 19, 51, NULL, 17, NULL, 4, NULL, NULL, '2022-04-08 14:40:01', '2022-12-21 05:25:36'),
(133, 1, 24, 19, NULL, NULL, NULL, NULL, 5, NULL, NULL, '2022-04-08 14:40:21', '2022-04-08 14:40:21'),
(134, 1, 13, 19, 49, NULL, 45, NULL, 6, NULL, NULL, '2022-04-08 14:40:39', '2023-01-04 07:55:40'),
(135, 1, 13, 19, NULL, NULL, NULL, NULL, 7, 'drill', NULL, '2022-04-08 14:40:56', '2023-01-04 07:55:53'),
(136, 1, 24, 19, NULL, NULL, NULL, NULL, 8, NULL, NULL, '2022-04-08 14:41:15', '2022-04-08 14:41:15'),
(137, 1, 25, 20, 84, NULL, 40, NULL, 1, NULL, NULL, '2022-04-08 14:44:48', '2022-04-08 14:44:48'),
(138, 1, 25, 20, 85, NULL, 28, NULL, 2, NULL, NULL, '2022-04-08 14:45:02', '2022-04-08 14:45:02'),
(139, 1, 25, 20, 83, NULL, 39, NULL, 3, NULL, NULL, '2022-04-08 14:49:40', '2022-04-08 14:49:40'),
(140, 1, 25, 20, 82, NULL, 19, NULL, 4, NULL, NULL, '2022-04-08 14:50:09', '2022-04-08 14:50:09'),
(141, 1, 25, 20, NULL, NULL, NULL, NULL, 5, NULL, NULL, '2022-04-08 14:51:04', '2022-04-08 14:51:04'),
(142, 1, 25, 20, 86, NULL, 43, NULL, 6, NULL, NULL, '2022-04-08 14:51:27', '2022-12-21 07:05:11'),
(143, 1, 25, 20, 81, NULL, 17, NULL, 7, NULL, NULL, '2022-04-08 14:51:46', '2022-04-08 14:51:46'),
(144, 1, 25, 20, NULL, NULL, NULL, NULL, 8, NULL, NULL, '2022-04-08 14:52:00', '2022-04-08 14:52:00'),
(145, 1, 5, 5, 22, NULL, 22, NULL, 1, NULL, NULL, '2022-12-19 09:42:28', '2022-12-19 09:42:28'),
(146, 1, 5, 5, 19, NULL, 29, NULL, 2, NULL, NULL, '2022-12-19 09:42:57', '2023-01-04 07:50:24'),
(147, 1, 5, 5, NULL, NULL, NULL, NULL, 3, 'drill', NULL, '2022-12-19 09:43:16', '2022-12-19 09:43:16'),
(148, 1, 5, 5, 20, NULL, 22, NULL, 4, NULL, NULL, '2022-12-19 09:45:34', '2023-01-04 07:50:37'),
(149, 1, 5, 5, NULL, NULL, NULL, NULL, 5, NULL, NULL, '2022-12-19 09:46:13', '2022-12-19 09:46:25'),
(150, 1, 5, 5, 17, NULL, 18, NULL, 6, NULL, NULL, '2022-12-19 09:46:47', '2022-12-19 09:46:47'),
(151, 1, 5, 5, 18, NULL, 37, NULL, 7, NULL, NULL, '2022-12-19 09:47:11', '2023-01-04 07:51:01'),
(152, 1, 5, 5, 21, NULL, 21, NULL, 8, NULL, NULL, '2022-12-19 09:47:37', '2023-01-04 07:51:11'),
(153, 1, 13, 19, 50, NULL, 39, NULL, 8, NULL, NULL, '2023-01-04 07:56:12', '2023-01-04 07:56:12'),
(154, 1, 22, 17, 69, NULL, 46, NULL, 1, NULL, NULL, '2023-01-04 08:03:21', '2023-01-04 08:03:21'),
(155, 1, 22, 17, 74, NULL, 39, NULL, 2, NULL, NULL, '2023-01-04 08:03:39', '2023-01-04 08:03:39'),
(156, 1, 22, 17, 70, NULL, 28, NULL, 3, NULL, NULL, '2023-01-04 08:03:54', '2023-01-04 08:03:54'),
(157, 1, 22, 17, 72, NULL, 11, NULL, 4, NULL, NULL, '2023-01-04 08:04:25', '2023-01-04 08:04:25'),
(158, 1, 22, 17, NULL, NULL, NULL, NULL, 5, NULL, NULL, '2023-01-04 08:04:53', '2023-01-04 08:04:53'),
(159, 1, 22, 17, 73, NULL, 19, NULL, 6, NULL, NULL, '2023-01-04 08:05:38', '2023-01-04 08:05:38'),
(160, 1, 22, 17, 71, NULL, 27, NULL, 7, NULL, NULL, '2023-01-04 08:06:08', '2023-01-04 08:06:08'),
(161, 1, 22, 17, NULL, '[\"67\",\"68\"]', NULL, '[14,17]', 8, NULL, 'TS MTW', '2023-01-04 08:06:55', '2023-01-04 08:06:55'),
(162, 1, 22, 18, 73, NULL, 48, NULL, 1, NULL, NULL, '2023-01-04 08:07:11', '2023-01-04 08:07:11'),
(163, 1, 22, 18, 70, NULL, 28, NULL, 2, NULL, NULL, '2023-01-04 11:48:52', '2023-01-04 11:49:20'),
(164, 1, 22, 18, 69, NULL, 46, NULL, 3, NULL, NULL, '2023-01-04 11:50:00', '2023-01-04 11:50:00'),
(165, 1, 22, 18, 74, NULL, 39, NULL, 4, NULL, NULL, '2023-01-04 11:51:01', '2023-01-04 11:53:47'),
(166, 1, 22, 18, NULL, NULL, NULL, NULL, 5, NULL, NULL, '2023-01-04 11:51:31', '2023-01-04 11:54:00'),
(167, 1, 22, 18, 71, NULL, 43, NULL, 6, NULL, NULL, '2023-01-04 11:54:56', '2023-01-04 11:55:04'),
(168, 1, 22, 18, 72, NULL, 11, NULL, 7, NULL, NULL, '2023-01-04 11:55:22', '2023-01-04 11:55:22'),
(169, 1, 22, 18, NULL, '[\"67\",\"68\"]', NULL, '[14,17]', 8, NULL, 'MTW TS', '2023-01-04 11:55:54', '2023-01-04 11:55:54');

-- --------------------------------------------------------

--
-- Table structure for table `class_timetable_periods`
--

CREATE TABLE `class_timetable_periods` (
  `id` int(10) UNSIGNED NOT NULL,
  `campus_id` int(10) UNSIGNED NOT NULL,
  `name` varchar(191) COLLATE utf8mb4_unicode_ci NOT NULL,
  `start_time` time NOT NULL,
  `end_time` time NOT NULL,
  `total_time` decimal(5,2) DEFAULT NULL,
  `type` enum('prayer_time','study_period','lunch_break') COLLATE utf8mb4_unicode_ci NOT NULL DEFAULT 'study_period',
  `deleted_at` timestamp NULL DEFAULT NULL,
  `created_at` timestamp NULL DEFAULT NULL,
  `updated_at` timestamp NULL DEFAULT NULL
) ENGINE=InnoDB DEFAULT CHARSET=utf8mb4 COLLATE=utf8mb4_unicode_ci;

--
-- Dumping data for table `class_timetable_periods`
--

INSERT INTO `class_timetable_periods` (`id`, `campus_id`, `name`, `start_time`, `end_time`, `total_time`, `type`, `deleted_at`, `created_at`, `updated_at`) VALUES
(1, 1, '01', '08:45:00', '09:25:00', '40.00', 'study_period', NULL, '2022-03-19 08:16:12', '2022-03-19 08:16:12'),
(2, 1, '02', '09:25:00', '10:05:00', '40.00', 'study_period', NULL, '2022-03-19 08:20:01', '2022-03-19 08:20:01'),
(3, 1, '03', '10:05:00', '10:45:00', '40.00', 'study_period', NULL, '2022-03-19 08:20:49', '2022-03-19 11:03:31'),
(4, 1, '04', '10:45:00', '11:25:00', '40.00', 'study_period', NULL, '2022-03-19 08:21:30', '2022-03-19 08:21:30'),
(5, 1, '05', '11:25:00', '11:45:00', '20.00', 'lunch_break', NULL, '2022-03-19 08:22:23', '2022-03-19 11:48:46'),
(6, 1, '06', '11:45:00', '12:20:00', '35.00', 'study_period', NULL, '2022-03-19 08:23:55', '2022-03-19 11:48:55'),
(7, 1, '07', '12:20:00', '12:55:00', '35.00', 'study_period', NULL, '2022-03-19 08:24:33', '2022-03-19 11:49:25'),
(8, 1, '08', '12:55:00', '13:30:00', '35.00', 'study_period', NULL, '2022-03-19 08:25:07', '2022-03-19 11:49:16');

-- --------------------------------------------------------

--
-- Table structure for table `currencies`
--

CREATE TABLE `currencies` (
  `id` int(10) UNSIGNED NOT NULL,
  `country` varchar(100) COLLATE utf8mb4_unicode_ci NOT NULL,
  `currency` varchar(100) COLLATE utf8mb4_unicode_ci NOT NULL,
  `code` varchar(25) COLLATE utf8mb4_unicode_ci NOT NULL,
  `short_name` text COLLATE utf8mb4_unicode_ci DEFAULT NULL,
  `symbol` varchar(25) COLLATE utf8mb4_unicode_ci NOT NULL,
  `thousand_separator` varchar(10) COLLATE utf8mb4_unicode_ci NOT NULL,
  `decimal_separator` varchar(10) COLLATE utf8mb4_unicode_ci NOT NULL,
  `created_at` timestamp NULL DEFAULT NULL,
  `updated_at` timestamp NULL DEFAULT NULL
) ENGINE=InnoDB DEFAULT CHARSET=utf8mb4 COLLATE=utf8mb4_unicode_ci;

--
-- Dumping data for table `currencies`
--

INSERT INTO `currencies` (`id`, `country`, `currency`, `code`, `short_name`, `symbol`, `thousand_separator`, `decimal_separator`, `created_at`, `updated_at`) VALUES
(1, 'Albania', 'Leke', 'ALL', NULL, 'Lek', ',', '.', NULL, NULL),
(2, 'America', 'Dollars', 'USD', NULL, '$', ',', '.', NULL, NULL),
(3, 'Afghanistan', 'Afghanis', 'AF', NULL, '؋', ',', '.', NULL, NULL),
(4, 'Argentina', 'Pesos', 'ARS', NULL, '$', ',', '.', NULL, NULL),
(5, 'Aruba', 'Guilders', 'AWG', NULL, 'ƒ', ',', '.', NULL, NULL),
(6, 'Australia', 'Dollars', 'AUD', NULL, '$', ',', '.', NULL, NULL),
(7, 'Azerbaijan', 'New Manats', 'AZ', NULL, 'ман', ',', '.', NULL, NULL),
(8, 'Bahamas', 'Dollars', 'BSD', NULL, '$', ',', '.', NULL, NULL),
(9, 'Barbados', 'Dollars', 'BBD', NULL, '$', ',', '.', NULL, NULL),
(10, 'Belarus', 'Rubles', 'BYR', NULL, 'p.', ',', '.', NULL, NULL),
(11, 'Belgium', 'Euro', 'EUR', NULL, '€', ',', '.', NULL, NULL),
(12, 'Beliz', 'Dollars', 'BZD', NULL, 'BZ$', ',', '.', NULL, NULL),
(13, 'Bermuda', 'Dollars', 'BMD', NULL, '$', ',', '.', NULL, NULL),
(14, 'Bolivia', 'Bolivianos', 'BOB', NULL, '$b', ',', '.', NULL, NULL),
(15, 'Bosnia and Herzegovina', 'Convertible Marka', 'BAM', NULL, 'KM', ',', '.', NULL, NULL),
(16, 'Botswana', 'Pula\'s', 'BWP', NULL, 'P', ',', '.', NULL, NULL),
(17, 'Bulgaria', 'Leva', 'BG', NULL, 'лв', ',', '.', NULL, NULL),
(18, 'Brazil', 'Reais', 'BRL', NULL, 'R$', ',', '.', NULL, NULL),
(19, 'Britain [United Kingdom]', 'Pounds', 'GBP', NULL, '£', ',', '.', NULL, NULL),
(20, 'Brunei Darussalam', 'Dollars', 'BND', NULL, '$', ',', '.', NULL, NULL),
(21, 'Cambodia', 'Riels', 'KHR', NULL, '៛', ',', '.', NULL, NULL),
(22, 'Canada', 'Dollars', 'CAD', NULL, '$', ',', '.', NULL, NULL),
(23, 'Cayman Islands', 'Dollars', 'KYD', NULL, '$', ',', '.', NULL, NULL),
(24, 'Chile', 'Pesos', 'CLP', NULL, '$', ',', '.', NULL, NULL),
(25, 'China', 'Yuan Renminbi', 'CNY', NULL, '¥', ',', '.', NULL, NULL),
(26, 'Colombia', 'Pesos', 'COP', NULL, '$', ',', '.', NULL, NULL),
(27, 'Costa Rica', 'Colón', 'CRC', NULL, '₡', ',', '.', NULL, NULL),
(28, 'Croatia', 'Kuna', 'HRK', NULL, 'kn', ',', '.', NULL, NULL),
(29, 'Cuba', 'Pesos', 'CUP', NULL, '₱', ',', '.', NULL, NULL),
(30, 'Cyprus', 'Euro', 'EUR', NULL, '€', '.', ',', NULL, NULL),
(31, 'Czech Republic', 'Koruny', 'CZK', NULL, 'Kč', ',', '.', NULL, NULL),
(32, 'Denmark', 'Kroner', 'DKK', NULL, 'kr', ',', '.', NULL, NULL),
(33, 'Dominican Republic', 'Pesos', 'DOP ', NULL, 'RD$', ',', '.', NULL, NULL),
(34, 'East Caribbean', 'Dollars', 'XCD', NULL, '$', ',', '.', NULL, NULL),
(35, 'Egypt', 'Pounds', 'EGP', NULL, '£', ',', '.', NULL, NULL),
(36, 'El Salvador', 'Colones', 'SVC', NULL, '$', ',', '.', NULL, NULL),
(37, 'England [United Kingdom]', 'Pounds', 'GBP', NULL, '£', ',', '.', NULL, NULL),
(38, 'Euro', 'Euro', 'EUR', NULL, '€', '.', ',', NULL, NULL),
(39, 'Falkland Islands', 'Pounds', 'FKP', NULL, '£', ',', '.', NULL, NULL),
(40, 'Fiji', 'Dollars', 'FJD', NULL, '$', ',', '.', NULL, NULL),
(41, 'France', 'Euro', 'EUR', NULL, '€', '.', ',', NULL, NULL),
(42, 'Ghana', 'Cedis', 'GHS', NULL, '¢', ',', '.', NULL, NULL),
(43, 'Gibraltar', 'Pounds', 'GIP', NULL, '£', ',', '.', NULL, NULL),
(44, 'Greece', 'Euro', 'EUR', NULL, '€', '.', ',', NULL, NULL),
(45, 'Guatemala', 'Quetzales', 'GTQ', NULL, 'Q', ',', '.', NULL, NULL),
(46, 'Guernsey', 'Pounds', 'GGP', NULL, '£', ',', '.', NULL, NULL),
(47, 'Guyana', 'Dollars', 'GYD', NULL, '$', ',', '.', NULL, NULL),
(48, 'Holland [Netherlands]', 'Euro', 'EUR', NULL, '€', '.', ',', NULL, NULL),
(49, 'Honduras', 'Lempiras', 'HNL', NULL, 'L', ',', '.', NULL, NULL),
(50, 'Hong Kong', 'Dollars', 'HKD', NULL, '$', ',', '.', NULL, NULL),
(51, 'Hungary', 'Forint', 'HUF', NULL, 'Ft', ',', '.', NULL, NULL),
(52, 'Iceland', 'Kronur', 'ISK', NULL, 'kr', ',', '.', NULL, NULL),
(53, 'India', 'Rupees', 'INR', NULL, '₹', ',', '.', NULL, NULL),
(54, 'Indonesia', 'Rupiahs', 'IDR', NULL, 'Rp', ',', '.', NULL, NULL),
(55, 'Iran', 'Rials', 'IRR', NULL, '﷼', ',', '.', NULL, NULL),
(56, 'Ireland', 'Euro', 'EUR', NULL, '€', '.', ',', NULL, NULL),
(57, 'Isle of Man', 'Pounds', 'IMP', NULL, '£', ',', '.', NULL, NULL),
(58, 'Israel', 'New Shekels', 'ILS', NULL, '₪', ',', '.', NULL, NULL),
(59, 'Italy', 'Euro', 'EUR', NULL, '€', '.', ',', NULL, NULL),
(60, 'Jamaica', 'Dollars', 'JMD', NULL, 'J$', ',', '.', NULL, NULL),
(61, 'Japan', 'Yen', 'JPY', NULL, '¥', ',', '.', NULL, NULL),
(62, 'Jersey', 'Pounds', 'JEP', NULL, '£', ',', '.', NULL, NULL),
(63, 'Kazakhstan', 'Tenge', 'KZT', NULL, 'лв', ',', '.', NULL, NULL),
(64, 'Korea [North]', 'Won', 'KPW', NULL, '₩', ',', '.', NULL, NULL),
(65, 'Korea [South]', 'Won', 'KRW', NULL, '₩', ',', '.', NULL, NULL),
(66, 'Kyrgyzstan', 'Soms', 'KGS', NULL, 'лв', ',', '.', NULL, NULL),
(67, 'Laos', 'Kips', 'LAK', NULL, '₭', ',', '.', NULL, NULL),
(68, 'Latvia', 'Lati', 'LVL', NULL, 'Ls', ',', '.', NULL, NULL),
(69, 'Lebanon', 'Pounds', 'LBP', NULL, '£', ',', '.', NULL, NULL),
(70, 'Liberia', 'Dollars', 'LRD', NULL, '$', ',', '.', NULL, NULL),
(71, 'Liechtenstein', 'Switzerland Francs', 'CHF', NULL, 'CHF', ',', '.', NULL, NULL),
(72, 'Lithuania', 'Litai', 'LTL', NULL, 'Lt', ',', '.', NULL, NULL),
(73, 'Luxembourg', 'Euro', 'EUR', NULL, '€', '.', ',', NULL, NULL),
(74, 'Macedonia', 'Denars', 'MKD', NULL, 'ден', ',', '.', NULL, NULL),
(75, 'Malaysia', 'Ringgits', 'MYR', NULL, 'RM', ',', '.', NULL, NULL),
(76, 'Malta', 'Euro', 'EUR', NULL, '€', '.', ',', NULL, NULL),
(77, 'Mauritius', 'Rupees', 'MUR', NULL, '₨', ',', '.', NULL, NULL),
(78, 'Mexico', 'Pesos', 'MXN', NULL, '$', ',', '.', NULL, NULL),
(79, 'Mongolia', 'Tugriks', 'MNT', NULL, '₮', ',', '.', NULL, NULL),
(80, 'Mozambique', 'Meticais', 'MZ', NULL, 'MT', ',', '.', NULL, NULL),
(81, 'Namibia', 'Dollars', 'NAD', NULL, '$', ',', '.', NULL, NULL),
(82, 'Nepal', 'Rupees', 'NPR', NULL, '₨', ',', '.', NULL, NULL),
(83, 'Netherlands Antilles', 'Guilders', 'ANG', NULL, 'ƒ', ',', '.', NULL, NULL),
(84, 'Netherlands', 'Euro', 'EUR', NULL, '€', '.', ',', NULL, NULL),
(85, 'New Zealand', 'Dollars', 'NZD', NULL, '$', ',', '.', NULL, NULL),
(86, 'Nicaragua', 'Cordobas', 'NIO', NULL, 'C$', ',', '.', NULL, NULL),
(87, 'Nigeria', 'Nairas', 'NGN', NULL, '₦', ',', '.', NULL, NULL),
(88, 'North Korea', 'Won', 'KPW', NULL, '₩', ',', '.', NULL, NULL),
(89, 'Norway', 'Krone', 'NOK', NULL, 'kr', ',', '.', NULL, NULL),
(90, 'Oman', 'Rials', 'OMR', NULL, '﷼', ',', '.', NULL, NULL),
(91, 'Pakistan', 'Rupees', 'PKR', NULL, '₨', ',', '.', NULL, NULL),
(92, 'Panama', 'Balboa', 'PAB', NULL, 'B/.', ',', '.', NULL, NULL),
(93, 'Paraguay', 'Guarani', 'PYG', NULL, 'Gs', ',', '.', NULL, NULL),
(94, 'Peru', 'Nuevos Soles', 'PE', NULL, 'S/.', ',', '.', NULL, NULL),
(95, 'Philippines', 'Pesos', 'PHP', NULL, 'Php', ',', '.', NULL, NULL),
(96, 'Poland', 'Zlotych', 'PL', NULL, 'zł', ',', '.', NULL, NULL),
(97, 'Qatar', 'Rials', 'QAR', NULL, '﷼', ',', '.', NULL, NULL),
(98, 'Romania', 'New Lei', 'RO', NULL, 'lei', ',', '.', NULL, NULL),
(99, 'Russia', 'Rubles', 'RUB', NULL, 'руб', ',', '.', NULL, NULL),
(100, 'Saint Helena', 'Pounds', 'SHP', NULL, '£', ',', '.', NULL, NULL),
(101, 'Saudi Arabia', 'Riyals', 'SAR', NULL, '﷼', ',', '.', NULL, NULL),
(102, 'Serbia', 'Dinars', 'RSD', NULL, 'Дин.', ',', '.', NULL, NULL),
(103, 'Seychelles', 'Rupees', 'SCR', NULL, '₨', ',', '.', NULL, NULL),
(104, 'Singapore', 'Dollars', 'SGD', NULL, '$', ',', '.', NULL, NULL),
(105, 'Slovenia', 'Euro', 'EUR', NULL, '€', '.', ',', NULL, NULL),
(106, 'Solomon Islands', 'Dollars', 'SBD', NULL, '$', ',', '.', NULL, NULL),
(107, 'Somalia', 'Shillings', 'SOS', NULL, 'S', ',', '.', NULL, NULL),
(108, 'South Africa', 'Rand', 'ZAR', NULL, 'R', ',', '.', NULL, NULL),
(109, 'South Korea', 'Won', 'KRW', NULL, '₩', ',', '.', NULL, NULL),
(110, 'Spain', 'Euro', 'EUR', NULL, '€', '.', ',', NULL, NULL),
(111, 'Sri Lanka', 'Rupees', 'LKR', NULL, '₨', ',', '.', NULL, NULL),
(112, 'Sweden', 'Kronor', 'SEK', NULL, 'kr', ',', '.', NULL, NULL),
(113, 'Switzerland', 'Francs', 'CHF', NULL, 'CHF', ',', '.', NULL, NULL),
(114, 'Suriname', 'Dollars', 'SRD', NULL, '$', ',', '.', NULL, NULL),
(115, 'Syria', 'Pounds', 'SYP', NULL, '£', ',', '.', NULL, NULL),
(116, 'Taiwan', 'New Dollars', 'TWD', NULL, 'NT$', ',', '.', NULL, NULL),
(117, 'Thailand', 'Baht', 'THB', NULL, '฿', ',', '.', NULL, NULL),
(118, 'Trinidad and Tobago', 'Dollars', 'TTD', NULL, 'TT$', ',', '.', NULL, NULL),
(119, 'Turkey', 'Lira', 'TRY', NULL, 'TL', ',', '.', NULL, NULL),
(120, 'Turkey', 'Liras', 'TRL', NULL, '£', ',', '.', NULL, NULL),
(121, 'Tuvalu', 'Dollars', 'TVD', NULL, '$', ',', '.', NULL, NULL),
(122, 'Ukraine', 'Hryvnia', 'UAH', NULL, '₴', ',', '.', NULL, NULL),
(123, 'United Kingdom', 'Pounds', 'GBP', NULL, '£', ',', '.', NULL, NULL),
(124, 'United States of America', 'Dollars', 'USD', NULL, '$', ',', '.', NULL, NULL),
(125, 'Uruguay', 'Pesos', 'UYU', NULL, '$U', ',', '.', NULL, NULL),
(126, 'Uzbekistan', 'Sums', 'UZS', NULL, 'лв', ',', '.', NULL, NULL),
(127, 'Vatican City', 'Euro', 'EUR', NULL, '€', '.', ',', NULL, NULL),
(128, 'Venezuela', 'Bolivares Fuertes', 'VEF', NULL, 'Bs', ',', '.', NULL, NULL),
(129, 'Vietnam', 'Dong', 'VND', NULL, '₫', ',', '.', NULL, NULL),
(130, 'Yemen', 'Rials', 'YER', NULL, '﷼', ',', '.', NULL, NULL),
(131, 'Zimbabwe', 'Zimbabwe Dollars', 'ZWD', NULL, 'Z$', ',', '.', NULL, NULL),
(132, 'Iraq', 'Iraqi dinar', 'IQD', NULL, 'د.ع', ',', '.', NULL, NULL),
(133, 'Kenya', 'Kenyan shilling', 'KES', NULL, 'KSh', ',', '.', NULL, NULL),
(134, 'Bangladesh', 'Taka', 'BDT', NULL, '৳', ',', '.', NULL, NULL),
(135, 'Algerie', 'Algerian dinar', 'DZD', NULL, 'د.ج', ' ', '.', NULL, NULL),
(136, 'United Arab Emirates', 'United Arab Emirates dirham', 'AED', NULL, 'د.إ', ',', '.', NULL, NULL),
(137, 'Uganda', 'Uganda shillings', 'UGX', NULL, 'USh', ',', '.', NULL, NULL),
(138, 'Tanzania', 'Tanzanian shilling', 'TZS', NULL, 'TSh', ',', '.', NULL, NULL),
(139, 'Angola', 'Kwanza', 'AOA', NULL, 'Kz', ',', '.', NULL, NULL),
(140, 'Kuwait', 'Kuwaiti dinar', 'KWD', NULL, 'KD', ',', '.', NULL, NULL),
(141, 'Bahrain', 'Bahraini dinar', 'BHD', NULL, 'BD', ',', '.', NULL, NULL);

-- --------------------------------------------------------

--
-- Table structure for table `designations`
--

CREATE TABLE `designations` (
  `id` int(10) UNSIGNED NOT NULL,
  `title` varchar(60) COLLATE utf8mb4_unicode_ci DEFAULT NULL,
  `system_settings_id` int(10) UNSIGNED NOT NULL,
  `deleted_at` timestamp NULL DEFAULT NULL,
  `created_at` timestamp NULL DEFAULT NULL,
  `updated_at` timestamp NULL DEFAULT NULL
) ENGINE=InnoDB DEFAULT CHARSET=utf8mb4 COLLATE=utf8mb4_unicode_ci;

-- --------------------------------------------------------

--
-- Table structure for table `discounts`
--

CREATE TABLE `discounts` (
  `id` int(10) UNSIGNED NOT NULL,
  `discount_name` varchar(191) COLLATE utf8mb4_unicode_ci NOT NULL,
  `system_settings_id` int(10) UNSIGNED NOT NULL,
  `campus_id` int(10) UNSIGNED DEFAULT NULL,
  `discount_type` varchar(191) COLLATE utf8mb4_unicode_ci DEFAULT NULL,
  `discount_amount` decimal(22,4) NOT NULL DEFAULT 0.0000,
  `created_by` int(10) UNSIGNED NOT NULL,
  `deleted_at` timestamp NULL DEFAULT NULL,
  `created_at` timestamp NULL DEFAULT NULL,
  `updated_at` timestamp NULL DEFAULT NULL
) ENGINE=InnoDB DEFAULT CHARSET=utf8mb4 COLLATE=utf8mb4_unicode_ci;

--
-- Dumping data for table `discounts`
--

INSERT INTO `discounts` (`id`, `discount_name`, `system_settings_id`, `campus_id`, `discount_type`, `discount_amount`, `created_by`, `deleted_at`, `created_at`, `updated_at`) VALUES
(1, '100% Dis', 1, 1, 'percentage', '100.0000', 1, NULL, '2022-01-19 10:06:50', '2022-01-19 10:16:48'),
(2, 'Rs 100', 1, 1, 'fixed', '100.0000', 1, NULL, '2022-01-19 10:16:04', '2022-01-19 10:16:04');

-- --------------------------------------------------------

--
-- Table structure for table `districts`
--

CREATE TABLE `districts` (
  `id` int(10) UNSIGNED NOT NULL,
  `name` varchar(191) COLLATE utf8mb4_unicode_ci NOT NULL,
  `country_id` int(10) UNSIGNED NOT NULL,
  `province_id` int(10) UNSIGNED NOT NULL,
  `system_settings_id` int(10) UNSIGNED NOT NULL,
  `created_by` int(10) UNSIGNED NOT NULL,
  `deleted_at` timestamp NULL DEFAULT NULL,
  `created_at` timestamp NULL DEFAULT NULL,
  `updated_at` timestamp NULL DEFAULT NULL
) ENGINE=InnoDB DEFAULT CHARSET=utf8mb4 COLLATE=utf8mb4_unicode_ci;

--
-- Dumping data for table `districts`
--

INSERT INTO `districts` (`id`, `name`, `country_id`, `province_id`, `system_settings_id`, `created_by`, `deleted_at`, `created_at`, `updated_at`) VALUES
(1, 'Swat', 91, 1, 1, 1, NULL, '2021-10-23 18:12:16', '2021-10-23 18:12:16');

-- --------------------------------------------------------

--
-- Table structure for table `exam_allocations`
--

CREATE TABLE `exam_allocations` (
  `id` int(10) UNSIGNED NOT NULL,
  `exam_create_id` int(10) UNSIGNED NOT NULL,
  `session_id` int(10) UNSIGNED NOT NULL,
  `campus_id` int(10) UNSIGNED NOT NULL,
  `class_id` int(10) UNSIGNED NOT NULL,
  `class_section_id` int(10) UNSIGNED NOT NULL,
  `student_id` int(10) UNSIGNED NOT NULL,
  `roll_type` enum('default_roll_no','custom_roll_no') COLLATE utf8mb4_unicode_ci NOT NULL,
  `exam_roll_no` varchar(191) COLLATE utf8mb4_unicode_ci DEFAULT NULL,
  `total_mark` decimal(22,4) NOT NULL DEFAULT 0.0000,
  `obtain_mark` decimal(22,4) NOT NULL DEFAULT 0.0000,
  `final_percentage` decimal(22,4) NOT NULL DEFAULT 0.0000,
  `grade_id` int(10) UNSIGNED DEFAULT NULL,
  `remark` varchar(191) COLLATE utf8mb4_unicode_ci DEFAULT NULL,
  `class_position` int(10) UNSIGNED DEFAULT NULL,
  `class_section_position` int(10) UNSIGNED DEFAULT NULL,
  `merit_rank_in_school` int(10) UNSIGNED DEFAULT NULL,
  `created_at` timestamp NULL DEFAULT NULL,
  `updated_at` timestamp NULL DEFAULT NULL
) ENGINE=InnoDB DEFAULT CHARSET=utf8mb4 COLLATE=utf8mb4_unicode_ci;

--
-- Dumping data for table `exam_allocations`
--

INSERT INTO `exam_allocations` (`id`, `exam_create_id`, `session_id`, `campus_id`, `class_id`, `class_section_id`, `student_id`, `roll_type`, `exam_roll_no`, `total_mark`, `obtain_mark`, `final_percentage`, `grade_id`, `remark`, `class_position`, `class_section_position`, `merit_rank_in_school`, `created_at`, `updated_at`) VALUES
(1, 1, 1, 1, 2, 1, 1, 'default_roll_no', NULL, '300.0000', '0.0000', '0.0000', 6, 'Fail', 19, 19, 678, '2022-04-27 06:12:20', '2023-01-16 07:42:56'),
(2, 1, 1, 1, 2, 1, 635, 'default_roll_no', NULL, '300.0000', '285.0000', '95.0000', 1, 'Outstanding', 3, 3, 44, '2022-04-27 06:12:20', '2023-01-16 07:42:56'),
(3, 1, 1, 1, 2, 1, 645, 'default_roll_no', NULL, '300.0000', '285.0000', '95.0000', 1, 'Outstanding', 3, 3, 44, '2022-04-27 06:12:20', '2023-01-16 07:42:56'),
(4, 1, 1, 1, 2, 1, 646, 'default_roll_no', NULL, '300.0000', '270.0000', '90.0000', 1, 'Outstanding', 6, 6, 87, '2022-04-27 06:12:20', '2023-01-16 07:42:56'),
(5, 1, 1, 1, 2, 1, 647, 'default_roll_no', NULL, '300.0000', '263.0000', '87.6667', 1, 'Outstanding', 10, 10, 110, '2022-04-27 06:12:20', '2023-01-16 07:42:56'),
(6, 1, 1, 1, 2, 1, 648, 'default_roll_no', NULL, '300.0000', '0.0000', '0.0000', 6, 'Fail', 19, 19, 678, '2022-04-27 06:12:20', '2023-01-16 07:42:56'),
(7, 1, 1, 1, 2, 1, 649, 'default_roll_no', NULL, '300.0000', '268.0000', '89.3333', 1, 'Outstanding', 7, 7, 94, '2022-04-27 06:12:20', '2023-01-16 07:42:56'),
(8, 1, 1, 1, 2, 1, 650, 'default_roll_no', NULL, '300.0000', '267.0000', '89.0000', 1, 'Outstanding', 8, 8, 98, '2022-04-27 06:12:20', '2023-01-16 07:42:56'),
(9, 1, 1, 1, 2, 1, 659, 'default_roll_no', NULL, '300.0000', '291.0000', '97.0000', 1, 'Outstanding', 2, 2, 26, '2022-04-27 06:12:20', '2023-01-16 07:42:56'),
(10, 1, 1, 1, 2, 1, 663, 'default_roll_no', NULL, '300.0000', '266.0000', '88.6667', 1, 'Outstanding', 9, 9, 103, '2022-04-27 06:12:20', '2023-01-16 07:42:56'),
(11, 1, 1, 1, 2, 1, 666, 'default_roll_no', NULL, '300.0000', '212.0000', '70.6667', 2, 'Excellent', 15, 15, 249, '2022-04-27 06:12:20', '2023-01-16 07:42:56'),
(12, 1, 1, 1, 2, 1, 677, 'default_roll_no', NULL, '300.0000', '0.0000', '0.0000', 6, 'Fail', 19, 19, 678, '2022-04-27 06:12:20', '2023-01-16 07:42:56'),
(13, 1, 1, 1, 2, 1, 685, 'default_roll_no', NULL, '300.0000', '274.0000', '91.3333', 1, 'Outstanding', 5, 5, 76, '2022-04-27 06:12:20', '2023-01-16 07:42:56'),
(14, 1, 1, 1, 2, 1, 689, 'default_roll_no', NULL, '300.0000', '278.0000', '92.6667', 1, 'Outstanding', 4, 4, 65, '2022-04-27 06:12:20', '2023-01-16 07:42:56'),
(15, 1, 1, 1, 2, 1, 690, 'default_roll_no', NULL, '300.0000', '0.0000', '0.0000', 6, 'Fail', 19, 19, 678, '2022-04-27 06:12:20', '2023-01-16 07:42:56'),
(16, 1, 1, 1, 2, 1, 691, 'default_roll_no', NULL, '300.0000', '235.0000', '78.3333', 2, 'Excellent', 14, 14, 191, '2022-04-27 06:12:20', '2023-01-16 07:42:56'),
(17, 1, 1, 1, 2, 1, 692, 'default_roll_no', NULL, '300.0000', '247.0000', '82.3333', 1, 'Outstanding', 12, 12, 157, '2022-04-27 06:12:20', '2023-01-16 07:42:56'),
(18, 1, 1, 1, 2, 1, 700, 'default_roll_no', NULL, '300.0000', '268.0000', '89.3333', 1, 'Outstanding', 7, 7, 94, '2022-04-27 06:12:21', '2023-01-16 07:42:56'),
(19, 1, 1, 1, 2, 1, 704, 'default_roll_no', NULL, '300.0000', '207.0000', '69.0000', 3, 'Very Good', 16, 16, 262, '2022-04-27 06:12:21', '2023-01-16 07:42:56'),
(20, 1, 1, 1, 2, 1, 708, 'default_roll_no', NULL, '300.0000', '0.0000', '0.0000', 6, 'Fail', 19, 19, 678, '2022-04-27 06:12:21', '2023-01-16 07:42:56'),
(21, 1, 1, 1, 2, 1, 724, 'default_roll_no', NULL, '300.0000', '300.0000', '100.0000', 1, 'Outstanding', 1, 1, 1, '2022-04-27 06:12:21', '2023-01-16 07:42:56'),
(22, 1, 1, 1, 2, 1, 725, 'default_roll_no', NULL, '300.0000', '241.0000', '80.3333', 1, 'Outstanding', 13, 13, 176, '2022-04-27 06:12:21', '2023-01-16 07:42:56'),
(23, 1, 1, 1, 2, 1, 726, 'default_roll_no', NULL, '300.0000', '158.0000', '52.6667', 4, 'Good', 18, 18, 406, '2022-04-27 06:12:21', '2023-01-16 07:42:56'),
(24, 1, 1, 1, 2, 1, 727, 'default_roll_no', NULL, '300.0000', '171.0000', '57.0000', 4, 'Good', 17, 17, 367, '2022-04-27 06:12:21', '2023-01-16 07:42:56'),
(25, 1, 1, 1, 3, 2, 2, 'default_roll_no', NULL, '300.0000', '284.0000', '94.6667', 1, 'Outs Standing', 8, 8, 48, '2022-04-27 06:12:21', '2023-01-16 07:42:55'),
(26, 1, 1, 1, 3, 2, 4, 'default_roll_no', NULL, '300.0000', '295.0000', '98.3333', 1, 'Outs Standing', 3, 3, 12, '2022-04-27 06:12:21', '2023-01-16 07:42:55'),
(27, 1, 1, 1, 3, 2, 5, 'default_roll_no', NULL, '300.0000', '173.0000', '57.6667', 4, 'Good', 23, 23, 362, '2022-04-27 06:12:21', '2023-01-16 07:42:55'),
(28, 1, 1, 1, 3, 2, 6, 'default_roll_no', NULL, '300.0000', '160.0000', '53.3333', 4, 'Good', 24, 24, 400, '2022-04-27 06:12:21', '2023-01-16 07:42:56'),
(29, 1, 1, 1, 3, 2, 7, 'default_roll_no', NULL, '300.0000', '278.0000', '92.6667', 1, 'Outs Standing', 12, 12, 65, '2022-04-27 06:12:21', '2023-01-16 07:42:55'),
(30, 1, 1, 1, 3, 2, 8, 'default_roll_no', NULL, '300.0000', '259.0000', '86.3333', 1, 'Outs Standing', 16, 16, 124, '2022-04-27 06:12:21', '2023-01-16 07:42:55'),
(31, 1, 1, 1, 3, 2, 10, 'default_roll_no', NULL, '300.0000', '298.0000', '99.3333', 1, 'Outs Standing', 2, 2, 5, '2022-04-27 06:12:21', '2023-01-16 07:42:55'),
(32, 1, 1, 1, 3, 2, 11, 'default_roll_no', NULL, '300.0000', '279.0000', '93.0000', 1, 'Outs Standing', 11, 11, 62, '2022-04-27 06:12:21', '2023-01-16 07:42:55'),
(33, 1, 1, 1, 3, 2, 12, 'default_roll_no', NULL, '300.0000', '290.0000', '96.6667', 1, 'Outs Standing', 4, 4, 29, '2022-04-27 06:12:21', '2023-01-16 07:42:55'),
(34, 1, 1, 1, 3, 2, 13, 'default_roll_no', NULL, '300.0000', '288.0000', '96.0000', 1, 'Outs Standing', 6, 6, 35, '2022-04-27 06:12:21', '2023-01-16 07:42:55'),
(35, 1, 1, 1, 3, 2, 14, 'default_roll_no', NULL, '300.0000', '235.0000', '78.3333', 2, 'Excellent', 19, 19, 191, '2022-04-27 06:12:21', '2023-01-16 07:42:55'),
(36, 1, 1, 1, 3, 2, 15, 'default_roll_no', NULL, '300.0000', '289.0000', '96.3333', 1, 'Outs Standing', 5, 5, 32, '2022-04-27 06:12:21', '2023-01-16 07:42:55'),
(37, 1, 1, 1, 3, 2, 16, 'default_roll_no', NULL, '300.0000', '252.0000', '84.0000', 1, 'Outs Standing', 18, 18, 143, '2022-04-27 06:12:21', '2023-01-16 07:42:55'),
(38, 1, 1, 1, 3, 2, 17, 'default_roll_no', NULL, '300.0000', '203.0000', '67.6667', 3, 'Very Good', 21, 21, 273, '2022-04-27 06:12:21', '2023-01-16 07:42:55'),
(39, 1, 1, 1, 3, 2, 18, 'default_roll_no', NULL, '300.0000', '193.0000', '64.3333', 3, 'Very Good', 22, 22, 297, '2022-04-27 06:12:21', '2023-01-16 07:42:55'),
(40, 1, 1, 1, 3, 2, 19, 'default_roll_no', NULL, '300.0000', '300.0000', '100.0000', 1, 'Outs Standing', 1, 1, 1, '2022-04-27 06:12:21', '2023-01-16 07:42:55'),
(41, 1, 1, 1, 3, 2, 20, 'default_roll_no', NULL, '300.0000', '144.0000', '48.0000', 5, 'Fair', 25, 25, 449, '2022-04-27 06:12:21', '2023-01-16 07:42:56'),
(42, 1, 1, 1, 3, 2, 22, 'default_roll_no', NULL, '300.0000', '295.0000', '98.3333', 1, 'Outs Standing', 3, 3, 12, '2022-04-27 06:12:21', '2023-01-16 07:42:55'),
(43, 1, 1, 1, 3, 2, 23, 'default_roll_no', NULL, '300.0000', '273.0000', '91.0000', 1, 'Outs Standing', 14, 14, 79, '2022-04-27 06:12:21', '2023-01-16 07:42:55'),
(44, 1, 1, 1, 3, 2, 24, 'default_roll_no', NULL, '300.0000', '282.0000', '94.0000', 1, 'Outs Standing', 10, 10, 55, '2022-04-27 06:12:21', '2023-01-16 07:42:55'),
(45, 1, 1, 1, 3, 2, 25, 'default_roll_no', NULL, '300.0000', '268.0000', '89.3333', 1, 'Outs Standing', 15, 15, 94, '2022-04-27 06:12:21', '2023-01-16 07:42:55'),
(46, 1, 1, 1, 3, 2, 26, 'default_roll_no', NULL, '300.0000', '286.0000', '95.3333', 1, 'Outs Standing', 7, 7, 41, '2022-04-27 06:12:21', '2023-01-16 07:42:55'),
(47, 1, 1, 1, 3, 2, 27, 'default_roll_no', NULL, '300.0000', '295.0000', '98.3333', 1, 'Outs Standing', 3, 3, 12, '2022-04-27 06:12:21', '2023-01-16 07:42:55'),
(48, 1, 1, 1, 3, 2, 28, 'default_roll_no', NULL, '300.0000', '275.0000', '91.6667', 1, 'Outs Standing', 13, 13, 74, '2022-04-27 06:12:21', '2023-01-16 07:42:55'),
(49, 1, 1, 1, 3, 2, 29, 'default_roll_no', NULL, '300.0000', '278.0000', '92.6667', 1, 'Outs Standing', 12, 12, 65, '2022-04-27 06:12:21', '2023-01-16 07:42:55'),
(50, 1, 1, 1, 3, 2, 30, 'default_roll_no', NULL, '300.0000', '231.0000', '77.0000', 2, 'Excellent', 20, 20, 201, '2022-04-27 06:12:21', '2023-01-16 07:42:55'),
(51, 1, 1, 1, 3, 2, 631, 'default_roll_no', NULL, '300.0000', '283.0000', '94.3333', 1, 'Outs Standing', 9, 9, 51, '2022-04-27 06:12:21', '2023-01-16 07:42:55'),
(52, 1, 1, 1, 3, 2, 664, 'default_roll_no', NULL, '300.0000', '268.0000', '89.3333', 1, 'Outs Standing', 15, 15, 94, '2022-04-27 06:12:21', '2023-01-16 07:42:55'),
(53, 1, 1, 1, 3, 2, 670, 'default_roll_no', NULL, '300.0000', '254.0000', '84.6667', 1, 'Outs Standing', 17, 17, 137, '2022-04-27 06:12:21', '2023-01-16 07:42:55'),
(54, 1, 1, 1, 4, 3, 36, 'default_roll_no', NULL, '600.0000', '571.0000', '95.1667', 1, 'Outs Standing', 12, 12, 43, '2022-04-27 06:12:21', '2023-01-16 07:42:55'),
(55, 1, 1, 1, 4, 3, 37, 'default_roll_no', NULL, '600.0000', '539.0000', '89.8333', 1, 'Outs Standing', 18, 18, 88, '2022-04-27 06:12:21', '2023-01-16 07:42:55'),
(56, 1, 1, 1, 4, 3, 38, 'default_roll_no', NULL, '600.0000', '586.0000', '97.6667', 1, 'Outs Standing', 7, 7, 19, '2022-04-27 06:12:21', '2023-01-16 07:42:55'),
(57, 1, 1, 1, 4, 3, 39, 'default_roll_no', NULL, '600.0000', '482.0000', '80.3333', 1, 'Outs Standing', 25, 25, 176, '2022-04-27 06:12:21', '2023-01-16 07:42:55'),
(58, 1, 1, 1, 4, 3, 40, 'default_roll_no', NULL, '600.0000', '585.0000', '97.5000', 1, 'Outs Standing', 8, 8, 21, '2022-04-27 06:12:21', '2023-01-16 07:42:55'),
(59, 1, 1, 1, 4, 3, 41, 'default_roll_no', NULL, '600.0000', '579.0000', '96.5000', 1, 'Outs Standing', 9, 9, 30, '2022-04-27 06:12:21', '2023-01-16 07:42:55'),
(60, 1, 1, 1, 4, 3, 42, 'default_roll_no', NULL, '600.0000', '587.0000', '97.8333', 1, 'Outs Standing', 6, 6, 17, '2022-04-27 06:12:21', '2022-05-18 06:32:42'),
(61, 1, 1, 1, 4, 3, 43, 'default_roll_no', NULL, '600.0000', '494.0000', '82.3333', 1, 'Outs Standing', 23, 23, 157, '2022-04-27 06:12:21', '2023-01-16 07:42:55'),
(62, 1, 1, 1, 4, 3, 44, 'default_roll_no', NULL, '600.0000', '590.0000', '98.3333', 1, 'Outs Standing', 4, 4, 12, '2022-04-27 06:12:21', '2023-01-16 07:42:55'),
(63, 1, 1, 1, 4, 3, 45, 'default_roll_no', NULL, '600.0000', '594.0000', '99.0000', 1, 'Outs Standing', 3, 3, 7, '2022-04-27 06:12:21', '2023-01-16 07:42:55'),
(64, 1, 1, 1, 4, 3, 46, 'default_roll_no', NULL, '600.0000', '411.0000', '68.5000', 3, 'Very Good', 29, 29, 266, '2022-04-27 06:12:21', '2023-01-16 07:42:55'),
(65, 1, 1, 1, 4, 3, 47, 'default_roll_no', NULL, '600.0000', '544.0000', '90.6667', 1, 'Outs Standing', 17, 17, 82, '2022-04-27 06:12:21', '2023-01-16 07:42:55'),
(66, 1, 1, 1, 4, 3, 48, 'default_roll_no', NULL, '600.0000', '386.0000', '64.3333', 3, 'Very Good', 30, 30, 297, '2022-04-27 06:12:21', '2023-01-16 07:42:55'),
(67, 1, 1, 1, 4, 3, 50, 'default_roll_no', NULL, '600.0000', '437.0000', '72.8333', 2, 'Excellent', 27, 27, 229, '2022-04-27 06:12:21', '2023-01-16 07:42:55'),
(68, 1, 1, 1, 4, 3, 51, 'default_roll_no', NULL, '600.0000', '517.0000', '86.1667', 1, 'Outs Standing', 22, 22, 126, '2022-04-27 06:12:21', '2023-01-16 07:42:55'),
(69, 1, 1, 1, 4, 3, 52, 'default_roll_no', NULL, '600.0000', '559.0000', '93.1667', 1, 'Outs Standing', 14, 14, 61, '2022-04-27 06:12:21', '2023-01-16 07:42:55'),
(70, 1, 1, 1, 4, 3, 53, 'default_roll_no', NULL, '600.0000', '523.0000', '87.1667', 1, 'Outs Standing', 21, 21, 115, '2022-04-27 06:12:21', '2023-01-16 07:42:55'),
(71, 1, 1, 1, 4, 3, 54, 'default_roll_no', NULL, '600.0000', '556.0000', '92.6667', 1, 'Outs Standing', 15, 15, 65, '2022-04-27 06:12:21', '2023-01-16 07:42:55'),
(72, 1, 1, 1, 4, 3, 55, 'default_roll_no', NULL, '600.0000', '574.0000', '95.6667', 1, 'Outs Standing', 10, 10, 38, '2022-04-27 06:12:21', '2023-01-16 07:42:55'),
(73, 1, 1, 1, 4, 3, 56, 'default_roll_no', NULL, '600.0000', '595.0000', '99.1667', 1, 'Outs Standing', 2, 2, 6, '2022-04-27 06:12:21', '2023-01-16 07:42:55'),
(74, 1, 1, 1, 4, 3, 57, 'default_roll_no', NULL, '600.0000', '429.0000', '71.5000', 2, 'Excellent', 28, 28, 239, '2022-04-27 06:12:21', '2023-01-16 07:42:55'),
(75, 1, 1, 1, 4, 3, 58, 'default_roll_no', NULL, '600.0000', '572.0000', '95.3333', 1, 'Outs Standing', 11, 11, 41, '2022-04-27 06:12:21', '2023-01-16 07:42:55'),
(76, 1, 1, 1, 4, 3, 59, 'default_roll_no', NULL, '600.0000', '381.0000', '63.5000', 3, 'Very Good', 31, 31, 303, '2022-04-27 06:12:21', '2023-01-16 07:42:55'),
(77, 1, 1, 1, 4, 3, 60, 'default_roll_no', NULL, '600.0000', '267.0000', '44.5000', 5, 'Fair', 34, 34, 479, '2022-04-27 06:12:21', '2023-01-16 07:42:56'),
(78, 1, 1, 1, 4, 3, 61, 'default_roll_no', NULL, '600.0000', '565.0000', '94.1667', 1, 'Outs Standing', 13, 13, 54, '2022-04-27 06:12:21', '2023-01-16 07:42:55'),
(79, 1, 1, 1, 4, 3, 62, 'default_roll_no', NULL, '600.0000', '453.0000', '75.5000', 2, 'Excellent', 26, 26, 212, '2022-04-27 06:12:21', '2023-01-16 07:42:55'),
(80, 1, 1, 1, 4, 3, 63, 'default_roll_no', NULL, '600.0000', '234.0000', '39.0000', 6, 'Fail', 35, 35, 529, '2022-04-27 06:12:21', '2023-01-16 07:42:56'),
(81, 1, 1, 1, 4, 3, 64, 'default_roll_no', NULL, '600.0000', '587.0000', '97.8333', 1, 'Outs Standing', 6, 6, 17, '2022-04-27 06:12:21', '2022-05-18 06:32:42'),
(82, 1, 1, 1, 4, 3, 65, 'default_roll_no', NULL, '600.0000', '346.0000', '57.6667', 4, 'Good', 33, 33, 362, '2022-04-27 06:12:21', '2023-01-16 07:42:55'),
(83, 1, 1, 1, 4, 3, 66, 'default_roll_no', NULL, '600.0000', '589.0000', '98.1667', 1, 'Outs Standing', 5, 5, 14, '2022-04-27 06:12:21', '2023-01-16 07:42:55'),
(84, 1, 1, 1, 4, 3, 67, 'default_roll_no', NULL, '600.0000', '524.0000', '87.3333', 1, 'Outs Standing', 20, 20, 112, '2022-04-27 06:12:21', '2023-01-16 07:42:55'),
(85, 1, 1, 1, 4, 3, 68, 'default_roll_no', NULL, '600.0000', '550.0000', '91.6667', 1, 'Outs Standing', 16, 16, 74, '2022-04-27 06:12:21', '2023-01-16 07:42:55'),
(86, 1, 1, 1, 4, 3, 69, 'default_roll_no', NULL, '600.0000', '526.0000', '87.6667', 1, 'Outs Standing', 19, 19, 110, '2022-04-27 06:12:21', '2023-01-16 07:42:55'),
(87, 1, 1, 1, 4, 3, 70, 'default_roll_no', NULL, '600.0000', '488.0000', '81.3333', 1, 'Outs Standing', 24, 24, 165, '2022-04-27 06:12:21', '2023-01-16 07:42:55'),
(88, 1, 1, 1, 4, 3, 71, 'default_roll_no', NULL, '600.0000', '600.0000', '100.0000', 1, 'Outs Standing', 1, 1, 1, '2022-04-27 06:12:21', '2023-01-16 07:42:55'),
(89, 1, 1, 1, 4, 3, 660, 'default_roll_no', NULL, '600.0000', '594.0000', '99.0000', 1, 'Outs Standing', 3, 3, 7, '2022-04-27 06:12:21', '2023-01-16 07:42:55'),
(90, 1, 1, 1, 4, 3, 714, 'default_roll_no', NULL, '600.0000', '366.0000', '61.0000', 3, 'Very Good', 32, 32, 330, '2022-04-27 06:12:21', '2023-01-16 07:42:55'),
(91, 1, 1, 1, 5, 5, 34, 'default_roll_no', NULL, '600.0000', '115.0000', '19.1667', 6, 'Fail', 45, 26, 650, '2022-04-27 06:12:21', '2023-01-16 07:42:56'),
(92, 1, 1, 1, 5, 5, 35, 'default_roll_no', NULL, '600.0000', '156.0000', '26.0000', 6, 'Fail', 44, 25, 619, '2022-04-27 06:12:21', '2023-01-16 07:42:56'),
(93, 1, 1, 1, 5, 5, 72, 'default_roll_no', NULL, '600.0000', '210.0000', '35.0000', 6, 'Fail', 40, 23, 564, '2022-04-27 06:12:21', '2023-01-16 07:42:56'),
(94, 1, 1, 1, 5, 4, 75, 'default_roll_no', NULL, '600.0000', '235.0000', '39.1667', 5, 'Fair', 35, 16, 527, '2022-04-27 06:12:21', '2023-01-16 07:42:56'),
(95, 1, 1, 1, 5, 4, 76, 'default_roll_no', NULL, '600.0000', '226.0000', '37.6667', 6, 'Fail', 38, 18, 541, '2022-04-27 06:12:21', '2023-01-16 07:42:56'),
(96, 1, 1, 1, 5, 4, 77, 'default_roll_no', NULL, '600.0000', '319.0000', '53.1667', 4, 'Good', 25, 12, 402, '2022-04-27 06:12:21', '2023-01-16 07:42:56'),
(97, 1, 1, 1, 5, 4, 78, 'default_roll_no', NULL, '600.0000', '173.0000', '28.8333', 6, 'Fail', 42, 19, 604, '2022-04-27 06:12:21', '2023-01-16 07:42:56'),
(98, 1, 1, 1, 5, 4, 79, 'default_roll_no', NULL, '600.0000', '320.0000', '53.3333', 4, 'Good', 24, 11, 400, '2022-04-27 06:12:21', '2023-01-16 07:42:55'),
(99, 1, 1, 1, 5, 4, 80, 'default_roll_no', NULL, '600.0000', '300.0000', '50.0000', 4, 'Good', 26, 13, 429, '2022-04-27 06:12:21', '2023-01-16 07:42:56'),
(100, 1, 1, 1, 5, 4, 81, 'default_roll_no', NULL, '600.0000', '467.0000', '77.8333', 2, 'Excellent', 11, 4, 195, '2022-04-27 06:12:21', '2023-01-16 07:42:55'),
(101, 1, 1, 1, 5, 4, 82, 'default_roll_no', NULL, '600.0000', '262.0000', '43.6667', 5, 'Fair', 32, 15, 487, '2022-04-27 06:12:21', '2023-01-16 07:42:56'),
(102, 1, 1, 1, 5, 4, 83, 'default_roll_no', NULL, '600.0000', '160.0000', '26.6667', 6, 'Fail', 43, 20, 616, '2022-04-27 06:12:21', '2023-01-16 07:42:56'),
(103, 1, 1, 1, 5, 4, 84, 'default_roll_no', NULL, '600.0000', '479.0000', '79.8333', 1, 'Outstanding', 9, 2, 179, '2022-04-27 06:12:21', '2023-01-16 07:42:55'),
(104, 1, 1, 1, 5, 4, 85, 'default_roll_no', NULL, '600.0000', '473.0000', '78.8333', 2, 'Excellent', 10, 3, 187, '2022-04-27 06:12:21', '2023-01-16 07:42:55'),
(105, 1, 1, 1, 5, 4, 87, 'default_roll_no', NULL, '600.0000', '479.0000', '79.8333', 1, 'Outstanding', 9, 2, 179, '2022-04-27 06:12:21', '2023-01-16 07:42:55'),
(106, 1, 1, 1, 5, 4, 88, 'default_roll_no', NULL, '600.0000', '442.0000', '73.6667', 2, 'Excellent', 14, 6, 224, '2022-04-27 06:12:21', '2023-01-16 07:42:55'),
(107, 1, 1, 1, 5, 4, 89, 'default_roll_no', NULL, '600.0000', '231.0000', '38.5000', 6, 'Fail', 37, 17, 533, '2022-04-27 06:12:21', '2023-01-16 07:42:56'),
(108, 1, 1, 1, 5, 4, 90, 'default_roll_no', NULL, '600.0000', '295.0000', '49.1667', 4, 'Good', 27, 14, 438, '2022-04-27 06:12:21', '2023-01-16 07:42:56'),
(109, 1, 1, 1, 5, 4, 91, 'default_roll_no', NULL, '600.0000', '381.0000', '63.5000', 3, 'Very Good', 21, 9, 303, '2022-04-27 06:12:21', '2023-01-16 07:42:55'),
(110, 1, 1, 1, 5, 4, 92, 'default_roll_no', NULL, '600.0000', '436.0000', '72.6667', 2, 'Excellent', 15, 7, 230, '2022-04-27 06:12:21', '2023-01-16 07:42:55'),
(111, 1, 1, 1, 5, 5, 93, 'default_roll_no', NULL, '600.0000', '495.0000', '82.5000', 1, 'Outstanding', 8, 8, 155, '2022-04-27 06:12:21', '2023-01-16 07:42:55'),
(112, 1, 1, 1, 5, 4, 94, 'default_roll_no', NULL, '600.0000', '14.0000', '2.3333', 6, 'Fail', 48, 22, 676, '2022-04-27 06:12:21', '2023-01-16 07:42:56'),
(113, 1, 1, 1, 5, 4, 95, 'default_roll_no', NULL, '600.0000', '537.0000', '89.5000', 1, 'Outstanding', 3, 1, 91, '2022-04-27 06:12:21', '2023-01-16 07:42:55'),
(114, 1, 1, 1, 5, 4, 96, 'default_roll_no', NULL, '600.0000', '324.0000', '54.0000', 4, 'Good', 23, 10, 392, '2022-04-27 06:12:21', '2023-01-16 07:42:55'),
(115, 1, 1, 1, 5, 4, 97, 'default_roll_no', NULL, '600.0000', '76.0000', '12.6667', 6, 'Fail', 47, 21, 664, '2022-04-27 06:12:21', '2023-01-16 07:42:56'),
(116, 1, 1, 1, 5, 4, 98, 'default_roll_no', NULL, '600.0000', '385.0000', '64.1667', 3, 'Very Good', 20, 8, 298, '2022-04-27 06:12:21', '2023-01-16 07:42:55'),
(117, 1, 1, 1, 5, 5, 101, 'default_roll_no', NULL, '600.0000', '245.0000', '40.8333', 5, 'Fair', 34, 20, 513, '2022-04-27 06:12:22', '2023-01-16 07:42:56'),
(118, 1, 1, 1, 5, 5, 102, 'default_roll_no', NULL, '600.0000', '290.0000', '48.3333', 5, 'Fair', 28, 19, 445, '2022-04-27 06:12:22', '2023-01-16 07:42:56'),
(119, 1, 1, 1, 5, 5, 103, 'default_roll_no', NULL, '600.0000', '252.0000', '42.0000', 5, 'Fair', 33, 22, 503, '2022-04-27 06:12:22', '2023-01-16 07:42:56'),
(120, 1, 1, 1, 5, 5, 107, 'default_roll_no', NULL, '600.0000', '442.0000', '73.6667', 2, 'Excellent', 14, 10, 224, '2022-04-27 06:12:22', '2023-01-16 07:42:55'),
(121, 1, 1, 1, 5, 5, 108, 'default_roll_no', NULL, '600.0000', '531.0000', '88.5000', 1, 'Outstanding', 4, 4, 104, '2022-04-27 06:12:22', '2023-01-16 07:42:55'),
(122, 1, 1, 1, 5, 5, 109, 'default_roll_no', NULL, '600.0000', '500.0000', '83.3333', 1, 'Outstanding', 6, 3, 146, '2022-04-27 06:12:22', '2023-01-16 07:42:55'),
(123, 1, 1, 1, 5, 5, 110, 'default_roll_no', NULL, '600.0000', '499.0000', '83.1667', 1, 'Outstanding', 7, 6, 149, '2022-04-27 06:12:22', '2023-01-16 07:42:55'),
(124, 1, 1, 1, 5, 5, 111, 'default_roll_no', NULL, '600.0000', '364.0000', '60.6667', 3, 'Very Good', 22, 14, 333, '2022-04-27 06:12:22', '2023-01-16 07:42:55'),
(125, 1, 1, 1, 5, 5, 112, 'default_roll_no', NULL, '600.0000', '539.0000', '89.8333', 1, 'Outstanding', 2, 1, 88, '2022-04-27 06:12:22', '2023-01-16 07:42:55'),
(126, 1, 1, 1, 5, 5, 113, 'default_roll_no', NULL, '600.0000', '415.0000', '69.1667', 2, 'Excellent', 16, 11, 261, '2022-04-27 06:12:22', '2023-01-16 07:42:55'),
(127, 1, 1, 1, 5, 5, 114, 'default_roll_no', NULL, '600.0000', '272.0000', '45.3333', 5, 'Fair', 30, 15, 469, '2022-04-27 06:12:22', '2023-01-16 07:42:56'),
(128, 1, 1, 1, 5, 5, 115, 'default_roll_no', NULL, '600.0000', '213.0000', '35.5000', 6, 'Fail', 39, 17, 563, '2022-04-27 06:12:22', '2023-01-16 07:42:56'),
(129, 1, 1, 1, 5, 5, 116, 'default_roll_no', NULL, '600.0000', '448.0000', '74.6667', 2, 'Excellent', 13, 7, 218, '2022-04-27 06:12:22', '2023-01-16 07:42:55'),
(130, 1, 1, 1, 5, 5, 118, 'default_roll_no', NULL, '600.0000', '406.0000', '67.6667', 3, 'Very Good', 17, 9, 273, '2022-04-27 06:12:22', '2023-01-16 07:42:55'),
(131, 1, 1, 1, 5, 5, 119, 'default_roll_no', NULL, '600.0000', '578.0000', '96.3333', 1, 'Outs Standing', 1, 2, 32, '2022-04-27 06:12:22', '2023-01-16 07:42:55'),
(132, 1, 1, 1, 5, 5, 120, 'default_roll_no', NULL, '600.0000', '390.0000', '65.0000', 3, 'Very Good', 19, 13, 292, '2022-04-27 06:12:22', '2023-01-16 07:42:55'),
(133, 1, 1, 1, 5, 5, 121, 'default_roll_no', NULL, '600.0000', '203.0000', '33.8333', 6, 'Fail', 41, 24, 572, '2022-04-27 06:12:22', '2023-01-16 07:42:56'),
(134, 1, 1, 1, 5, 5, 122, 'default_roll_no', NULL, '600.0000', '264.0000', '44.0000', 5, 'Fair', 31, 18, 483, '2022-04-27 06:12:22', '2023-01-16 07:42:56'),
(135, 1, 1, 1, 5, 5, 124, 'default_roll_no', NULL, '600.0000', '286.0000', '47.6667', 5, 'Fair', 29, 16, 452, '2022-04-27 06:12:22', '2023-01-16 07:42:56'),
(136, 1, 1, 1, 5, 5, 125, 'default_roll_no', NULL, '600.0000', '525.0000', '87.5000', 1, 'Outs Standing', 5, 5, 111, '2022-04-27 06:12:22', '2023-01-16 07:42:55'),
(137, 1, 1, 1, 5, 5, 636, 'default_roll_no', NULL, '600.0000', '84.0000', '14.0000', 6, 'Fail', 46, 27, 660, '2022-04-27 06:12:22', '2023-01-16 07:42:56'),
(138, 1, 1, 1, 5, 5, 638, 'default_roll_no', NULL, '600.0000', '392.0000', '65.3333', 3, 'Very Good', 18, 12, 290, '2022-04-27 06:12:22', '2023-01-16 07:42:55'),
(139, 1, 1, 1, 5, 5, 644, 'default_roll_no', NULL, '600.0000', '232.0000', '38.6667', 6, 'Fail', 36, 21, 532, '2022-04-27 06:12:22', '2023-01-16 07:42:56'),
(140, 1, 1, 1, 5, 4, 719, 'default_roll_no', NULL, '600.0000', '461.0000', '76.8333', 2, 'Excellent', 12, 5, 202, '2022-04-27 06:12:22', '2023-01-16 07:42:55'),
(141, 1, 1, 1, 6, 21, 100, 'default_roll_no', NULL, '600.0000', '160.0000', '26.6667', 6, 'Fail', 40, 40, 616, '2022-04-27 06:12:22', '2023-01-16 07:42:56'),
(142, 1, 1, 1, 6, 21, 127, 'default_roll_no', NULL, '600.0000', '286.0000', '47.6667', 5, 'Fair', 26, 26, 452, '2022-04-27 06:12:22', '2023-01-16 07:42:56'),
(143, 1, 1, 1, 6, 21, 128, 'default_roll_no', NULL, '600.0000', '450.0000', '75.0000', 2, 'Excellent', 13, 13, 216, '2022-04-27 06:12:22', '2023-01-16 07:42:55'),
(144, 1, 1, 1, 6, 21, 129, 'default_roll_no', NULL, '600.0000', '539.0000', '89.8333', 1, 'Outs Standing', 3, 3, 88, '2022-04-27 06:12:22', '2023-01-16 07:42:55'),
(145, 1, 1, 1, 6, 21, 130, 'default_roll_no', NULL, '600.0000', '533.0000', '88.8333', 1, 'Outs Standing', 5, 5, 100, '2022-04-27 06:12:22', '2023-01-16 07:42:55'),
(146, 1, 1, 1, 6, 21, 131, 'default_roll_no', NULL, '600.0000', '309.0000', '51.5000', 4, 'Good', 24, 24, 418, '2022-04-27 06:12:22', '2023-01-16 07:42:56'),
(147, 1, 1, 1, 6, 21, 132, 'default_roll_no', NULL, '600.0000', '511.0000', '85.1667', 1, 'Outs Standing', 6, 6, 132, '2022-04-27 06:12:22', '2023-01-16 07:42:55'),
(148, 1, 1, 1, 6, 21, 133, 'default_roll_no', NULL, '600.0000', '316.0000', '52.6667', 4, 'Good', 21, 21, 406, '2022-04-27 06:12:22', '2023-01-16 07:42:56'),
(149, 1, 1, 1, 6, 21, 134, 'default_roll_no', NULL, '600.0000', '283.0000', '47.1667', 5, 'Fair', 27, 27, 457, '2022-04-27 06:12:22', '2023-01-16 07:42:56'),
(150, 1, 1, 1, 6, 21, 135, 'default_roll_no', NULL, '600.0000', '215.0000', '35.8333', 6, 'Fail', 36, 36, 560, '2022-04-27 06:12:22', '2023-01-16 07:42:56'),
(151, 1, 1, 1, 6, 21, 136, 'default_roll_no', NULL, '600.0000', '226.0000', '37.6667', 6, 'Fail', 32, 32, 541, '2022-04-27 06:12:22', '2023-01-16 07:42:56'),
(152, 1, 1, 1, 6, 21, 138, 'default_roll_no', NULL, '600.0000', '478.0000', '79.6667', 1, 'Outs Standing', 9, 9, 181, '2022-04-27 06:12:22', '2023-01-16 07:42:55'),
(153, 1, 1, 1, 6, 21, 139, 'default_roll_no', NULL, '600.0000', '267.0000', '44.5000', 5, 'Fair', 28, 28, 479, '2022-04-27 06:12:22', '2023-01-16 07:42:56'),
(154, 1, 1, 1, 6, 21, 140, 'default_roll_no', NULL, '600.0000', '387.0000', '64.5000', 3, 'Very Good', 18, 18, 295, '2022-04-27 06:12:22', '2023-01-16 07:42:55'),
(155, 1, 1, 1, 6, 21, 141, 'default_roll_no', NULL, '600.0000', '238.0000', '39.6667', 5, 'Fair', 30, 30, 521, '2022-04-27 06:12:22', '2023-01-16 07:42:56'),
(156, 1, 1, 1, 6, 21, 142, 'default_roll_no', NULL, '600.0000', '313.0000', '52.1667', 4, 'Good', 22, 22, 411, '2022-04-27 06:12:22', '2023-01-16 07:42:56'),
(157, 1, 1, 1, 6, 21, 143, 'default_roll_no', NULL, '600.0000', '436.0000', '72.6667', 2, 'Excellent', 14, 14, 230, '2022-04-27 06:12:22', '2023-01-16 07:42:55'),
(158, 1, 1, 1, 6, 21, 144, 'default_roll_no', NULL, '600.0000', '216.0000', '36.0000', 6, 'Fail', 35, 35, 559, '2022-04-27 06:12:22', '2023-01-16 07:42:56'),
(159, 1, 1, 1, 6, 21, 145, 'default_roll_no', NULL, '600.0000', '495.0000', '82.5000', 1, 'Outs Standing', 7, 7, 155, '2022-04-27 06:12:22', '2023-01-16 07:42:55'),
(160, 1, 1, 1, 6, 21, 146, 'default_roll_no', NULL, '600.0000', '227.0000', '37.8333', 6, 'Fail', 31, 31, 540, '2022-04-27 06:12:22', '2023-01-16 07:42:56'),
(161, 1, 1, 1, 6, 21, 149, 'default_roll_no', NULL, '600.0000', '420.0000', '70.0000', 2, 'Excellent', 16, 16, 253, '2022-04-27 06:12:22', '2023-01-16 07:42:55'),
(162, 1, 1, 1, 6, 21, 150, 'default_roll_no', NULL, '600.0000', '428.0000', '71.3333', 2, 'Excellent', 15, 15, 241, '2022-04-27 06:12:22', '2023-01-16 07:42:55'),
(163, 1, 1, 1, 6, 21, 151, 'default_roll_no', NULL, '600.0000', '283.0000', '47.1667', 5, 'Fair', 27, 27, 457, '2022-04-27 06:12:22', '2023-01-16 07:42:56'),
(164, 1, 1, 1, 6, 21, 152, 'default_roll_no', NULL, '600.0000', '184.0000', '30.6667', 6, 'Fail', 38, 38, 592, '2022-04-27 06:12:22', '2023-01-16 07:42:56'),
(165, 1, 1, 1, 6, 21, 153, 'default_roll_no', NULL, '600.0000', '256.0000', '42.6667', 5, 'Fair', 29, 29, 498, '2022-04-27 06:12:22', '2023-01-16 07:42:56'),
(166, 1, 1, 1, 6, 21, 154, 'default_roll_no', NULL, '600.0000', '469.0000', '78.1667', 2, 'Excellent', 10, 10, 192, '2022-04-27 06:12:22', '2023-01-16 07:42:55'),
(167, 1, 1, 1, 6, 21, 155, 'default_roll_no', NULL, '600.0000', '536.0000', '89.3333', 1, 'Outs Standing', 4, 4, 94, '2022-04-27 06:12:22', '2023-01-16 07:42:55'),
(168, 1, 1, 1, 6, 21, 156, 'default_roll_no', NULL, '600.0000', '224.0000', '37.3333', 6, 'Fail', 34, 34, 544, '2022-04-27 06:12:22', '2023-01-16 07:42:56'),
(169, 1, 1, 1, 6, 21, 157, 'default_roll_no', NULL, '600.0000', '456.0000', '76.0000', 2, 'Excellent', 11, 11, 208, '2022-04-27 06:12:22', '2023-01-16 07:42:55'),
(170, 1, 1, 1, 6, 21, 158, 'default_roll_no', NULL, '600.0000', '452.0000', '75.3333', 2, 'Excellent', 12, 12, 214, '2022-04-27 06:12:22', '2023-01-16 07:42:55'),
(171, 1, 1, 1, 6, 21, 162, 'default_roll_no', NULL, '600.0000', '557.0000', '92.8333', 1, 'Outs Standing', 2, 2, 64, '2022-04-27 06:12:22', '2023-01-16 07:42:55'),
(172, 1, 1, 1, 6, 21, 163, 'default_roll_no', NULL, '600.0000', '225.0000', '37.5000', 6, 'Fail', 33, 33, 543, '2022-04-27 06:12:22', '2023-01-16 07:42:56'),
(173, 1, 1, 1, 6, 21, 164, 'default_roll_no', NULL, '600.0000', '367.0000', '61.1667', 3, 'Very Good', 19, 19, 329, '2022-04-27 06:12:22', '2023-01-16 07:42:55'),
(174, 1, 1, 1, 6, 21, 643, 'default_roll_no', NULL, '600.0000', '596.0000', '99.3333', 1, 'Outs Standing', 1, 1, 5, '2022-04-27 06:12:22', '2023-01-16 07:42:55'),
(175, 1, 1, 1, 6, 21, 653, 'default_roll_no', NULL, '600.0000', '416.0000', '69.3333', 2, 'Excellent', 17, 17, 259, '2022-04-27 06:12:22', '2023-01-16 07:42:55'),
(176, 1, 1, 1, 6, 21, 654, 'default_roll_no', NULL, '600.0000', '491.0000', '81.8333', 1, 'Outs Standing', 8, 8, 162, '2022-04-27 06:12:22', '2023-01-16 07:42:55'),
(177, 1, 1, 1, 6, 21, 667, 'default_roll_no', NULL, '600.0000', '198.0000', '33.0000', 6, 'Fail', 37, 37, 579, '2022-04-27 06:12:22', '2023-01-16 07:42:56'),
(178, 1, 1, 1, 6, 21, 668, 'default_roll_no', NULL, '600.0000', '165.0000', '27.5000', 6, 'Fail', 39, 39, 611, '2022-04-27 06:12:22', '2023-01-16 07:42:56'),
(179, 1, 1, 1, 6, 21, 683, 'default_roll_no', NULL, '600.0000', '153.0000', '25.5000', 6, 'Fail', 41, 41, 624, '2022-04-27 06:12:22', '2023-01-16 07:42:56'),
(180, 1, 1, 1, 6, 21, 687, 'default_roll_no', NULL, '600.0000', '120.0000', '20.0000', 6, 'Fail', 43, 43, 644, '2022-04-27 06:12:22', '2023-01-16 07:42:56'),
(181, 1, 1, 1, 6, 21, 693, 'default_roll_no', NULL, '600.0000', '326.0000', '54.3333', 4, 'Good', 20, 20, 388, '2022-04-27 06:12:22', '2023-01-16 07:42:55'),
(182, 1, 1, 1, 6, 21, 702, 'default_roll_no', NULL, '600.0000', '134.0000', '22.3333', 6, 'Fail', 42, 42, 634, '2022-04-27 06:12:22', '2023-01-16 07:42:56'),
(183, 1, 1, 1, 6, 21, 709, 'default_roll_no', NULL, '600.0000', '311.0000', '51.8333', 4, 'Good', 23, 23, 414, '2022-04-27 06:12:22', '2023-01-16 07:42:56'),
(184, 1, 1, 1, 6, 21, 716, 'default_roll_no', NULL, '600.0000', '305.0000', '50.8333', 4, 'Good', 25, 25, 424, '2022-04-27 06:12:22', '2023-01-16 07:42:56'),
(185, 1, 1, 1, 7, 7, 147, 'default_roll_no', NULL, '700.0000', '233.0000', '33.2857', 6, 'Fail', 33, 33, 576, '2022-04-27 06:12:22', '2023-01-16 07:42:56'),
(186, 1, 1, 1, 7, 7, 159, 'default_roll_no', NULL, '700.0000', '200.0000', '28.5714', 6, 'Fail', 37, 37, 607, '2022-04-27 06:12:22', '2023-01-16 07:42:56'),
(187, 1, 1, 1, 7, 7, 160, 'default_roll_no', NULL, '700.0000', '243.0000', '34.7143', 6, 'Fail', 31, 31, 566, '2022-04-27 06:12:22', '2023-01-16 07:42:56'),
(188, 1, 1, 1, 7, 7, 161, 'default_roll_no', NULL, '700.0000', '241.0000', '34.4286', 6, 'Fail', 32, 32, 570, '2022-04-27 06:12:22', '2023-01-16 07:42:56'),
(189, 1, 1, 1, 7, 7, 165, 'default_roll_no', NULL, '700.0000', '205.0000', '29.2857', 6, 'Fail', 36, 36, 600, '2022-04-27 06:12:22', '2023-01-16 07:42:56'),
(190, 1, 1, 1, 7, 7, 167, 'default_roll_no', NULL, '700.0000', '688.0000', '98.2857', 1, 'Outs Standing', 1, 1, 13, '2022-04-27 06:12:22', '2023-01-16 07:42:55'),
(191, 1, 1, 1, 7, 7, 168, 'default_roll_no', NULL, '700.0000', '686.0000', '98.0000', 1, 'Outs Standing', 2, 2, 16, '2022-04-27 06:12:22', '2023-01-16 07:42:55'),
(192, 1, 1, 1, 7, 7, 169, 'default_roll_no', NULL, '700.0000', '308.0000', '44.0000', 5, 'Fair', 22, 22, 483, '2022-04-27 06:12:22', '2023-01-16 07:42:56'),
(193, 1, 1, 1, 7, 7, 170, 'default_roll_no', NULL, '700.0000', '275.0000', '39.2857', 5, 'Fair', 25, 25, 526, '2022-04-27 06:12:22', '2023-01-16 07:42:56'),
(194, 1, 1, 1, 7, 7, 171, 'default_roll_no', NULL, '700.0000', '495.0000', '70.7143', 2, 'Excellent', 13, 13, 248, '2022-04-27 06:12:22', '2023-01-16 07:42:55'),
(195, 1, 1, 1, 7, 7, 172, 'default_roll_no', NULL, '700.0000', '356.0000', '50.8571', 4, 'Good', 17, 17, 423, '2022-04-27 06:12:22', '2023-01-16 07:42:56'),
(196, 1, 1, 1, 7, 7, 173, 'default_roll_no', NULL, '700.0000', '582.0000', '83.1429', 1, 'Outs Standing', 9, 9, 150, '2022-04-27 06:12:22', '2023-01-16 07:42:55'),
(197, 1, 1, 1, 7, 7, 174, 'default_roll_no', NULL, '700.0000', '541.0000', '77.2857', 2, 'Excellent', 11, 11, 199, '2022-04-27 06:12:22', '2023-01-16 07:42:55'),
(198, 1, 1, 1, 7, 7, 175, 'default_roll_no', NULL, '700.0000', '233.0000', '33.2857', 6, 'Fail', 33, 33, 576, '2022-04-27 06:12:22', '2023-01-16 07:42:56'),
(199, 1, 1, 1, 7, 7, 176, 'default_roll_no', NULL, '700.0000', '554.0000', '79.1429', 1, 'Outs Standing', 10, 10, 185, '2022-04-27 06:12:22', '2023-01-16 07:42:55'),
(200, 1, 1, 1, 7, 7, 177, 'default_roll_no', NULL, '700.0000', '622.0000', '88.8571', 1, 'Outs Standing', 4, 4, 99, '2022-04-27 06:12:23', '2023-01-16 07:42:55'),
(201, 1, 1, 1, 7, 7, 178, 'default_roll_no', NULL, '700.0000', '430.0000', '61.4286', 3, 'Very Good', 14, 14, 326, '2022-04-27 06:12:23', '2023-01-16 07:42:55'),
(202, 1, 1, 1, 7, 7, 179, 'default_roll_no', NULL, '700.0000', '253.0000', '36.1429', 6, 'Fail', 30, 30, 558, '2022-04-27 06:12:23', '2023-01-16 07:42:56'),
(203, 1, 1, 1, 7, 7, 180, 'default_roll_no', NULL, '700.0000', '302.0000', '43.1429', 5, 'Fair', 24, 24, 493, '2022-04-27 06:12:23', '2023-01-16 07:42:56'),
(204, 1, 1, 1, 7, 7, 182, 'default_roll_no', NULL, '700.0000', '225.0000', '32.1429', 6, 'Fail', 34, 34, 584, '2022-04-27 06:12:23', '2023-01-16 07:42:56'),
(205, 1, 1, 1, 7, 7, 184, 'default_roll_no', NULL, '700.0000', '371.0000', '53.0000', 4, 'Good', 16, 16, 404, '2022-04-27 06:12:23', '2023-01-16 07:42:56'),
(206, 1, 1, 1, 7, 7, 185, 'default_roll_no', NULL, '700.0000', '602.0000', '86.0000', 1, 'Outs Standing', 6, 6, 127, '2022-04-27 06:12:23', '2023-01-16 07:42:55'),
(207, 1, 1, 1, 7, 7, 186, 'default_roll_no', NULL, '700.0000', '606.0000', '86.5714', 1, 'Outs Standing', 5, 5, 121, '2022-04-27 06:12:23', '2023-01-16 07:42:55'),
(208, 1, 1, 1, 7, 7, 187, 'default_roll_no', NULL, '700.0000', '257.0000', '36.7143', 6, 'Fail', 28, 28, 550, '2022-04-27 06:12:23', '2023-01-16 07:42:56'),
(209, 1, 1, 1, 7, 7, 188, 'default_roll_no', NULL, '700.0000', '624.0000', '89.1429', 1, 'Outs Standing', 3, 3, 97, '2022-04-27 06:12:23', '2023-01-16 07:42:55'),
(210, 1, 1, 1, 7, 7, 189, 'default_roll_no', NULL, '700.0000', '602.0000', '86.0000', 1, 'Outs Standing', 6, 6, 127, '2022-04-27 06:12:23', '2023-01-16 07:42:55'),
(211, 1, 1, 1, 7, 7, 191, 'default_roll_no', NULL, '700.0000', '590.0000', '84.2857', 1, 'Outs Standing', 7, 7, 141, '2022-04-27 06:12:23', '2023-01-16 07:42:55'),
(212, 1, 1, 1, 7, 7, 192, 'default_roll_no', NULL, '700.0000', '531.0000', '75.8571', 2, 'Excellent', 12, 12, 209, '2022-04-27 06:12:23', '2023-01-16 07:42:55'),
(213, 1, 1, 1, 7, 7, 193, 'default_roll_no', NULL, '700.0000', '583.0000', '83.2857', 1, 'Outs Standing', 8, 8, 147, '2022-04-27 06:12:23', '2023-01-16 07:42:55'),
(214, 1, 1, 1, 7, 7, 194, 'default_roll_no', NULL, '700.0000', '415.0000', '59.2857', 3, 'Very Good', 15, 15, 346, '2022-04-27 06:12:23', '2023-01-16 07:42:55'),
(215, 1, 1, 1, 7, 7, 672, 'default_roll_no', NULL, '700.0000', '210.0000', '30.0000', 6, 'Fail', 35, 35, 597, '2022-04-27 06:12:23', '2023-01-16 07:42:56'),
(216, 1, 1, 1, 7, 7, 673, 'default_roll_no', NULL, '700.0000', '263.0000', '37.5714', 6, 'Fail', 27, 27, 542, '2022-04-27 06:12:23', '2023-01-16 07:42:56'),
(217, 1, 1, 1, 7, 7, 674, 'default_roll_no', NULL, '700.0000', '268.0000', '38.2857', 6, 'Fail', 26, 26, 535, '2022-04-27 06:12:23', '2023-01-16 07:42:56'),
(218, 1, 1, 1, 7, 7, 675, 'default_roll_no', NULL, '700.0000', '331.0000', '47.2857', 5, 'Fair', 20, 20, 455, '2022-04-27 06:12:23', '2023-01-16 07:42:56'),
(219, 1, 1, 1, 7, 7, 680, 'default_roll_no', NULL, '700.0000', '335.0000', '47.8571', 5, 'Fair', 19, 19, 450, '2022-04-27 06:12:23', '2023-01-16 07:42:56'),
(220, 1, 1, 1, 7, 7, 681, 'default_roll_no', NULL, '700.0000', '325.0000', '46.4286', 5, 'Fair', 21, 21, 462, '2022-04-27 06:12:23', '2023-01-16 07:42:56'),
(221, 1, 1, 1, 7, 7, 682, 'default_roll_no', NULL, '700.0000', '343.0000', '49.0000', 5, 'Fair', 18, 18, 439, '2022-04-27 06:12:23', '2023-01-16 07:42:56'),
(222, 1, 1, 1, 7, 7, 684, 'default_roll_no', NULL, '700.0000', '307.0000', '43.8571', 5, 'Fair', 23, 23, 484, '2022-04-27 06:12:23', '2023-01-16 07:42:56'),
(223, 1, 1, 1, 7, 7, 694, 'default_roll_no', NULL, '700.0000', '255.0000', '36.4286', 6, 'Fail', 29, 29, 554, '2022-04-27 06:12:23', '2023-01-16 07:42:56'),
(224, 1, 1, 1, 10, 8, 181, 'default_roll_no', NULL, '700.0000', '212.0000', '30.2857', 6, 'Fail', 26, 26, 595, '2022-04-27 06:12:23', '2023-01-16 07:42:56'),
(225, 1, 1, 1, 10, 8, 190, 'default_roll_no', NULL, '700.0000', '340.0000', '48.5714', 5, 'Fair', 17, 17, 442, '2022-04-27 06:12:23', '2023-01-16 07:42:56'),
(226, 1, 1, 1, 10, 8, 195, 'default_roll_no', NULL, '700.0000', '374.0000', '53.4286', 4, 'Good', 14, 14, 399, '2022-04-27 06:12:23', '2023-01-16 07:42:55'),
(227, 1, 1, 1, 10, 8, 196, 'default_roll_no', NULL, '700.0000', '303.0000', '43.2857', 5, 'Fair', 19, 19, 492, '2022-04-27 06:12:23', '2023-01-16 07:42:56'),
(228, 1, 1, 1, 10, 8, 197, 'default_roll_no', NULL, '700.0000', '472.0000', '67.4286', 3, 'Very Good', 10, 10, 276, '2022-04-27 06:12:23', '2023-01-16 07:42:55'),
(229, 1, 1, 1, 10, 8, 198, 'default_roll_no', NULL, '700.0000', '281.0000', '40.1429', 5, 'Fair', 20, 20, 518, '2022-04-27 06:12:23', '2023-01-16 07:42:56'),
(230, 1, 1, 1, 10, 8, 199, 'default_roll_no', NULL, '700.0000', '573.0000', '81.8571', 1, 'Outs Standing', 6, 6, 161, '2022-04-27 06:12:23', '2023-01-16 07:42:55'),
(231, 1, 1, 1, 10, 8, 200, 'default_roll_no', NULL, '700.0000', '621.0000', '88.7143', 1, 'Outs Standing', 4, 4, 102, '2022-04-27 06:12:23', '2023-01-16 07:42:55'),
(232, 1, 1, 1, 10, 8, 201, 'default_roll_no', NULL, '700.0000', '647.0000', '92.4286', 1, 'Outs Standing', 2, 2, 68, '2022-04-27 06:12:23', '2023-01-16 07:42:55'),
(233, 1, 1, 1, 10, 8, 202, 'default_roll_no', NULL, '700.0000', '595.0000', '85.0000', 1, 'Outs Standing', 5, 5, 135, '2022-04-27 06:12:23', '2023-01-16 07:42:55'),
(234, 1, 1, 1, 10, 8, 203, 'default_roll_no', NULL, '700.0000', '404.0000', '57.7143', 4, 'Good', 13, 13, 361, '2022-04-27 06:12:23', '2023-01-16 07:42:55'),
(235, 1, 1, 1, 10, 8, 206, 'default_roll_no', NULL, '700.0000', '656.0000', '93.7143', 1, 'Outs Standing', 1, 1, 57, '2022-04-27 06:12:23', '2023-01-16 07:42:55'),
(236, 1, 1, 1, 10, 8, 207, 'default_roll_no', NULL, '700.0000', '461.0000', '65.8571', 3, 'Very Good', 11, 11, 285, '2022-04-27 06:12:23', '2023-01-16 07:42:55'),
(237, 1, 1, 1, 10, 8, 208, 'default_roll_no', NULL, '700.0000', '347.0000', '49.5714', 4, 'Good', 16, 16, 434, '2022-04-27 06:12:23', '2023-01-16 07:42:56'),
(238, 1, 1, 1, 10, 8, 209, 'default_roll_no', NULL, '700.0000', '259.0000', '37.0000', 6, 'Fail', 23, 23, 547, '2022-04-27 06:12:23', '2023-01-16 07:42:56'),
(239, 1, 1, 1, 10, 8, 210, 'default_roll_no', NULL, '700.0000', '370.0000', '52.8571', 4, 'Good', 15, 15, 405, '2022-04-27 06:12:23', '2023-01-16 07:42:56'),
(240, 1, 1, 1, 10, 8, 211, 'default_roll_no', NULL, '700.0000', '256.0000', '36.5714', 6, 'Fail', 24, 24, 552, '2022-04-27 06:12:23', '2023-01-16 07:42:56'),
(241, 1, 1, 1, 10, 8, 212, 'default_roll_no', NULL, '700.0000', '0.0000', '0.0000', 6, 'Fail', 29, 29, 678, '2022-04-27 06:12:23', '2023-01-16 07:42:56'),
(242, 1, 1, 1, 10, 8, 214, 'default_roll_no', NULL, '700.0000', '266.0000', '38.0000', 6, 'Fail', 22, 22, 538, '2022-04-27 06:12:23', '2023-01-16 07:42:56'),
(243, 1, 1, 1, 10, 8, 215, 'default_roll_no', NULL, '700.0000', '254.0000', '36.2857', 6, 'Fail', 25, 25, 556, '2022-04-27 06:12:23', '2023-01-16 07:42:56'),
(244, 1, 1, 1, 10, 8, 216, 'default_roll_no', NULL, '700.0000', '410.0000', '58.5714', 4, 'Good', 12, 12, 355, '2022-04-27 06:12:23', '2023-01-16 07:42:55'),
(245, 1, 1, 1, 10, 8, 217, 'default_roll_no', NULL, '700.0000', '0.0000', '0.0000', 6, 'Fail', 29, 29, 678, '2022-04-27 06:12:23', '2023-01-16 07:42:56'),
(246, 1, 1, 1, 10, 8, 219, 'default_roll_no', NULL, '700.0000', '630.0000', '90.0000', 1, 'Outs Standing', 3, 3, 87, '2022-04-27 06:12:23', '2023-01-16 07:42:55'),
(247, 1, 1, 1, 10, 8, 220, 'default_roll_no', NULL, '700.0000', '532.0000', '76.0000', 2, 'Excellent', 7, 7, 208, '2022-04-27 06:12:23', '2023-01-16 07:42:55'),
(248, 1, 1, 1, 10, 8, 222, 'default_roll_no', NULL, '700.0000', '355.0000', '50.7143', 4, 'Good', 18, 18, 425, '2022-04-27 06:12:23', '2023-01-16 07:42:56'),
(249, 1, 1, 1, 10, 8, 223, 'default_roll_no', NULL, '700.0000', '277.0000', '39.5714', 5, 'Fair', 27, 27, 523, '2022-04-27 06:12:23', '2023-01-16 07:42:56'),
(250, 1, 1, 1, 10, 8, 224, 'default_roll_no', NULL, '700.0000', '547.0000', '78.1429', 2, 'Excellent', 9, 9, 193, '2022-04-27 06:12:23', '2023-01-16 07:42:55'),
(251, 1, 1, 1, 10, 8, 226, 'default_roll_no', NULL, '700.0000', '294.0000', '42.0000', 5, 'Fair', 21, 21, 503, '2022-04-27 06:12:23', '2023-01-16 07:42:56'),
(252, 1, 1, 1, 10, 8, 227, 'default_roll_no', NULL, '700.0000', '539.0000', '77.0000', 2, 'Excellent', 8, 8, 201, '2022-04-27 06:12:23', '2023-01-16 07:42:55'),
(253, 1, 1, 1, 10, 8, 688, 'default_roll_no', NULL, '700.0000', '332.0000', '47.4286', 5, 'Fair', 24, 24, 454, '2022-04-27 06:12:23', '2023-01-16 07:42:56'),
(254, 1, 1, 1, 10, 8, 712, 'default_roll_no', NULL, '700.0000', '179.0000', '25.5714', 6, 'Fail', 28, 28, 623, '2022-04-27 06:12:23', '2023-01-16 07:42:56'),
(255, 1, 1, 1, 12, 9, 218, 'default_roll_no', NULL, '600.0000', '133.0000', '22.1667', 6, 'Fail', 43, 23, 635, '2022-04-27 06:12:23', '2023-01-16 07:42:56'),
(256, 1, 1, 1, 12, 9, 225, 'default_roll_no', NULL, '600.0000', '107.0000', '17.8333', 6, 'Fail', 44, 24, 652, '2022-04-27 06:12:23', '2023-01-16 07:42:56'),
(257, 1, 1, 1, 12, 9, 228, 'default_roll_no', NULL, '600.0000', '361.0000', '60.1667', 3, 'Very Good', 30, 15, 338, '2022-04-27 06:12:23', '2023-01-16 07:42:55'),
(258, 1, 1, 1, 12, 9, 229, 'default_roll_no', NULL, '600.0000', '498.0000', '83.0000', 1, 'Outs Standing', 6, 3, 152, '2022-04-27 06:12:23', '2023-01-16 07:42:55'),
(259, 1, 1, 1, 12, 9, 230, 'default_roll_no', NULL, '600.0000', '552.0000', '92.0000', 1, 'Outs Standing', 3, 1, 71, '2022-04-27 06:12:23', '2023-01-16 07:42:55'),
(260, 1, 1, 1, 12, 9, 231, 'default_roll_no', NULL, '600.0000', '459.0000', '76.5000', 2, 'Excellent', 16, 7, 204, '2022-04-27 06:12:23', '2023-01-16 07:42:55'),
(261, 1, 1, 1, 12, 9, 232, 'default_roll_no', NULL, '600.0000', '514.0000', '85.6667', 1, 'Outs Standing', 5, 2, 130, '2022-04-27 06:12:23', '2023-01-16 07:42:55'),
(262, 1, 1, 1, 12, 9, 233, 'default_roll_no', NULL, '600.0000', '370.0000', '61.6667', 3, 'Very Good', 27, 13, 323, '2022-04-27 06:12:24', '2023-01-16 07:42:55'),
(263, 1, 1, 1, 12, 9, 234, 'default_roll_no', NULL, '600.0000', '400.0000', '66.6667', 3, 'Very Good', 23, 11, 281, '2022-04-27 06:12:24', '2023-01-16 07:42:55'),
(264, 1, 1, 1, 12, 9, 235, 'default_roll_no', NULL, '600.0000', '298.0000', '49.6667', 4, 'Good', 38, 21, 432, '2022-04-27 06:12:24', '2023-01-16 07:42:56'),
(265, 1, 1, 1, 12, 9, 236, 'default_roll_no', NULL, '600.0000', '377.0000', '62.8333', 3, 'Very Good', 26, 12, 310, '2022-04-27 06:12:24', '2023-01-16 07:42:55'),
(266, 1, 1, 1, 12, 9, 237, 'default_roll_no', NULL, '600.0000', '422.0000', '70.3333', 2, 'Excellent', 17, 8, 251, '2022-04-27 06:12:24', '2023-01-16 07:42:55'),
(267, 1, 1, 1, 12, 9, 238, 'default_roll_no', NULL, '600.0000', '351.0000', '58.5000', 4, 'Good', 33, 17, 356, '2022-04-27 06:12:24', '2023-01-16 07:42:55'),
(268, 1, 1, 1, 12, 9, 239, 'default_roll_no', NULL, '600.0000', '490.0000', '81.6667', 1, 'Outs Standing', 10, 5, 163, '2022-04-27 06:12:24', '2023-01-16 07:42:55'),
(269, 1, 1, 1, 12, 9, 240, 'default_roll_no', NULL, '600.0000', '311.0000', '51.8333', 4, 'Good', 35, 19, 414, '2022-04-27 06:12:24', '2023-01-16 07:42:56'),
(270, 1, 1, 1, 12, 9, 241, 'default_roll_no', NULL, '600.0000', '358.0000', '59.6667', 3, 'Very Good', 31, 16, 342, '2022-04-27 06:12:24', '2023-01-16 07:42:55'),
(271, 1, 1, 1, 12, 9, 242, 'default_roll_no', NULL, '600.0000', '307.0000', '51.1667', 4, 'Good', 36, 20, 421, '2022-04-27 06:12:24', '2023-01-16 07:42:56'),
(272, 1, 1, 1, 12, 9, 243, 'default_roll_no', NULL, '600.0000', '460.0000', '76.6667', 2, 'Excellent', 15, 6, 203, '2022-04-27 06:12:24', '2023-01-16 07:42:55'),
(273, 1, 1, 1, 12, 9, 244, 'default_roll_no', NULL, '600.0000', '367.0000', '61.1667', 3, 'Very Good', 28, 14, 329, '2022-04-27 06:12:24', '2023-01-16 07:42:55'),
(274, 1, 1, 1, 12, 10, 245, 'default_roll_no', NULL, '600.0000', '352.0000', '58.6667', 4, 'Good', 32, 16, 354, '2022-04-27 06:12:24', '2023-01-16 07:42:55'),
(275, 1, 1, 1, 12, 9, 248, 'default_roll_no', NULL, '600.0000', '405.0000', '67.5000', 3, 'Very Good', 22, 10, 274, '2022-04-27 06:12:24', '2023-01-16 07:42:55'),
(276, 1, 1, 1, 12, 9, 250, 'default_roll_no', NULL, '600.0000', '268.0000', '44.6667', 5, 'Fair', 40, 22, 476, '2022-04-27 06:12:24', '2023-01-16 07:42:56'),
(277, 1, 1, 1, 12, 9, 253, 'default_roll_no', NULL, '600.0000', '315.0000', '52.5000', 4, 'Good', 34, 18, 407, '2022-04-27 06:12:24', '2023-01-16 07:42:56'),
(278, 1, 1, 1, 12, 9, 254, 'default_roll_no', NULL, '600.0000', '407.0000', '67.8333', 3, 'Very Good', 21, 9, 271, '2022-04-27 06:12:24', '2023-01-16 07:42:55'),
(279, 1, 1, 1, 12, 9, 255, 'default_roll_no', NULL, '600.0000', '493.0000', '82.1667', 1, 'Outs Standing', 8, 4, 159, '2022-04-27 06:12:24', '2023-01-16 07:42:55'),
(280, 1, 1, 1, 12, 10, 259, 'default_roll_no', NULL, '600.0000', '269.0000', '44.8333', 5, 'Fair', 39, 21, 475, '2022-04-27 06:12:24', '2023-01-16 07:42:56'),
(281, 1, 1, 1, 12, 10, 260, 'default_roll_no', NULL, '600.0000', '366.0000', '61.0000', 3, 'Very Good', 29, 18, 330, '2022-04-27 06:12:24', '2023-01-16 07:42:55'),
(282, 1, 1, 1, 12, 10, 261, 'default_roll_no', NULL, '600.0000', '498.0000', '83.0000', 1, 'Outs Standing', 6, 4, 152, '2022-04-27 06:12:24', '2023-01-16 07:42:55'),
(283, 1, 1, 1, 12, 10, 262, 'default_roll_no', NULL, '600.0000', '530.0000', '88.3333', 1, 'Outs Standing', 4, 3, 105, '2022-04-27 06:12:24', '2023-01-16 07:42:55'),
(284, 1, 1, 1, 12, 10, 266, 'default_roll_no', NULL, '600.0000', '491.0000', '81.8333', 1, 'Outs Standing', 9, 6, 162, '2022-04-27 06:12:24', '2023-01-16 07:42:55'),
(285, 1, 1, 1, 12, 10, 268, 'default_roll_no', NULL, '600.0000', '409.0000', '68.1667', 3, 'Very Good', 20, 12, 268, '2022-04-27 06:12:24', '2023-01-16 07:42:55'),
(286, 1, 1, 1, 12, 10, 269, 'default_roll_no', NULL, '600.0000', '417.0000', '69.5000', 2, 'Excellent', 19, 11, 258, '2022-04-27 06:12:24', '2023-01-16 07:42:55'),
(287, 1, 1, 1, 12, 10, 270, 'default_roll_no', NULL, '600.0000', '479.0000', '79.8333', 1, 'Outs Standing', 11, 9, 179, '2022-04-27 06:12:24', '2023-01-16 07:42:55'),
(288, 1, 1, 1, 12, 10, 271, 'default_roll_no', NULL, '600.0000', '554.0000', '92.3333', 1, 'Outs Standing', 2, 2, 69, '2022-04-27 06:12:24', '2023-01-16 07:42:55'),
(289, 1, 1, 1, 12, 10, 272, 'default_roll_no', NULL, '600.0000', '352.0000', '58.6667', 4, 'Good', 32, 17, 354, '2022-04-27 06:12:24', '2023-01-16 07:42:55'),
(290, 1, 1, 1, 12, 10, 275, 'default_roll_no', NULL, '600.0000', '573.0000', '95.5000', 1, 'Outs Standing', 1, 1, 39, '2022-04-27 06:12:24', '2023-01-16 07:42:55'),
(291, 1, 1, 1, 12, 10, 276, 'default_roll_no', NULL, '600.0000', '378.0000', '63.0000', 3, 'Very Good', 25, 15, 307, '2022-04-27 06:12:24', '2023-01-16 07:42:55'),
(292, 1, 1, 1, 12, 10, 277, 'default_roll_no', NULL, '600.0000', '393.0000', '65.5000', 3, 'Very Good', 24, 14, 288, '2022-04-27 06:12:24', '2023-01-16 07:42:55'),
(293, 1, 1, 1, 12, 10, 279, 'default_roll_no', NULL, '600.0000', '304.0000', '50.6667', 4, 'Good', 37, 19, 426, '2022-04-27 06:12:24', '2023-01-16 07:42:56'),
(294, 1, 1, 1, 12, 10, 280, 'default_roll_no', NULL, '600.0000', '468.0000', '78.0000', 2, 'Excellent', 14, 7, 194, '2022-04-27 06:12:24', '2023-01-16 07:42:55'),
(295, 1, 1, 1, 12, 10, 281, 'default_roll_no', NULL, '600.0000', '477.0000', '79.5000', 1, 'Outs Standing', 12, 8, 182, '2022-04-27 06:12:24', '2023-01-16 07:42:55'),
(296, 1, 1, 1, 12, 10, 669, 'default_roll_no', NULL, '600.0000', '421.0000', '70.1667', 2, 'Excellent', 18, 13, 252, '2022-04-27 06:12:24', '2023-01-16 07:42:55'),
(297, 1, 1, 1, 12, 10, 671, 'default_roll_no', NULL, '600.0000', '251.0000', '41.8333', 5, 'Fair', 41, 22, 504, '2022-04-27 06:12:24', '2023-01-16 07:42:56'),
(298, 1, 1, 1, 12, 10, 679, 'default_roll_no', NULL, '600.0000', '239.0000', '39.8333', 5, 'Fair', 42, 20, 520, '2022-04-27 06:12:24', '2023-01-16 07:42:56'),
(299, 1, 1, 1, 12, 10, 695, 'default_roll_no', NULL, '600.0000', '474.0000', '79.0000', 2, 'Excellent', 13, 10, 186, '2022-04-27 06:12:24', '2023-01-16 07:42:55'),
(300, 1, 1, 1, 12, 10, 713, 'default_roll_no', NULL, '600.0000', '497.0000', '82.8333', 1, 'Outs Standing', 7, 5, 153, '2022-04-27 06:12:24', '2023-01-16 07:42:55'),
(301, 1, 1, 1, 12, 9, 728, 'default_roll_no', NULL, '600.0000', '51.0000', '8.5000', 6, 'Fail', 46, 26, 668, '2022-04-27 06:12:24', '2023-01-16 07:42:56'),
(302, 1, 1, 1, 12, 9, 729, 'default_roll_no', NULL, '600.0000', '97.0000', '16.1667', 6, 'Fail', 45, 25, 656, '2022-04-27 06:12:24', '2023-01-16 07:42:56'),
(303, 1, 1, 1, 13, 11, 256, 'default_roll_no', NULL, '600.0000', '173.0000', '28.8333', 6, 'Fail', 41, 41, 604, '2022-04-27 06:12:24', '2023-01-16 07:42:56'),
(304, 1, 1, 1, 13, 11, 257, 'default_roll_no', NULL, '600.0000', '168.0000', '28.0000', 6, 'Fail', 42, 42, 610, '2022-04-27 06:12:24', '2023-01-16 07:42:56'),
(305, 1, 1, 1, 13, 11, 282, 'default_roll_no', NULL, '600.0000', '174.0000', '29.0000', 6, 'Fail', 40, 40, 603, '2022-04-27 06:12:24', '2023-01-16 07:42:56'),
(306, 1, 1, 1, 13, 11, 283, 'default_roll_no', NULL, '600.0000', '421.0000', '70.1667', 2, 'Excellent', 14, 14, 252, '2022-04-27 06:12:24', '2023-01-16 07:42:55'),
(307, 1, 1, 1, 13, 11, 284, 'default_roll_no', NULL, '600.0000', '289.0000', '48.1667', 5, 'Fair', 32, 32, 447, '2022-04-27 06:12:24', '2023-01-16 07:42:56'),
(308, 1, 1, 1, 13, 11, 285, 'default_roll_no', NULL, '600.0000', '292.0000', '48.6667', 5, 'Fair', 31, 31, 441, '2022-04-27 06:12:24', '2023-01-16 07:42:56'),
(309, 1, 1, 1, 13, 11, 286, 'default_roll_no', NULL, '600.0000', '196.0000', '32.6667', 6, 'Fail', 39, 39, 581, '2022-04-27 06:12:24', '2023-01-16 07:42:56'),
(310, 1, 1, 1, 13, 11, 287, 'default_roll_no', NULL, '600.0000', '206.0000', '34.3333', 6, 'Fail', 38, 38, 571, '2022-04-27 06:12:24', '2023-01-16 07:42:56'),
(311, 1, 1, 1, 13, 11, 288, 'default_roll_no', NULL, '600.0000', '273.0000', '45.5000', 5, 'Fair', 34, 34, 467, '2022-04-27 06:12:24', '2023-01-16 07:42:56'),
(312, 1, 1, 1, 13, 11, 289, 'default_roll_no', NULL, '600.0000', '243.0000', '40.5000', 5, 'Fair', 37, 37, 515, '2022-04-27 06:12:24', '2023-01-16 07:42:56'),
(313, 1, 1, 1, 13, 11, 290, 'default_roll_no', NULL, '600.0000', '571.0000', '95.1667', 1, 'Outstanding', 3, 3, 43, '2022-04-27 06:12:24', '2023-01-16 07:42:55');
INSERT INTO `exam_allocations` (`id`, `exam_create_id`, `session_id`, `campus_id`, `class_id`, `class_section_id`, `student_id`, `roll_type`, `exam_roll_no`, `total_mark`, `obtain_mark`, `final_percentage`, `grade_id`, `remark`, `class_position`, `class_section_position`, `merit_rank_in_school`, `created_at`, `updated_at`) VALUES
(314, 1, 1, 1, 13, 11, 291, 'default_roll_no', NULL, '600.0000', '594.0000', '99.0000', 1, 'Outstanding', 1, 1, 7, '2022-04-27 06:12:24', '2023-01-16 07:42:55'),
(315, 1, 1, 1, 13, 11, 292, 'default_roll_no', NULL, '600.0000', '312.0000', '52.0000', 4, 'Good', 30, 30, 412, '2022-04-27 06:12:24', '2023-01-16 07:42:56'),
(316, 1, 1, 1, 13, 11, 293, 'default_roll_no', NULL, '600.0000', '347.0000', '57.8333', 4, 'Good', 22, 22, 360, '2022-04-27 06:12:24', '2023-01-16 07:42:55'),
(317, 1, 1, 1, 13, 11, 294, 'default_roll_no', NULL, '600.0000', '366.0000', '61.0000', 3, 'Very Good', 18, 18, 330, '2022-04-27 06:12:24', '2023-01-16 07:42:55'),
(318, 1, 1, 1, 13, 11, 295, 'default_roll_no', NULL, '600.0000', '450.0000', '75.0000', 2, 'Excellent', 13, 13, 216, '2022-04-27 06:12:24', '2023-01-16 07:42:55'),
(319, 1, 1, 1, 13, 11, 296, 'default_roll_no', NULL, '600.0000', '362.0000', '60.3333', 3, 'Very Good', 20, 20, 336, '2022-04-27 06:12:24', '2023-01-16 07:42:55'),
(320, 1, 1, 1, 13, 11, 297, 'default_roll_no', NULL, '600.0000', '344.0000', '57.3333', 4, 'Good', 23, 23, 365, '2022-04-27 06:12:24', '2023-01-16 07:42:55'),
(321, 1, 1, 1, 13, 11, 298, 'default_roll_no', NULL, '600.0000', '261.0000', '43.5000', 5, 'Fair', 35, 35, 489, '2022-04-27 06:12:24', '2023-01-16 07:42:56'),
(322, 1, 1, 1, 13, 11, 300, 'default_roll_no', NULL, '600.0000', '460.0000', '76.6667', 2, 'Excellent', 12, 12, 203, '2022-04-27 06:12:24', '2023-01-16 07:42:55'),
(323, 1, 1, 1, 13, 11, 301, 'default_roll_no', NULL, '600.0000', '486.0000', '81.0000', 1, 'Outstanding', 8, 8, 167, '2022-04-27 06:12:24', '2023-01-16 07:42:55'),
(324, 1, 1, 1, 13, 11, 302, 'default_roll_no', NULL, '600.0000', '493.0000', '82.1667', 1, 'Outstanding', 7, 7, 159, '2022-04-27 06:12:24', '2023-01-16 07:42:55'),
(325, 1, 1, 1, 13, 11, 304, 'default_roll_no', NULL, '600.0000', '364.0000', '60.6667', 3, 'Very Good', 19, 19, 333, '2022-04-27 06:12:24', '2023-01-16 07:42:55'),
(326, 1, 1, 1, 13, 11, 305, 'default_roll_no', NULL, '600.0000', '332.0000', '55.3333', 4, 'Good', 26, 26, 379, '2022-04-27 06:12:24', '2023-01-16 07:42:55'),
(327, 1, 1, 1, 13, 11, 306, 'default_roll_no', NULL, '600.0000', '374.0000', '62.3333', 3, 'Very Good', 17, 17, 317, '2022-04-27 06:12:24', '2023-01-16 07:42:55'),
(328, 1, 1, 1, 13, 11, 308, 'default_roll_no', NULL, '600.0000', '581.0000', '96.8333', 1, 'Outstanding', 2, 2, 28, '2022-04-27 06:12:24', '2023-01-16 07:42:55'),
(329, 1, 1, 1, 13, 11, 309, 'default_roll_no', NULL, '600.0000', '555.0000', '92.5000', 1, 'Outstanding', 5, 5, 67, '2022-04-27 06:12:24', '2023-01-16 07:42:55'),
(330, 1, 1, 1, 13, 11, 310, 'default_roll_no', NULL, '600.0000', '328.0000', '54.6667', 4, 'Good', 28, 28, 385, '2022-04-27 06:12:24', '2023-01-16 07:42:55'),
(331, 1, 1, 1, 13, 11, 312, 'default_roll_no', NULL, '600.0000', '330.0000', '55.0000', 4, 'Good', 27, 27, 383, '2022-04-27 06:12:24', '2023-01-16 07:42:55'),
(332, 1, 1, 1, 13, 11, 313, 'default_roll_no', NULL, '600.0000', '581.0000', '96.8333', 1, 'Outstanding', 2, 2, 28, '2022-04-27 06:12:25', '2023-01-16 07:42:55'),
(333, 1, 1, 1, 13, 11, 316, 'default_roll_no', NULL, '600.0000', '354.0000', '59.0000', 4, 'Good', 21, 21, 351, '2022-04-27 06:12:25', '2023-01-16 07:42:55'),
(334, 1, 1, 1, 13, 11, 319, 'default_roll_no', NULL, '600.0000', '556.0000', '92.6667', 1, 'Outstanding', 4, 4, 65, '2022-04-27 06:12:25', '2023-01-16 07:42:55'),
(335, 1, 1, 1, 13, 11, 322, 'default_roll_no', NULL, '600.0000', '472.0000', '78.6667', 2, 'Excellent', 10, 10, 188, '2022-04-27 06:12:25', '2023-01-16 07:42:55'),
(336, 1, 1, 1, 13, 11, 324, 'default_roll_no', NULL, '600.0000', '474.0000', '79.0000', 2, 'Excellent', 9, 9, 186, '2022-04-27 06:12:25', '2023-01-16 07:42:55'),
(337, 1, 1, 1, 13, 11, 325, 'default_roll_no', NULL, '600.0000', '486.0000', '81.0000', 1, 'Outstanding', 8, 8, 167, '2022-04-27 06:12:25', '2023-01-16 07:42:55'),
(338, 1, 1, 1, 13, 11, 326, 'default_roll_no', NULL, '600.0000', '334.0000', '55.6667', 4, 'Good', 24, 24, 376, '2022-04-27 06:12:25', '2023-01-16 07:42:55'),
(339, 1, 1, 1, 13, 11, 327, 'default_roll_no', NULL, '600.0000', '384.0000', '64.0000', 3, 'Very Good', 16, 16, 300, '2022-04-27 06:12:25', '2023-01-16 07:42:55'),
(340, 1, 1, 1, 13, 11, 328, 'default_roll_no', NULL, '600.0000', '333.0000', '55.5000', 4, 'Good', 25, 25, 378, '2022-04-27 06:12:25', '2023-01-16 07:42:55'),
(341, 1, 1, 1, 13, 11, 329, 'default_roll_no', NULL, '600.0000', '276.0000', '46.0000', 5, 'Fair', 33, 33, 464, '2022-04-27 06:12:25', '2023-01-16 07:42:56'),
(342, 1, 1, 1, 13, 11, 641, 'default_roll_no', NULL, '600.0000', '450.0000', '75.0000', 2, 'Excellent', 13, 13, 216, '2022-04-27 06:12:25', '2023-01-16 07:42:55'),
(343, 1, 1, 1, 13, 11, 662, 'default_roll_no', NULL, '600.0000', '514.0000', '85.6667', 1, 'Outstanding', 6, 6, 130, '2022-04-27 06:12:25', '2023-01-16 07:42:55'),
(344, 1, 1, 1, 13, 11, 686, 'default_roll_no', NULL, '600.0000', '462.0000', '77.0000', 2, 'Excellent', 11, 11, 201, '2022-04-27 06:12:25', '2023-01-16 07:42:55'),
(345, 1, 1, 1, 13, 11, 699, 'default_roll_no', NULL, '600.0000', '332.0000', '55.3333', 4, 'Good', 26, 26, 379, '2022-04-27 06:12:25', '2023-01-16 07:42:55'),
(346, 1, 1, 1, 13, 11, 701, 'default_roll_no', NULL, '600.0000', '391.0000', '65.1667', 3, 'Very Good', 15, 15, 291, '2022-04-27 06:12:25', '2023-01-16 07:42:55'),
(347, 1, 1, 1, 13, 11, 711, 'default_roll_no', NULL, '600.0000', '321.0000', '53.5000', 4, 'Good', 29, 29, 397, '2022-04-27 06:12:25', '2023-01-16 07:42:55'),
(348, 1, 1, 1, 13, 11, 720, 'default_roll_no', NULL, '600.0000', '255.0000', '42.5000', 5, 'Fair', 36, 36, 499, '2022-04-27 06:12:25', '2023-01-16 07:42:56'),
(349, 1, 1, 1, 14, 12, 303, 'default_roll_no', NULL, '600.0000', '137.0000', '22.8333', 6, 'Fail', 44, 24, 632, '2022-04-27 06:12:25', '2023-01-16 07:42:56'),
(350, 1, 1, 1, 14, 13, 311, 'default_roll_no', NULL, '600.0000', '219.0000', '36.5000', 6, 'Fail', 36, 17, 553, '2022-04-27 06:12:25', '2023-01-16 07:42:56'),
(351, 1, 1, 1, 14, 12, 314, 'default_roll_no', NULL, '600.0000', '152.0000', '25.3333', 6, 'Fail', 42, 22, 625, '2022-04-27 06:12:25', '2023-01-16 07:42:56'),
(352, 1, 1, 1, 14, 13, 315, 'default_roll_no', NULL, '600.0000', '158.0000', '26.3333', 6, 'Fail', 40, 20, 617, '2022-04-27 06:12:25', '2023-01-16 07:42:56'),
(353, 1, 1, 1, 14, 13, 317, 'default_roll_no', NULL, '600.0000', '237.0000', '39.5000', 5, 'Fair', 32, 15, 524, '2022-04-27 06:12:25', '2023-01-16 07:42:56'),
(354, 1, 1, 1, 14, 12, 318, 'default_roll_no', NULL, '600.0000', '162.0000', '27.0000', 6, 'Fail', 39, 20, 613, '2022-04-27 06:12:25', '2023-01-16 07:42:56'),
(355, 1, 1, 1, 14, 12, 321, 'default_roll_no', NULL, '600.0000', '84.0000', '14.0000', 6, 'Fail', 50, 28, 660, '2022-04-27 06:12:25', '2023-01-16 07:42:56'),
(356, 1, 1, 1, 14, 12, 330, 'default_roll_no', NULL, '600.0000', '506.0000', '84.3333', 1, 'Outs Standing', 7, 3, 140, '2022-04-27 06:12:25', '2023-01-16 07:42:55'),
(357, 1, 1, 1, 14, 12, 331, 'default_roll_no', NULL, '600.0000', '130.0000', '21.6667', 6, 'Fail', 47, 26, 638, '2022-04-27 06:12:25', '2023-01-16 07:42:56'),
(358, 1, 1, 1, 14, 12, 332, 'default_roll_no', NULL, '600.0000', '356.0000', '59.3333', 3, 'Very Good', 20, 13, 345, '2022-04-27 06:12:25', '2023-01-16 07:42:55'),
(359, 1, 1, 1, 14, 12, 333, 'default_roll_no', NULL, '600.0000', '511.0000', '85.1667', 1, 'Outs Standing', 6, 2, 132, '2022-04-27 06:12:25', '2023-01-16 07:42:55'),
(360, 1, 1, 1, 14, 12, 335, 'default_roll_no', NULL, '600.0000', '0.0000', '0.0000', 6, 'Fail', 52, 29, 678, '2022-04-27 06:12:25', '2023-01-16 07:42:56'),
(361, 1, 1, 1, 14, 12, 341, 'default_roll_no', NULL, '600.0000', '134.0000', '22.3333', 6, 'Fail', 45, 25, 634, '2022-04-27 06:12:25', '2023-01-16 07:42:56'),
(362, 1, 1, 1, 14, 12, 343, 'default_roll_no', NULL, '600.0000', '286.0000', '47.6667', 5, 'Fair', 27, 16, 452, '2022-04-27 06:12:25', '2023-01-16 07:42:56'),
(363, 1, 1, 1, 14, 12, 344, 'default_roll_no', NULL, '600.0000', '492.0000', '82.0000', 1, 'Outs Standing', 9, 5, 160, '2022-04-27 06:12:25', '2023-01-16 07:42:55'),
(364, 1, 1, 1, 14, 12, 345, 'default_roll_no', NULL, '600.0000', '333.0000', '55.5000', 4, 'Good', 21, 14, 378, '2022-04-27 06:12:25', '2023-01-16 07:42:55'),
(365, 1, 1, 1, 14, 12, 346, 'default_roll_no', NULL, '600.0000', '0.0000', '0.0000', 6, 'Fail', 52, 29, 678, '2022-04-27 06:12:25', '2023-01-16 07:42:56'),
(366, 1, 1, 1, 14, 12, 348, 'default_roll_no', NULL, '600.0000', '471.0000', '78.5000', 2, 'Excellent', 10, 6, 189, '2022-04-27 06:12:25', '2023-01-16 07:42:55'),
(367, 1, 1, 1, 14, 12, 349, 'default_roll_no', NULL, '600.0000', '495.0000', '82.5000', 1, 'Outs Standing', 8, 4, 155, '2022-04-27 06:12:25', '2023-01-16 07:42:55'),
(368, 1, 1, 1, 14, 13, 350, 'default_roll_no', NULL, '600.0000', '242.0000', '40.3333', 5, 'Fair', 31, 14, 516, '2022-04-27 06:12:25', '2023-01-16 07:42:56'),
(369, 1, 1, 1, 14, 12, 351, 'default_roll_no', NULL, '600.0000', '573.0000', '95.5000', 1, 'Outs Standing', 2, 1, 39, '2022-04-27 06:12:25', '2023-01-16 07:42:55'),
(370, 1, 1, 1, 14, 12, 352, 'default_roll_no', NULL, '600.0000', '223.0000', '37.1667', 6, 'Fail', 35, 19, 545, '2022-04-27 06:12:25', '2023-01-16 07:42:56'),
(371, 1, 1, 1, 14, 13, 353, 'default_roll_no', NULL, '600.0000', '117.0000', '19.5000', 6, 'Fail', 49, 22, 647, '2022-04-27 06:12:25', '2023-01-16 07:42:56'),
(372, 1, 1, 1, 14, 12, 354, 'default_roll_no', NULL, '600.0000', '154.0000', '25.6667', 6, 'Fail', 41, 21, 622, '2022-04-27 06:12:25', '2023-01-16 07:42:56'),
(373, 1, 1, 1, 14, 12, 355, 'default_roll_no', NULL, '600.0000', '376.0000', '62.6667', 3, 'Very Good', 17, 11, 311, '2022-04-27 06:12:25', '2023-01-16 07:42:55'),
(374, 1, 1, 1, 14, 12, 356, 'default_roll_no', NULL, '600.0000', '121.0000', '20.1667', 6, 'Fail', 48, 27, 643, '2022-04-27 06:12:25', '2023-01-16 07:42:56'),
(375, 1, 1, 1, 14, 12, 357, 'default_roll_no', NULL, '600.0000', '450.0000', '75.0000', 2, 'Excellent', 13, 8, 216, '2022-04-27 06:12:25', '2023-01-16 07:42:55'),
(376, 1, 1, 1, 14, 13, 358, 'default_roll_no', NULL, '600.0000', '569.0000', '94.8333', 1, 'Outs Standing', 3, 2, 46, '2022-04-27 06:12:25', '2023-01-16 07:42:55'),
(377, 1, 1, 1, 14, 12, 359, 'default_roll_no', NULL, '600.0000', '389.0000', '64.8333', 3, 'Very Good', 16, 10, 293, '2022-04-27 06:12:25', '2023-01-16 07:42:55'),
(378, 1, 1, 1, 14, 12, 360, 'default_roll_no', NULL, '600.0000', '463.0000', '77.1667', 2, 'Excellent', 11, 7, 200, '2022-04-27 06:12:25', '2023-01-16 07:42:55'),
(379, 1, 1, 1, 14, 12, 361, 'default_roll_no', NULL, '600.0000', '297.0000', '49.5000', 4, 'Good', 25, 15, 435, '2022-04-27 06:12:25', '2023-01-16 07:42:56'),
(380, 1, 1, 1, 14, 13, 362, 'default_roll_no', NULL, '600.0000', '202.0000', '33.6667', 6, 'Fail', 37, 18, 573, '2022-04-27 06:12:25', '2023-01-16 07:42:56'),
(381, 1, 1, 1, 14, 13, 363, 'default_roll_no', NULL, '600.0000', '539.0000', '89.8333', 1, 'Outs Standing', 5, 4, 88, '2022-04-27 06:12:25', '2023-01-16 07:42:55'),
(382, 1, 1, 1, 14, 13, 364, 'default_roll_no', NULL, '600.0000', '0.0000', '0.0000', 6, 'Fail', 52, 24, 678, '2022-04-27 06:12:25', '2023-01-16 07:42:56'),
(383, 1, 1, 1, 14, 13, 365, 'default_roll_no', NULL, '600.0000', '590.0000', '98.3333', 1, 'Outs Standing', 1, 1, 12, '2022-04-27 06:12:25', '2023-01-16 07:42:55'),
(384, 1, 1, 1, 14, 12, 367, 'default_roll_no', NULL, '600.0000', '363.0000', '60.5000', 3, 'Very Good', 19, 12, 334, '2022-04-27 06:12:25', '2023-01-16 07:42:55'),
(385, 1, 1, 1, 14, 13, 368, 'default_roll_no', NULL, '600.0000', '328.0000', '54.6667', 4, 'Good', 22, 8, 385, '2022-04-27 06:12:25', '2023-01-16 07:42:55'),
(386, 1, 1, 1, 14, 13, 371, 'default_roll_no', NULL, '600.0000', '192.0000', '32.0000', 6, 'Fail', 38, 19, 585, '2022-04-27 06:12:25', '2023-01-16 07:42:56'),
(387, 1, 1, 1, 14, 13, 374, 'default_roll_no', NULL, '600.0000', '318.0000', '53.0000', 4, 'Good', 23, 9, 404, '2022-04-27 06:12:25', '2023-01-16 07:42:56'),
(388, 1, 1, 1, 14, 12, 376, 'default_roll_no', NULL, '600.0000', '228.0000', '38.0000', 6, 'Fail', 34, 18, 538, '2022-04-27 06:12:25', '2023-01-16 07:42:56'),
(389, 1, 1, 1, 14, 13, 377, 'default_roll_no', NULL, '600.0000', '421.0000', '70.1667', 2, 'Excellent', 14, 6, 252, '2022-04-27 06:12:25', '2023-01-16 07:42:55'),
(390, 1, 1, 1, 14, 12, 378, 'default_roll_no', NULL, '600.0000', '146.0000', '24.3333', 6, 'Fail', 43, 23, 626, '2022-04-27 06:12:25', '2023-01-16 07:42:56'),
(391, 1, 1, 1, 14, 13, 379, 'default_roll_no', NULL, '600.0000', '556.0000', '92.6667', 1, 'Outs Standing', 4, 3, 65, '2022-04-27 06:12:25', '2023-01-16 07:42:55'),
(392, 1, 1, 1, 14, 13, 380, 'default_roll_no', NULL, '600.0000', '244.0000', '40.6667', 5, 'Fair', 30, 13, 514, '2022-04-27 06:12:25', '2023-01-16 07:42:56'),
(393, 1, 1, 1, 14, 13, 382, 'default_roll_no', NULL, '600.0000', '0.0000', '0.0000', 6, 'Fail', 52, 24, 678, '2022-04-27 06:12:25', '2023-01-16 07:42:56'),
(394, 1, 1, 1, 14, 13, 385, 'default_roll_no', NULL, '600.0000', '314.0000', '52.3333', 4, 'Good', 24, 10, 409, '2022-04-27 06:12:26', '2023-01-16 07:42:56'),
(395, 1, 1, 1, 14, 13, 388, 'default_roll_no', NULL, '600.0000', '231.0000', '38.5000', 6, 'Fail', 33, 16, 533, '2022-04-27 06:12:26', '2023-01-16 07:42:56'),
(396, 1, 1, 1, 14, 13, 389, 'default_roll_no', NULL, '600.0000', '454.0000', '75.6667', 2, 'Excellent', 12, 5, 210, '2022-04-27 06:12:26', '2023-01-16 07:42:55'),
(397, 1, 1, 1, 14, 13, 391, 'default_roll_no', NULL, '600.0000', '26.0000', '4.3333', 6, 'Fail', 51, 23, 672, '2022-04-27 06:12:26', '2023-01-16 07:42:56'),
(398, 1, 1, 1, 14, 12, 642, 'default_roll_no', NULL, '600.0000', '414.0000', '69.0000', 3, 'Very Good', 15, 9, 262, '2022-04-27 06:12:26', '2023-01-16 07:42:55'),
(399, 1, 1, 1, 14, 13, 665, 'default_roll_no', NULL, '600.0000', '370.0000', '61.6667', 3, 'Very Good', 18, 7, 323, '2022-04-27 06:12:26', '2023-01-16 07:42:55'),
(400, 1, 1, 1, 14, 12, 676, 'default_roll_no', NULL, '600.0000', '279.0000', '46.5000', 5, 'Fair', 28, 17, 461, '2022-04-27 06:12:26', '2023-01-16 07:42:56'),
(401, 1, 1, 1, 14, 13, 678, 'default_roll_no', NULL, '600.0000', '291.0000', '48.5000', 5, 'Fair', 26, 11, 444, '2022-04-27 06:12:26', '2023-01-16 07:42:56'),
(402, 1, 1, 1, 14, 13, 721, 'default_roll_no', NULL, '600.0000', '131.0000', '21.8333', 6, 'Fail', 46, 21, 637, '2022-04-27 06:12:26', '2023-01-16 07:42:56'),
(403, 1, 1, 1, 14, 12, 722, 'default_roll_no', NULL, '600.0000', '162.0000', '27.0000', 6, 'Fail', 39, 20, 613, '2022-04-27 06:12:26', '2023-01-16 07:42:56'),
(404, 1, 1, 1, 14, 13, 723, 'default_roll_no', NULL, '600.0000', '263.0000', '43.8333', 5, 'Fair', 29, 12, 485, '2022-04-27 06:12:26', '2023-01-16 07:42:56'),
(405, 1, 1, 1, 18, 16, 334, 'default_roll_no', NULL, '550.0000', '108.0000', '19.6364', 6, 'Fail', 52, 30, 646, '2022-04-27 06:12:26', '2023-01-16 07:42:56'),
(406, 1, 1, 1, 18, 22, 336, 'default_roll_no', NULL, '550.0000', '160.0000', '29.0909', 6, 'Fail', 44, 21, 602, '2022-04-27 06:12:26', '2023-01-16 07:42:56'),
(407, 1, 1, 1, 18, 16, 337, 'default_roll_no', NULL, '550.0000', '56.0000', '10.1818', 6, 'Fail', 57, 31, 665, '2022-04-27 06:12:26', '2023-01-16 07:42:56'),
(408, 1, 1, 1, 18, 22, 338, 'default_roll_no', NULL, '550.0000', '241.0000', '43.8182', 5, 'Fair', 29, 14, 486, '2022-04-27 06:12:26', '2023-01-16 07:42:56'),
(409, 1, 1, 1, 18, 22, 340, 'default_roll_no', NULL, '550.0000', '164.0000', '29.8182', 6, 'Fail', 43, 20, 598, '2022-04-27 06:12:26', '2023-01-16 07:42:56'),
(410, 1, 1, 1, 18, 16, 342, 'default_roll_no', NULL, '550.0000', '177.0000', '32.1818', 6, 'Fail', 40, 22, 583, '2022-04-27 06:12:26', '2023-01-16 07:42:56'),
(411, 1, 1, 1, 18, 16, 347, 'default_roll_no', NULL, '550.0000', '148.0000', '26.9091', 6, 'Fail', 47, 26, 614, '2022-04-27 06:12:26', '2023-01-16 07:42:56'),
(412, 1, 1, 1, 18, 22, 366, 'default_roll_no', NULL, '550.0000', '338.0000', '61.4545', 3, 'Very Good', 21, 10, 325, '2022-04-27 06:12:26', '2023-01-16 07:42:55'),
(413, 1, 1, 1, 18, 22, 369, 'default_roll_no', NULL, '550.0000', '169.0000', '30.7273', 6, 'Fail', 42, 19, 591, '2022-04-27 06:12:26', '2023-01-16 07:42:56'),
(414, 1, 1, 1, 18, 16, 370, 'default_roll_no', NULL, '550.0000', '128.0000', '23.2727', 6, 'Fail', 48, 27, 630, '2022-04-27 06:12:26', '2023-01-16 07:42:56'),
(415, 1, 1, 1, 18, 22, 372, 'default_roll_no', NULL, '550.0000', '85.0000', '15.4545', 6, 'Fail', 55, 25, 659, '2022-04-27 06:12:26', '2023-01-16 07:42:56'),
(416, 1, 1, 1, 18, 16, 373, 'default_roll_no', NULL, '550.0000', '154.0000', '28.0000', 6, 'Fail', 45, 24, 610, '2022-04-27 06:12:26', '2023-01-16 07:42:56'),
(417, 1, 1, 1, 18, 16, 381, 'default_roll_no', NULL, '550.0000', '109.0000', '19.8182', 6, 'Fail', 51, 29, 645, '2022-04-27 06:12:26', '2023-01-16 07:42:56'),
(418, 1, 1, 1, 18, 22, 383, 'default_roll_no', NULL, '550.0000', '71.0000', '12.9091', 6, 'Fail', 56, 26, 661, '2022-04-27 06:12:26', '2023-01-16 07:42:56'),
(419, 1, 1, 1, 18, 22, 386, 'default_roll_no', NULL, '550.0000', '118.0000', '21.4545', 6, 'Fail', 49, 22, 640, '2022-04-27 06:12:26', '2023-01-16 07:42:56'),
(420, 1, 1, 1, 18, 16, 387, 'default_roll_no', NULL, '550.0000', '150.0000', '27.2727', 6, 'Fail', 46, 25, 612, '2022-04-27 06:12:26', '2023-01-16 07:42:56'),
(421, 1, 1, 1, 18, 14, 392, 'default_roll_no', NULL, '550.0000', '0.0000', '0.0000', 6, 'Fail', 58, 1, 678, '2022-04-27 06:12:26', '2023-01-16 07:42:56'),
(422, 1, 1, 1, 18, 14, 393, 'default_roll_no', NULL, '550.0000', '0.0000', '0.0000', 6, 'Fail', 58, 1, 678, '2022-04-27 06:12:26', '2023-01-16 07:42:56'),
(423, 1, 1, 1, 18, 14, 394, 'default_roll_no', NULL, '550.0000', '0.0000', '0.0000', 6, 'Fail', 58, 1, 678, '2022-04-27 06:12:26', '2023-01-16 07:42:56'),
(424, 1, 1, 1, 18, 14, 395, 'default_roll_no', NULL, '550.0000', '0.0000', '0.0000', 6, 'Fail', 58, 1, 678, '2022-04-27 06:12:26', '2023-01-16 07:42:56'),
(425, 1, 1, 1, 18, 14, 396, 'default_roll_no', NULL, '550.0000', '0.0000', '0.0000', 6, 'Fail', 58, 1, 678, '2022-04-27 06:12:26', '2023-01-16 07:42:56'),
(426, 1, 1, 1, 18, 14, 397, 'default_roll_no', NULL, '550.0000', '0.0000', '0.0000', 6, 'Fail', 58, 1, 678, '2022-04-27 06:12:26', '2023-01-16 07:42:56'),
(427, 1, 1, 1, 18, 14, 398, 'default_roll_no', NULL, '550.0000', '0.0000', '0.0000', 6, 'Fail', 58, 1, 678, '2022-04-27 06:12:26', '2023-01-16 07:42:56'),
(428, 1, 1, 1, 18, 14, 399, 'default_roll_no', NULL, '550.0000', '0.0000', '0.0000', 6, 'Fail', 58, 1, 678, '2022-04-27 06:12:26', '2023-01-16 07:42:56'),
(429, 1, 1, 1, 18, 14, 400, 'default_roll_no', NULL, '550.0000', '0.0000', '0.0000', 6, 'Fail', 58, 1, 678, '2022-04-27 06:12:26', '2023-01-16 07:42:56'),
(430, 1, 1, 1, 18, 14, 401, 'default_roll_no', NULL, '550.0000', '0.0000', '0.0000', 6, 'Fail', 58, 1, 678, '2022-04-27 06:12:26', '2023-01-16 07:42:56'),
(431, 1, 1, 1, 18, 14, 402, 'default_roll_no', NULL, '550.0000', '0.0000', '0.0000', 6, 'Fail', 58, 1, 678, '2022-04-27 06:12:26', '2023-01-16 07:42:56'),
(432, 1, 1, 1, 18, 14, 403, 'default_roll_no', NULL, '550.0000', '0.0000', '0.0000', 6, 'Fail', 58, 1, 678, '2022-04-27 06:12:26', '2023-01-16 07:42:56'),
(433, 1, 1, 1, 18, 14, 404, 'default_roll_no', NULL, '550.0000', '0.0000', '0.0000', 6, 'Fail', 58, 1, 678, '2022-04-27 06:12:26', '2023-01-16 07:42:56'),
(434, 1, 1, 1, 18, 14, 405, 'default_roll_no', NULL, '550.0000', '0.0000', '0.0000', 6, 'Fail', 58, 1, 678, '2022-04-27 06:12:26', '2023-01-16 07:42:56'),
(435, 1, 1, 1, 18, 14, 406, 'default_roll_no', NULL, '550.0000', '0.0000', '0.0000', 6, 'Fail', 58, 1, 678, '2022-04-27 06:12:26', '2023-01-16 07:42:56'),
(436, 1, 1, 1, 18, 14, 407, 'default_roll_no', NULL, '550.0000', '0.0000', '0.0000', 6, 'Fail', 58, 1, 678, '2022-04-27 06:12:26', '2023-01-16 07:42:56'),
(437, 1, 1, 1, 18, 14, 408, 'default_roll_no', NULL, '550.0000', '0.0000', '0.0000', 6, 'Fail', 58, 1, 678, '2022-04-27 06:12:26', '2023-01-16 07:42:56'),
(438, 1, 1, 1, 18, 14, 409, 'default_roll_no', NULL, '550.0000', '0.0000', '0.0000', 6, 'Fail', 58, 1, 678, '2022-04-27 06:12:26', '2023-01-16 07:42:56'),
(439, 1, 1, 1, 18, 14, 410, 'default_roll_no', NULL, '550.0000', '0.0000', '0.0000', 6, 'Fail', 58, 1, 678, '2022-04-27 06:12:26', '2023-01-16 07:42:56'),
(440, 1, 1, 1, 18, 14, 411, 'default_roll_no', NULL, '550.0000', '0.0000', '0.0000', 6, 'Fail', 58, 1, 678, '2022-04-27 06:12:26', '2023-01-16 07:42:56'),
(441, 1, 1, 1, 18, 14, 412, 'default_roll_no', NULL, '550.0000', '0.0000', '0.0000', 6, 'Fail', 58, 1, 678, '2022-04-27 06:12:26', '2023-01-16 07:42:56'),
(442, 1, 1, 1, 18, 14, 413, 'default_roll_no', NULL, '550.0000', '0.0000', '0.0000', 6, 'Fail', 58, 1, 678, '2022-04-27 06:12:26', '2023-01-16 07:42:56'),
(443, 1, 1, 1, 18, 14, 414, 'default_roll_no', NULL, '550.0000', '0.0000', '0.0000', 6, 'Fail', 58, 1, 678, '2022-04-27 06:12:26', '2023-01-16 07:42:56'),
(444, 1, 1, 1, 18, 14, 415, 'default_roll_no', NULL, '550.0000', '0.0000', '0.0000', 6, 'Fail', 58, 1, 678, '2022-04-27 06:12:26', '2023-01-16 07:42:56'),
(445, 1, 1, 1, 18, 14, 416, 'default_roll_no', NULL, '550.0000', '0.0000', '0.0000', 6, 'Fail', 58, 1, 678, '2022-04-27 06:12:26', '2023-01-16 07:42:56'),
(446, 1, 1, 1, 18, 14, 417, 'default_roll_no', NULL, '550.0000', '0.0000', '0.0000', 6, 'Fail', 58, 1, 678, '2022-04-27 06:12:26', '2023-01-16 07:42:56'),
(447, 1, 1, 1, 18, 14, 418, 'default_roll_no', NULL, '550.0000', '0.0000', '0.0000', 6, 'Fail', 58, 1, 678, '2022-04-27 06:12:26', '2023-01-16 07:42:56'),
(448, 1, 1, 1, 18, 14, 419, 'default_roll_no', NULL, '550.0000', '0.0000', '0.0000', 6, 'Fail', 58, 1, 678, '2022-04-27 06:12:26', '2023-01-16 07:42:56'),
(449, 1, 1, 1, 18, 14, 420, 'default_roll_no', NULL, '550.0000', '0.0000', '0.0000', 6, 'Fail', 58, 1, 678, '2022-04-27 06:12:26', '2023-01-16 07:42:56'),
(450, 1, 1, 1, 18, 14, 421, 'default_roll_no', NULL, '550.0000', '0.0000', '0.0000', 6, 'Fail', 58, 1, 678, '2022-04-27 06:12:26', '2023-01-16 07:42:56'),
(451, 1, 1, 1, 18, 14, 422, 'default_roll_no', NULL, '550.0000', '0.0000', '0.0000', 6, 'Fail', 58, 1, 678, '2022-04-27 06:12:26', '2023-01-16 07:42:56'),
(452, 1, 1, 1, 18, 15, 423, 'default_roll_no', NULL, '0.0000', '0.0000', '0.0000', NULL, NULL, 58, NULL, 678, '2022-04-27 06:12:26', '2023-01-16 07:42:56'),
(453, 1, 1, 1, 18, 14, 424, 'default_roll_no', NULL, '550.0000', '0.0000', '0.0000', 6, 'Fail', 58, 1, 678, '2022-04-27 06:12:26', '2023-01-16 07:42:56'),
(454, 1, 1, 1, 18, 14, 425, 'default_roll_no', NULL, '550.0000', '0.0000', '0.0000', 6, 'Fail', 58, 1, 678, '2022-04-27 06:12:27', '2023-01-16 07:42:56'),
(455, 1, 1, 1, 18, 15, 426, 'default_roll_no', NULL, '0.0000', '0.0000', '0.0000', NULL, NULL, 58, NULL, 678, '2022-04-27 06:12:27', '2023-01-16 07:42:56'),
(456, 1, 1, 1, 18, 15, 427, 'default_roll_no', NULL, '0.0000', '0.0000', '0.0000', NULL, NULL, 58, NULL, 678, '2022-04-27 06:12:27', '2023-01-16 07:42:56'),
(457, 1, 1, 1, 18, 15, 428, 'default_roll_no', NULL, '0.0000', '0.0000', '0.0000', NULL, NULL, 58, NULL, 678, '2022-04-27 06:12:27', '2023-01-16 07:42:56'),
(458, 1, 1, 1, 18, 15, 429, 'default_roll_no', NULL, '0.0000', '0.0000', '0.0000', NULL, NULL, 58, NULL, 678, '2022-04-27 06:12:27', '2023-01-16 07:42:56'),
(459, 1, 1, 1, 18, 15, 430, 'default_roll_no', NULL, '0.0000', '0.0000', '0.0000', NULL, NULL, 58, NULL, 678, '2022-04-27 06:12:27', '2023-01-16 07:42:56'),
(460, 1, 1, 1, 18, 15, 431, 'default_roll_no', NULL, '0.0000', '0.0000', '0.0000', NULL, NULL, 58, NULL, 678, '2022-04-27 06:12:27', '2023-01-16 07:42:56'),
(461, 1, 1, 1, 18, 15, 432, 'default_roll_no', NULL, '0.0000', '0.0000', '0.0000', NULL, NULL, 58, NULL, 678, '2022-04-27 06:12:27', '2023-01-16 07:42:56'),
(462, 1, 1, 1, 18, 15, 433, 'default_roll_no', NULL, '0.0000', '0.0000', '0.0000', NULL, NULL, 58, NULL, 678, '2022-04-27 06:12:27', '2023-01-16 07:42:56'),
(463, 1, 1, 1, 18, 15, 434, 'default_roll_no', NULL, '0.0000', '0.0000', '0.0000', NULL, NULL, 58, NULL, 678, '2022-04-27 06:12:27', '2023-01-16 07:42:56'),
(464, 1, 1, 1, 18, 15, 435, 'default_roll_no', NULL, '0.0000', '0.0000', '0.0000', NULL, NULL, 58, NULL, 678, '2022-04-27 06:12:27', '2023-01-16 07:42:56'),
(465, 1, 1, 1, 18, 15, 436, 'default_roll_no', NULL, '0.0000', '0.0000', '0.0000', NULL, NULL, 58, NULL, 678, '2022-04-27 06:12:27', '2023-01-16 07:42:56'),
(466, 1, 1, 1, 18, 15, 437, 'default_roll_no', NULL, '0.0000', '0.0000', '0.0000', NULL, NULL, 58, NULL, 678, '2022-04-27 06:12:27', '2023-01-16 07:42:56'),
(467, 1, 1, 1, 18, 15, 438, 'default_roll_no', NULL, '0.0000', '0.0000', '0.0000', NULL, NULL, 58, NULL, 678, '2022-04-27 06:12:27', '2023-01-16 07:42:56'),
(468, 1, 1, 1, 18, 15, 439, 'default_roll_no', NULL, '0.0000', '0.0000', '0.0000', NULL, NULL, 58, NULL, 678, '2022-04-27 06:12:27', '2023-01-16 07:42:56'),
(469, 1, 1, 1, 18, 15, 440, 'default_roll_no', NULL, '0.0000', '0.0000', '0.0000', NULL, NULL, 58, NULL, 678, '2022-04-27 06:12:27', '2023-01-16 07:42:56'),
(470, 1, 1, 1, 18, 15, 441, 'default_roll_no', NULL, '0.0000', '0.0000', '0.0000', NULL, NULL, 58, NULL, 678, '2022-04-27 06:12:27', '2023-01-16 07:42:56'),
(471, 1, 1, 1, 18, 15, 442, 'default_roll_no', NULL, '0.0000', '0.0000', '0.0000', NULL, NULL, 58, NULL, 678, '2022-04-27 06:12:27', '2023-01-16 07:42:56'),
(472, 1, 1, 1, 18, 15, 443, 'default_roll_no', NULL, '0.0000', '0.0000', '0.0000', NULL, NULL, 58, NULL, 678, '2022-04-27 06:12:27', '2023-01-16 07:42:56'),
(473, 1, 1, 1, 18, 15, 444, 'default_roll_no', NULL, '0.0000', '0.0000', '0.0000', NULL, NULL, 58, NULL, 678, '2022-04-27 06:12:27', '2023-01-16 07:42:56'),
(474, 1, 1, 1, 18, 15, 445, 'default_roll_no', NULL, '0.0000', '0.0000', '0.0000', NULL, NULL, 58, NULL, 678, '2022-04-27 06:12:27', '2023-01-16 07:42:56'),
(475, 1, 1, 1, 18, 15, 446, 'default_roll_no', NULL, '0.0000', '0.0000', '0.0000', NULL, NULL, 58, NULL, 678, '2022-04-27 06:12:27', '2023-01-16 07:42:56'),
(476, 1, 1, 1, 18, 15, 447, 'default_roll_no', NULL, '0.0000', '0.0000', '0.0000', NULL, NULL, 58, NULL, 678, '2022-04-27 06:12:27', '2023-01-16 07:42:56'),
(477, 1, 1, 1, 18, 15, 448, 'default_roll_no', NULL, '0.0000', '0.0000', '0.0000', NULL, NULL, 58, NULL, 678, '2022-04-27 06:12:27', '2023-01-16 07:42:56'),
(478, 1, 1, 1, 18, 15, 449, 'default_roll_no', NULL, '0.0000', '0.0000', '0.0000', NULL, NULL, 58, NULL, 678, '2022-04-27 06:12:27', '2023-01-16 07:42:56'),
(479, 1, 1, 1, 18, 15, 450, 'default_roll_no', NULL, '0.0000', '0.0000', '0.0000', NULL, NULL, 58, NULL, 678, '2022-04-27 06:12:27', '2023-01-16 07:42:56'),
(480, 1, 1, 1, 18, 15, 451, 'default_roll_no', NULL, '0.0000', '0.0000', '0.0000', NULL, NULL, 58, NULL, 678, '2022-04-27 06:12:27', '2023-01-16 07:42:56'),
(481, 1, 1, 1, 18, 15, 452, 'default_roll_no', NULL, '0.0000', '0.0000', '0.0000', NULL, NULL, 58, NULL, 678, '2022-04-27 06:12:27', '2023-01-16 07:42:56'),
(482, 1, 1, 1, 18, 15, 453, 'default_roll_no', NULL, '0.0000', '0.0000', '0.0000', NULL, NULL, 58, NULL, 678, '2022-04-27 06:12:27', '2023-01-16 07:42:56'),
(483, 1, 1, 1, 18, 15, 454, 'default_roll_no', NULL, '0.0000', '0.0000', '0.0000', NULL, NULL, 58, NULL, 678, '2022-04-27 06:12:27', '2023-01-16 07:42:56'),
(484, 1, 1, 1, 18, 15, 455, 'default_roll_no', NULL, '0.0000', '0.0000', '0.0000', NULL, NULL, 58, NULL, 678, '2022-04-27 06:12:27', '2023-01-16 07:42:56'),
(485, 1, 1, 1, 18, 15, 456, 'default_roll_no', NULL, '0.0000', '0.0000', '0.0000', NULL, NULL, 58, NULL, 678, '2022-04-27 06:12:27', '2023-01-16 07:42:56'),
(486, 1, 1, 1, 18, 22, 457, 'default_roll_no', NULL, '550.0000', '530.0000', '96.3636', 1, 'Outs Standing', 1, 1, 31, '2022-04-27 06:12:27', '2023-01-16 07:42:55'),
(487, 1, 1, 1, 18, 16, 458, 'default_roll_no', NULL, '550.0000', '397.0000', '72.1818', 2, 'Excellent', 13, 8, 234, '2022-04-27 06:12:27', '2023-01-16 07:42:55'),
(488, 1, 1, 1, 18, 16, 459, 'default_roll_no', NULL, '550.0000', '442.0000', '80.3636', 1, 'Outs Standing', 9, 5, 175, '2022-04-27 06:12:27', '2023-01-16 07:42:55'),
(489, 1, 1, 1, 18, 16, 460, 'default_roll_no', NULL, '550.0000', '183.0000', '33.2727', 6, 'Fail', 39, 21, 577, '2022-04-27 06:12:27', '2023-01-16 07:42:56'),
(490, 1, 1, 1, 18, 22, 461, 'default_roll_no', NULL, '550.0000', '431.0000', '78.3636', 2, 'Excellent', 10, 5, 190, '2022-04-27 06:12:27', '2023-01-16 07:42:55'),
(491, 1, 1, 1, 18, 16, 462, 'default_roll_no', NULL, '550.0000', '404.0000', '73.4545', 2, 'Excellent', 12, 7, 225, '2022-04-27 06:12:27', '2023-01-16 07:42:55'),
(492, 1, 1, 1, 18, 16, 463, 'default_roll_no', NULL, '550.0000', '511.0000', '92.9091', 1, 'Outs Standing', 4, 3, 63, '2022-04-27 06:12:27', '2023-01-16 07:42:55'),
(493, 1, 1, 1, 18, 16, 464, 'default_roll_no', NULL, '550.0000', '491.0000', '89.2727', 1, 'Outs Standing', 6, 4, 95, '2022-04-27 06:12:27', '2023-01-16 07:42:55'),
(494, 1, 1, 1, 18, 16, 465, 'default_roll_no', NULL, '550.0000', '349.0000', '63.4545', 3, 'Very Good', 19, 11, 304, '2022-04-27 06:12:27', '2023-01-16 07:42:55'),
(495, 1, 1, 1, 18, 22, 466, 'default_roll_no', NULL, '550.0000', '288.0000', '52.3636', 4, 'Good', 23, 11, 408, '2022-04-27 06:12:27', '2023-01-16 07:42:56'),
(496, 1, 1, 1, 18, 22, 468, 'default_roll_no', NULL, '550.0000', '466.0000', '84.7273', 1, 'Outs Standing', 7, 3, 136, '2022-04-27 06:12:27', '2023-01-16 07:42:55'),
(497, 1, 1, 1, 18, 16, 469, 'default_roll_no', NULL, '550.0000', '323.0000', '58.7273', 4, 'Good', 22, 12, 353, '2022-04-27 06:12:27', '2023-01-16 07:42:55'),
(498, 1, 1, 1, 18, 16, 471, 'default_roll_no', NULL, '550.0000', '226.0000', '41.0909', 5, 'Fair', 33, 18, 511, '2022-04-27 06:12:27', '2023-01-16 07:42:56'),
(499, 1, 1, 1, 18, 16, 472, 'default_roll_no', NULL, '550.0000', '376.0000', '68.3636', 3, 'Very Good', 18, 10, 267, '2022-04-27 06:12:27', '2023-01-16 07:42:55'),
(500, 1, 1, 1, 18, 22, 473, 'default_roll_no', NULL, '550.0000', '241.0000', '43.8182', 5, 'Fair', 29, 14, 486, '2022-04-27 06:12:27', '2023-01-16 07:42:56'),
(501, 1, 1, 1, 18, 16, 474, 'default_roll_no', NULL, '550.0000', '406.0000', '73.8182', 2, 'Excellent', 11, 6, 222, '2022-04-27 06:12:27', '2023-01-16 07:42:55'),
(502, 1, 1, 1, 18, 16, 475, 'default_roll_no', NULL, '550.0000', '192.0000', '34.9091', 6, 'Fail', 38, 20, 565, '2022-04-27 06:12:27', '2023-01-16 07:42:56'),
(503, 1, 1, 1, 18, 16, 476, 'default_roll_no', NULL, '550.0000', '247.0000', '44.9091', 5, 'Fair', 28, 15, 474, '2022-04-27 06:12:27', '2023-01-16 07:42:56'),
(504, 1, 1, 1, 18, 16, 477, 'default_roll_no', NULL, '550.0000', '519.0000', '94.3636', 1, 'Outs Standing', 2, 1, 50, '2022-04-27 06:12:27', '2023-01-16 07:42:55'),
(505, 1, 1, 1, 18, 22, 478, 'default_roll_no', NULL, '550.0000', '249.0000', '45.2727', 5, 'Fair', 27, 13, 470, '2022-04-27 06:12:27', '2023-01-16 07:42:56'),
(506, 1, 1, 1, 18, 16, 479, 'default_roll_no', NULL, '550.0000', '233.0000', '42.3636', 5, 'Fair', 30, 16, 500, '2022-04-27 06:12:27', '2023-01-16 07:42:56'),
(507, 1, 1, 1, 18, 16, 480, 'default_roll_no', NULL, '550.0000', '517.0000', '94.0000', 1, 'Outs Standing', 3, 2, 55, '2022-04-27 06:12:27', '2023-01-16 07:42:55'),
(508, 1, 1, 1, 18, 22, 481, 'default_roll_no', NULL, '550.0000', '211.0000', '38.3636', 6, 'Fail', 36, 18, 534, '2022-04-27 06:12:27', '2023-01-16 07:42:56'),
(509, 1, 1, 1, 18, 22, 482, 'default_roll_no', NULL, '550.0000', '493.0000', '89.6364', 1, 'Outs Standing', 5, 2, 90, '2022-04-27 06:12:27', '2023-01-16 07:42:55'),
(510, 1, 1, 1, 18, 16, 483, 'default_roll_no', NULL, '550.0000', '227.0000', '41.2727', 5, 'Fair', 32, 17, 510, '2022-04-27 06:12:27', '2023-01-16 07:42:56'),
(511, 1, 1, 1, 18, 16, 484, 'default_roll_no', NULL, '550.0000', '171.0000', '31.0909', 6, 'Fail', 41, 23, 590, '2022-04-27 06:12:27', '2023-01-16 07:42:56'),
(512, 1, 1, 1, 18, 22, 485, 'default_roll_no', NULL, '550.0000', '391.0000', '71.0909', 2, 'Excellent', 15, 7, 244, '2022-04-27 06:12:27', '2023-01-16 07:42:55'),
(513, 1, 1, 1, 18, 22, 486, 'default_roll_no', NULL, '550.0000', '344.0000', '62.5455', 3, 'Very Good', 20, 9, 313, '2022-04-27 06:12:27', '2023-01-16 07:42:55'),
(514, 1, 1, 1, 18, 22, 487, 'default_roll_no', NULL, '550.0000', '286.0000', '52.0000', 4, 'Good', 24, 12, 412, '2022-04-27 06:12:27', '2023-01-16 07:42:56'),
(515, 1, 1, 1, 18, 16, 488, 'default_roll_no', NULL, '550.0000', '381.0000', '69.2727', 2, 'Excellent', 17, 9, 260, '2022-04-27 06:12:27', '2023-01-16 07:42:55'),
(516, 1, 1, 1, 18, 22, 489, 'default_roll_no', NULL, '550.0000', '390.0000', '70.9091', 2, 'Excellent', 16, 8, 245, '2022-04-27 06:12:27', '2023-01-16 07:42:55'),
(517, 1, 1, 1, 18, 16, 490, 'default_roll_no', NULL, '550.0000', '511.0000', '92.9091', 1, 'Outs Standing', 4, 3, 63, '2022-04-27 06:12:27', '2023-01-16 07:42:55'),
(518, 1, 1, 1, 18, 22, 491, 'default_roll_no', NULL, '550.0000', '218.0000', '39.6364', 5, 'Fair', 34, 16, 522, '2022-04-27 06:12:27', '2023-01-16 07:42:56'),
(519, 1, 1, 1, 18, 22, 492, 'default_roll_no', NULL, '550.0000', '215.0000', '39.0909', 5, 'Fair', 35, 17, 528, '2022-04-27 06:12:27', '2023-01-16 07:42:56'),
(520, 1, 1, 1, 18, 14, 632, 'default_roll_no', NULL, '550.0000', '0.0000', '0.0000', 6, 'Fail', 58, 1, 678, '2022-04-27 06:12:27', '2023-01-16 07:42:56'),
(521, 1, 1, 1, 18, 16, 633, 'default_roll_no', NULL, '550.0000', '273.0000', '49.6364', 4, 'Good', 25, 13, 433, '2022-04-27 06:12:27', '2023-01-16 07:42:56'),
(522, 1, 1, 1, 18, 16, 634, 'default_roll_no', NULL, '550.0000', '111.0000', '20.1818', 6, 'Fail', 50, 28, 642, '2022-04-27 06:12:27', '2023-01-16 07:42:56'),
(523, 1, 1, 1, 18, 22, 639, 'default_roll_no', NULL, '550.0000', '228.0000', '41.4545', 5, 'Fair', 31, 15, 507, '2022-04-27 06:12:27', '2023-01-16 07:42:56'),
(524, 1, 1, 1, 18, 22, 651, 'default_roll_no', NULL, '550.0000', '395.0000', '71.8182', 2, 'Excellent', 14, 6, 236, '2022-04-27 06:12:27', '2023-01-16 07:42:55'),
(525, 1, 1, 1, 18, 22, 656, 'default_roll_no', NULL, '550.0000', '86.0000', '15.6364', 6, 'Fail', 54, 24, 658, '2022-04-27 06:12:27', '2023-01-16 07:42:56'),
(526, 1, 1, 1, 18, 16, 661, 'default_roll_no', NULL, '550.0000', '200.0000', '36.3636', 6, 'Fail', 37, 19, 555, '2022-04-27 06:12:27', '2023-01-16 07:42:56'),
(527, 1, 1, 1, 18, 22, 698, 'default_roll_no', NULL, '550.0000', '451.0000', '82.0000', 1, 'Outs Standing', 8, 4, 160, '2022-04-27 06:12:27', '2023-01-16 07:42:55'),
(528, 1, 1, 1, 18, 14, 703, 'default_roll_no', NULL, '550.0000', '0.0000', '0.0000', 6, 'Fail', 58, 1, 678, '2022-04-27 06:12:27', '2023-01-16 07:42:56'),
(529, 1, 1, 1, 18, 16, 707, 'default_roll_no', NULL, '550.0000', '252.0000', '45.8182', 5, 'Fair', 26, 14, 466, '2022-04-27 06:12:27', '2023-01-16 07:42:56'),
(530, 1, 1, 1, 18, 22, 710, 'default_roll_no', NULL, '550.0000', '91.0000', '16.5455', 6, 'Fail', 53, 23, 655, '2022-04-27 06:12:28', '2023-01-16 07:42:56'),
(531, 2, 1, 1, 18, 16, 334, 'default_roll_no', NULL, '0.0000', '0.0000', '0.0000', NULL, NULL, 33, NULL, 0, '2022-04-27 06:12:59', '2022-05-12 06:12:55'),
(532, 2, 1, 1, 18, 22, 336, 'default_roll_no', NULL, '0.0000', '0.0000', '0.0000', NULL, NULL, 33, NULL, 0, '2022-04-27 06:12:59', '2022-05-12 06:12:55'),
(533, 2, 1, 1, 18, 16, 337, 'default_roll_no', NULL, '0.0000', '0.0000', '0.0000', NULL, NULL, 33, NULL, 0, '2022-04-27 06:12:59', '2022-05-12 06:12:55'),
(534, 2, 1, 1, 18, 22, 338, 'default_roll_no', NULL, '0.0000', '0.0000', '0.0000', NULL, NULL, 33, NULL, 0, '2022-04-27 06:12:59', '2022-05-12 06:12:55'),
(535, 2, 1, 1, 18, 22, 340, 'default_roll_no', NULL, '0.0000', '0.0000', '0.0000', NULL, NULL, 33, NULL, 0, '2022-04-27 06:12:59', '2022-05-12 06:12:55'),
(536, 2, 1, 1, 18, 16, 342, 'default_roll_no', NULL, '0.0000', '0.0000', '0.0000', NULL, NULL, 33, NULL, 0, '2022-04-27 06:12:59', '2022-05-12 06:12:55'),
(537, 2, 1, 1, 18, 16, 347, 'default_roll_no', NULL, '0.0000', '0.0000', '0.0000', NULL, NULL, 33, NULL, 0, '2022-04-27 06:12:59', '2022-05-12 06:12:55'),
(538, 2, 1, 1, 18, 22, 366, 'default_roll_no', NULL, '0.0000', '0.0000', '0.0000', NULL, NULL, 33, NULL, 0, '2022-04-27 06:12:59', '2022-05-12 06:12:55'),
(539, 2, 1, 1, 18, 22, 369, 'default_roll_no', NULL, '0.0000', '0.0000', '0.0000', NULL, NULL, 33, NULL, 0, '2022-04-27 06:12:59', '2022-05-12 06:12:55'),
(540, 2, 1, 1, 18, 16, 370, 'default_roll_no', NULL, '0.0000', '0.0000', '0.0000', NULL, NULL, 33, NULL, 0, '2022-04-27 06:12:59', '2022-05-12 06:12:55'),
(541, 2, 1, 1, 18, 22, 372, 'default_roll_no', NULL, '0.0000', '0.0000', '0.0000', NULL, NULL, 33, NULL, 0, '2022-04-27 06:12:59', '2022-05-12 06:12:55'),
(542, 2, 1, 1, 18, 16, 373, 'default_roll_no', NULL, '0.0000', '0.0000', '0.0000', NULL, NULL, 33, NULL, 0, '2022-04-27 06:12:59', '2022-05-12 06:12:55'),
(543, 2, 1, 1, 18, 16, 381, 'default_roll_no', NULL, '0.0000', '0.0000', '0.0000', NULL, NULL, 33, NULL, 0, '2022-04-27 06:12:59', '2022-05-12 06:12:55'),
(544, 2, 1, 1, 18, 22, 383, 'default_roll_no', NULL, '0.0000', '0.0000', '0.0000', NULL, NULL, 33, NULL, 0, '2022-04-27 06:12:59', '2022-05-12 06:12:55'),
(545, 2, 1, 1, 18, 22, 386, 'default_roll_no', NULL, '0.0000', '0.0000', '0.0000', NULL, NULL, 33, NULL, 0, '2022-04-27 06:12:59', '2022-05-12 06:12:55'),
(546, 2, 1, 1, 18, 16, 387, 'default_roll_no', NULL, '0.0000', '0.0000', '0.0000', NULL, NULL, 33, NULL, 0, '2022-04-27 06:12:59', '2022-05-12 06:12:55'),
(547, 2, 1, 1, 18, 14, 392, 'default_roll_no', NULL, '550.0000', '0.0000', '0.0000', 6, 'Fail', 33, 19, 0, '2022-04-27 06:12:59', '2022-05-12 06:12:55'),
(548, 2, 1, 1, 18, 14, 393, 'default_roll_no', NULL, '550.0000', '0.0000', '0.0000', 6, 'Fail', 33, 19, 0, '2022-04-27 06:12:59', '2022-05-12 06:12:55'),
(549, 2, 1, 1, 18, 14, 394, 'default_roll_no', NULL, '550.0000', '213.0000', '38.7273', 6, 'Fail', 14, 4, 0, '2022-04-27 06:12:59', '2022-05-12 06:12:55'),
(550, 2, 1, 1, 18, 14, 395, 'default_roll_no', NULL, '550.0000', '0.0000', '0.0000', 6, 'Fail', 33, 19, 0, '2022-04-27 06:12:59', '2022-05-12 06:12:55'),
(551, 2, 1, 1, 18, 14, 396, 'default_roll_no', NULL, '550.0000', '313.0000', '56.9091', 4, 'Good', 7, 1, 108, '2022-04-27 06:12:59', '2022-05-12 06:12:55'),
(552, 2, 1, 1, 18, 14, 397, 'default_roll_no', NULL, '550.0000', '0.0000', '0.0000', 6, 'Fail', 33, 19, 0, '2022-04-27 06:12:59', '2022-05-12 06:12:55'),
(553, 2, 1, 1, 18, 14, 398, 'default_roll_no', NULL, '550.0000', '0.0000', '0.0000', 6, 'Fail', 33, 19, 0, '2022-04-27 06:12:59', '2022-05-12 06:12:55'),
(554, 2, 1, 1, 18, 14, 399, 'default_roll_no', NULL, '550.0000', '0.0000', '0.0000', 6, 'Fail', 33, 19, 0, '2022-04-27 06:12:59', '2022-05-12 06:12:55'),
(555, 2, 1, 1, 18, 14, 400, 'default_roll_no', NULL, '550.0000', '0.0000', '0.0000', 6, 'Fail', 33, 19, 0, '2022-04-27 06:12:59', '2022-05-12 06:12:55'),
(556, 2, 1, 1, 18, 14, 401, 'default_roll_no', NULL, '550.0000', '0.0000', '0.0000', 6, 'Fail', 33, 19, 0, '2022-04-27 06:12:59', '2022-05-12 06:12:55'),
(557, 2, 1, 1, 18, 14, 402, 'default_roll_no', NULL, '550.0000', '0.0000', '0.0000', 6, 'Fail', 33, 19, 0, '2022-04-27 06:13:00', '2022-05-12 06:12:55'),
(558, 2, 1, 1, 18, 14, 403, 'default_roll_no', NULL, '550.0000', '0.0000', '0.0000', 6, 'Fail', 33, 19, 0, '2022-04-27 06:13:00', '2022-05-12 06:12:55'),
(559, 2, 1, 1, 18, 14, 404, 'default_roll_no', NULL, '550.0000', '9.0000', '1.6364', 6, 'Fail', 32, 18, 0, '2022-04-27 06:13:00', '2022-05-12 06:12:55'),
(560, 2, 1, 1, 18, 14, 405, 'default_roll_no', NULL, '550.0000', '107.0000', '19.4545', 6, 'Fail', 20, 8, 0, '2022-04-27 06:13:00', '2022-05-12 06:12:55'),
(561, 2, 1, 1, 18, 14, 406, 'default_roll_no', NULL, '550.0000', '0.0000', '0.0000', 6, 'Fail', 33, 19, 0, '2022-04-27 06:13:00', '2022-05-12 06:12:55'),
(562, 2, 1, 1, 18, 14, 407, 'default_roll_no', NULL, '550.0000', '0.0000', '0.0000', 6, 'Fail', 33, 19, 0, '2022-04-27 06:13:00', '2022-05-12 06:12:55'),
(563, 2, 1, 1, 18, 14, 408, 'default_roll_no', NULL, '550.0000', '32.0000', '5.8182', 6, 'Fail', 27, 14, 0, '2022-04-27 06:13:00', '2022-05-12 06:12:55'),
(564, 2, 1, 1, 18, 14, 409, 'default_roll_no', NULL, '550.0000', '108.0000', '19.6364', 6, 'Fail', 19, 7, 0, '2022-04-27 06:13:00', '2022-05-12 06:12:55'),
(565, 2, 1, 1, 18, 14, 410, 'default_roll_no', NULL, '550.0000', '0.0000', '0.0000', 6, 'Fail', 33, 19, 0, '2022-04-27 06:13:00', '2022-05-12 06:12:55'),
(566, 2, 1, 1, 18, 14, 411, 'default_roll_no', NULL, '550.0000', '98.0000', '17.8182', 6, 'Fail', 22, 10, 0, '2022-04-27 06:13:00', '2022-05-12 06:12:55'),
(567, 2, 1, 1, 18, 14, 412, 'default_roll_no', NULL, '550.0000', '105.0000', '19.0909', 6, 'Fail', 21, 9, 0, '2022-04-27 06:13:00', '2022-05-12 06:12:55'),
(568, 2, 1, 1, 18, 14, 413, 'default_roll_no', NULL, '550.0000', '0.0000', '0.0000', 6, 'Fail', 33, 19, 0, '2022-04-27 06:13:00', '2022-05-12 06:12:55'),
(569, 2, 1, 1, 18, 14, 414, 'default_roll_no', NULL, '550.0000', '0.0000', '0.0000', 6, 'Fail', 33, 19, 0, '2022-04-27 06:13:00', '2022-05-12 06:12:55'),
(570, 2, 1, 1, 18, 14, 415, 'default_roll_no', NULL, '550.0000', '70.0000', '12.7273', 6, 'Fail', 24, 11, 0, '2022-04-27 06:13:00', '2022-05-12 06:12:55'),
(571, 2, 1, 1, 18, 14, 416, 'default_roll_no', NULL, '550.0000', '20.0000', '3.6364', 6, 'Fail', 30, 16, 0, '2022-04-27 06:13:00', '2022-05-12 06:12:55'),
(572, 2, 1, 1, 18, 14, 417, 'default_roll_no', NULL, '550.0000', '173.0000', '31.4545', 6, 'Fail', 17, 5, 0, '2022-04-27 06:13:00', '2022-05-12 06:12:55'),
(573, 2, 1, 1, 18, 14, 418, 'default_roll_no', NULL, '550.0000', '115.0000', '20.9091', 6, 'Fail', 18, 6, 0, '2022-04-27 06:13:00', '2022-05-12 06:12:55'),
(574, 2, 1, 1, 18, 14, 419, 'default_roll_no', NULL, '550.0000', '47.0000', '8.5455', 6, 'Fail', 25, 12, 0, '2022-04-27 06:13:00', '2022-05-12 06:12:55'),
(575, 2, 1, 1, 18, 14, 420, 'default_roll_no', NULL, '550.0000', '0.0000', '0.0000', 6, 'Fail', 33, 19, 0, '2022-04-27 06:13:00', '2022-05-12 06:12:55'),
(576, 2, 1, 1, 18, 14, 421, 'default_roll_no', NULL, '550.0000', '39.0000', '7.0909', 6, 'Fail', 26, 13, 0, '2022-04-27 06:13:00', '2022-05-12 06:12:55'),
(577, 2, 1, 1, 18, 14, 422, 'default_roll_no', NULL, '550.0000', '26.0000', '4.7273', 6, 'Fail', 28, 15, 0, '2022-04-27 06:13:00', '2022-05-12 06:12:55'),
(578, 2, 1, 1, 18, 15, 423, 'default_roll_no', NULL, '550.0000', '0.0000', '0.0000', 6, 'Fail', 33, 17, 0, '2022-04-27 06:13:00', '2022-05-12 06:12:55'),
(579, 2, 1, 1, 18, 14, 424, 'default_roll_no', NULL, '550.0000', '245.0000', '44.5455', 5, 'Fair', 12, 3, 0, '2022-04-27 06:13:00', '2022-05-12 06:12:55'),
(580, 2, 1, 1, 18, 14, 425, 'default_roll_no', NULL, '550.0000', '13.0000', '2.3636', 6, 'Fail', 31, 17, 0, '2022-04-27 06:13:00', '2022-05-12 06:12:55'),
(581, 2, 1, 1, 18, 15, 426, 'default_roll_no', NULL, '550.0000', '260.0000', '47.2727', 5, 'Fair', 11, 9, 0, '2022-04-27 06:13:00', '2022-05-12 06:12:35'),
(582, 2, 1, 1, 18, 15, 427, 'default_roll_no', NULL, '550.0000', '0.0000', '0.0000', 6, 'Fail', 33, 17, 0, '2022-04-27 06:13:00', '2022-05-12 06:12:55'),
(583, 2, 1, 1, 18, 15, 428, 'default_roll_no', NULL, '550.0000', '173.0000', '31.4545', 6, 'Fail', 17, 13, 0, '2022-04-27 06:13:00', '2022-05-12 06:12:35'),
(584, 2, 1, 1, 18, 15, 429, 'default_roll_no', NULL, '550.0000', '0.0000', '0.0000', 6, 'Fail', 33, 17, 0, '2022-04-27 06:13:00', '2022-05-12 06:12:55'),
(585, 2, 1, 1, 18, 15, 430, 'default_roll_no', NULL, '550.0000', '20.0000', '3.6364', 6, 'Fail', 30, 16, 0, '2022-04-27 06:13:00', '2022-05-12 06:12:55'),
(586, 2, 1, 1, 18, 15, 431, 'default_roll_no', NULL, '550.0000', '0.0000', '0.0000', 6, 'Fail', 33, 17, 0, '2022-04-27 06:13:00', '2022-05-12 06:12:55'),
(587, 2, 1, 1, 18, 15, 432, 'default_roll_no', NULL, '550.0000', '0.0000', '0.0000', 6, 'Fail', 33, 17, 0, '2022-04-27 06:13:00', '2022-05-12 06:12:55'),
(588, 2, 1, 1, 18, 15, 433, 'default_roll_no', NULL, '550.0000', '0.0000', '0.0000', 6, 'Fail', 33, 17, 0, '2022-04-27 06:13:00', '2022-05-12 06:12:55'),
(589, 2, 1, 1, 18, 15, 434, 'default_roll_no', NULL, '550.0000', '0.0000', '0.0000', 6, 'Fail', 33, 17, 0, '2022-04-27 06:13:00', '2022-05-12 06:12:55'),
(590, 2, 1, 1, 18, 15, 435, 'default_roll_no', NULL, '550.0000', '0.0000', '0.0000', 6, 'Fail', 33, 17, 0, '2022-04-27 06:13:00', '2022-05-12 06:12:55'),
(591, 2, 1, 1, 18, 15, 436, 'default_roll_no', NULL, '550.0000', '0.0000', '0.0000', 6, 'Fail', 33, 17, 0, '2022-04-27 06:13:00', '2022-05-12 06:12:55'),
(592, 2, 1, 1, 18, 15, 437, 'default_roll_no', NULL, '550.0000', '22.0000', '4.0000', 6, 'Fail', 29, 15, 0, '2022-04-27 06:13:00', '2022-05-12 06:12:55'),
(593, 2, 1, 1, 18, 15, 438, 'default_roll_no', NULL, '550.0000', '518.0000', '94.1818', 1, 'Outs Standing', 1, 1, 9, '2022-04-27 06:13:00', '2022-05-12 06:12:35'),
(594, 2, 1, 1, 18, 15, 439, 'default_roll_no', NULL, '550.0000', '480.0000', '87.2727', 1, 'Outs Standing', 3, 3, 26, '2022-04-27 06:13:00', '2022-05-12 06:12:35'),
(595, 2, 1, 1, 18, 15, 440, 'default_roll_no', NULL, '550.0000', '221.0000', '40.1818', 5, 'Fair', 13, 10, 0, '2022-04-27 06:13:00', '2022-05-12 06:12:35'),
(596, 2, 1, 1, 18, 15, 441, 'default_roll_no', NULL, '550.0000', '499.0000', '90.7273', 1, 'Outs Standing', 2, 2, 12, '2022-04-27 06:13:00', '2022-05-12 06:12:35'),
(597, 2, 1, 1, 18, 15, 442, 'default_roll_no', NULL, '550.0000', '0.0000', '0.0000', 6, 'Fail', 33, 17, 0, '2022-04-27 06:13:00', '2022-05-12 06:12:55'),
(598, 2, 1, 1, 18, 15, 443, 'default_roll_no', NULL, '550.0000', '0.0000', '0.0000', 6, 'Fail', 33, 17, 0, '2022-04-27 06:13:00', '2022-05-12 06:12:55'),
(599, 2, 1, 1, 18, 15, 444, 'default_roll_no', NULL, '550.0000', '0.0000', '0.0000', 6, 'Fail', 33, 17, 0, '2022-04-27 06:13:00', '2022-05-12 06:12:55'),
(600, 2, 1, 1, 18, 15, 445, 'default_roll_no', NULL, '550.0000', '210.0000', '38.1818', 6, 'Fail', 15, 11, 0, '2022-04-27 06:13:00', '2022-05-12 06:12:35'),
(601, 2, 1, 1, 18, 15, 446, 'default_roll_no', NULL, '550.0000', '0.0000', '0.0000', 6, 'Fail', 33, 17, 0, '2022-04-27 06:13:00', '2022-05-12 06:12:55'),
(602, 2, 1, 1, 18, 15, 447, 'default_roll_no', NULL, '550.0000', '299.0000', '54.3636', 4, 'Good', 9, 8, 0, '2022-04-27 06:13:00', '2022-05-12 06:12:35'),
(603, 2, 1, 1, 18, 15, 448, 'default_roll_no', NULL, '550.0000', '0.0000', '0.0000', 6, 'Fail', 33, 17, 0, '2022-04-27 06:13:00', '2022-05-12 06:12:55'),
(604, 2, 1, 1, 18, 15, 449, 'default_roll_no', NULL, '550.0000', '337.0000', '61.2727', 3, 'Very Good', 5, 5, 97, '2022-04-27 06:13:00', '2022-05-12 06:12:35'),
(605, 2, 1, 1, 18, 15, 450, 'default_roll_no', NULL, '550.0000', '0.0000', '0.0000', 6, 'Fail', 33, 17, 0, '2022-04-27 06:13:00', '2022-05-12 06:12:55'),
(606, 2, 1, 1, 18, 15, 451, 'default_roll_no', NULL, '550.0000', '88.0000', '16.0000', 6, 'Fail', 23, 14, 0, '2022-04-27 06:13:00', '2022-05-12 06:12:55'),
(607, 2, 1, 1, 18, 15, 452, 'default_roll_no', NULL, '550.0000', '317.0000', '57.6364', 4, 'Good', 6, 6, 105, '2022-04-27 06:13:00', '2022-05-12 06:12:35'),
(608, 2, 1, 1, 18, 15, 453, 'default_roll_no', NULL, '550.0000', '309.0000', '56.1818', 4, 'Good', 8, 7, 111, '2022-04-27 06:13:00', '2022-05-12 06:12:35'),
(609, 2, 1, 1, 18, 15, 454, 'default_roll_no', NULL, '550.0000', '0.0000', '0.0000', 6, 'Fail', 33, 17, 0, '2022-04-27 06:13:00', '2022-05-12 06:12:55'),
(610, 2, 1, 1, 18, 15, 455, 'default_roll_no', NULL, '550.0000', '343.0000', '62.3636', 3, 'Very Good', 4, 4, 94, '2022-04-27 06:13:00', '2022-05-12 06:12:35'),
(611, 2, 1, 1, 18, 15, 456, 'default_roll_no', NULL, '550.0000', '202.0000', '36.7273', 6, 'Fail', 16, 12, 0, '2022-04-27 06:13:00', '2022-05-12 06:12:35'),
(612, 2, 1, 1, 18, 22, 457, 'default_roll_no', NULL, '0.0000', '0.0000', '0.0000', NULL, NULL, 33, NULL, 0, '2022-04-27 06:13:00', '2022-05-12 06:12:55'),
(613, 2, 1, 1, 18, 16, 458, 'default_roll_no', NULL, '0.0000', '0.0000', '0.0000', NULL, NULL, 33, NULL, 0, '2022-04-27 06:13:00', '2022-05-12 06:12:55'),
(614, 2, 1, 1, 18, 16, 459, 'default_roll_no', NULL, '0.0000', '0.0000', '0.0000', NULL, NULL, 33, NULL, 0, '2022-04-27 06:13:00', '2022-05-12 06:12:55'),
(615, 2, 1, 1, 18, 16, 460, 'default_roll_no', NULL, '0.0000', '0.0000', '0.0000', NULL, NULL, 33, NULL, 0, '2022-04-27 06:13:00', '2022-05-12 06:12:55'),
(616, 2, 1, 1, 18, 22, 461, 'default_roll_no', NULL, '0.0000', '0.0000', '0.0000', NULL, NULL, 33, NULL, 0, '2022-04-27 06:13:00', '2022-05-12 06:12:55'),
(617, 2, 1, 1, 18, 16, 462, 'default_roll_no', NULL, '0.0000', '0.0000', '0.0000', NULL, NULL, 33, NULL, 0, '2022-04-27 06:13:00', '2022-05-12 06:12:55'),
(618, 2, 1, 1, 18, 16, 463, 'default_roll_no', NULL, '0.0000', '0.0000', '0.0000', NULL, NULL, 33, NULL, 0, '2022-04-27 06:13:01', '2022-05-12 06:12:55'),
(619, 2, 1, 1, 18, 16, 464, 'default_roll_no', NULL, '0.0000', '0.0000', '0.0000', NULL, NULL, 33, NULL, 0, '2022-04-27 06:13:01', '2022-05-12 06:12:55'),
(620, 2, 1, 1, 18, 16, 465, 'default_roll_no', NULL, '0.0000', '0.0000', '0.0000', NULL, NULL, 33, NULL, 0, '2022-04-27 06:13:01', '2022-05-12 06:12:55'),
(621, 2, 1, 1, 18, 22, 466, 'default_roll_no', NULL, '0.0000', '0.0000', '0.0000', NULL, NULL, 33, NULL, 0, '2022-04-27 06:13:01', '2022-05-12 06:12:55'),
(622, 2, 1, 1, 18, 22, 468, 'default_roll_no', NULL, '0.0000', '0.0000', '0.0000', NULL, NULL, 33, NULL, 0, '2022-04-27 06:13:01', '2022-05-12 06:12:55'),
(623, 2, 1, 1, 18, 16, 469, 'default_roll_no', NULL, '0.0000', '0.0000', '0.0000', NULL, NULL, 33, NULL, 0, '2022-04-27 06:13:01', '2022-05-12 06:12:55'),
(624, 2, 1, 1, 18, 16, 471, 'default_roll_no', NULL, '0.0000', '0.0000', '0.0000', NULL, NULL, 33, NULL, 0, '2022-04-27 06:13:01', '2022-05-12 06:12:55'),
(625, 2, 1, 1, 18, 16, 472, 'default_roll_no', NULL, '0.0000', '0.0000', '0.0000', NULL, NULL, 33, NULL, 0, '2022-04-27 06:13:01', '2022-05-12 06:12:55'),
(626, 2, 1, 1, 18, 22, 473, 'default_roll_no', NULL, '0.0000', '0.0000', '0.0000', NULL, NULL, 33, NULL, 0, '2022-04-27 06:13:01', '2022-05-12 06:12:55'),
(627, 2, 1, 1, 18, 16, 474, 'default_roll_no', NULL, '0.0000', '0.0000', '0.0000', NULL, NULL, 33, NULL, 0, '2022-04-27 06:13:01', '2022-05-12 06:12:55'),
(628, 2, 1, 1, 18, 16, 475, 'default_roll_no', NULL, '0.0000', '0.0000', '0.0000', NULL, NULL, 33, NULL, 0, '2022-04-27 06:13:01', '2022-05-12 06:12:55'),
(629, 2, 1, 1, 18, 16, 476, 'default_roll_no', NULL, '0.0000', '0.0000', '0.0000', NULL, NULL, 33, NULL, 0, '2022-04-27 06:13:01', '2022-05-12 06:12:55'),
(630, 2, 1, 1, 18, 16, 477, 'default_roll_no', NULL, '0.0000', '0.0000', '0.0000', NULL, NULL, 33, NULL, 0, '2022-04-27 06:13:01', '2022-05-12 06:12:55'),
(631, 2, 1, 1, 18, 22, 478, 'default_roll_no', NULL, '0.0000', '0.0000', '0.0000', NULL, NULL, 33, NULL, 0, '2022-04-27 06:13:01', '2022-05-12 06:12:55');
INSERT INTO `exam_allocations` (`id`, `exam_create_id`, `session_id`, `campus_id`, `class_id`, `class_section_id`, `student_id`, `roll_type`, `exam_roll_no`, `total_mark`, `obtain_mark`, `final_percentage`, `grade_id`, `remark`, `class_position`, `class_section_position`, `merit_rank_in_school`, `created_at`, `updated_at`) VALUES
(632, 2, 1, 1, 18, 16, 479, 'default_roll_no', NULL, '0.0000', '0.0000', '0.0000', NULL, NULL, 33, NULL, 0, '2022-04-27 06:13:01', '2022-05-12 06:12:55'),
(633, 2, 1, 1, 18, 16, 480, 'default_roll_no', NULL, '0.0000', '0.0000', '0.0000', NULL, NULL, 33, NULL, 0, '2022-04-27 06:13:01', '2022-05-12 06:12:55'),
(634, 2, 1, 1, 18, 22, 481, 'default_roll_no', NULL, '0.0000', '0.0000', '0.0000', NULL, NULL, 33, NULL, 0, '2022-04-27 06:13:01', '2022-05-12 06:12:55'),
(635, 2, 1, 1, 18, 22, 482, 'default_roll_no', NULL, '0.0000', '0.0000', '0.0000', NULL, NULL, 33, NULL, 0, '2022-04-27 06:13:01', '2022-05-12 06:12:55'),
(636, 2, 1, 1, 18, 16, 483, 'default_roll_no', NULL, '0.0000', '0.0000', '0.0000', NULL, NULL, 33, NULL, 0, '2022-04-27 06:13:01', '2022-05-12 06:12:55'),
(637, 2, 1, 1, 18, 16, 484, 'default_roll_no', NULL, '0.0000', '0.0000', '0.0000', NULL, NULL, 33, NULL, 0, '2022-04-27 06:13:01', '2022-05-12 06:12:55'),
(638, 2, 1, 1, 18, 22, 485, 'default_roll_no', NULL, '0.0000', '0.0000', '0.0000', NULL, NULL, 33, NULL, 0, '2022-04-27 06:13:01', '2022-05-12 06:12:55'),
(639, 2, 1, 1, 18, 22, 486, 'default_roll_no', NULL, '0.0000', '0.0000', '0.0000', NULL, NULL, 33, NULL, 0, '2022-04-27 06:13:01', '2022-05-12 06:12:55'),
(640, 2, 1, 1, 18, 22, 487, 'default_roll_no', NULL, '0.0000', '0.0000', '0.0000', NULL, NULL, 33, NULL, 0, '2022-04-27 06:13:01', '2022-05-12 06:12:55'),
(641, 2, 1, 1, 18, 16, 488, 'default_roll_no', NULL, '0.0000', '0.0000', '0.0000', NULL, NULL, 33, NULL, 0, '2022-04-27 06:13:01', '2022-05-12 06:12:55'),
(642, 2, 1, 1, 18, 22, 489, 'default_roll_no', NULL, '0.0000', '0.0000', '0.0000', NULL, NULL, 33, NULL, 0, '2022-04-27 06:13:01', '2022-05-12 06:12:55'),
(643, 2, 1, 1, 18, 16, 490, 'default_roll_no', NULL, '0.0000', '0.0000', '0.0000', NULL, NULL, 33, NULL, 0, '2022-04-27 06:13:01', '2022-05-12 06:12:55'),
(644, 2, 1, 1, 18, 22, 491, 'default_roll_no', NULL, '0.0000', '0.0000', '0.0000', NULL, NULL, 33, NULL, 0, '2022-04-27 06:13:01', '2022-05-12 06:12:55'),
(645, 2, 1, 1, 18, 22, 492, 'default_roll_no', NULL, '0.0000', '0.0000', '0.0000', NULL, NULL, 33, NULL, 0, '2022-04-27 06:13:01', '2022-05-12 06:12:55'),
(646, 2, 1, 1, 18, 14, 632, 'default_roll_no', NULL, '550.0000', '287.0000', '52.1818', 4, 'Good', 10, 2, 0, '2022-04-27 06:13:01', '2022-05-12 06:12:55'),
(647, 2, 1, 1, 18, 16, 633, 'default_roll_no', NULL, '0.0000', '0.0000', '0.0000', NULL, NULL, 33, NULL, 0, '2022-04-27 06:13:01', '2022-05-12 06:12:55'),
(648, 2, 1, 1, 18, 16, 634, 'default_roll_no', NULL, '0.0000', '0.0000', '0.0000', NULL, NULL, 33, NULL, 0, '2022-04-27 06:13:01', '2022-05-12 06:12:55'),
(649, 2, 1, 1, 18, 22, 639, 'default_roll_no', NULL, '0.0000', '0.0000', '0.0000', NULL, NULL, 33, NULL, 0, '2022-04-27 06:13:01', '2022-05-12 06:12:55'),
(650, 2, 1, 1, 18, 22, 651, 'default_roll_no', NULL, '0.0000', '0.0000', '0.0000', NULL, NULL, 33, NULL, 0, '2022-04-27 06:13:01', '2022-05-12 06:12:55'),
(651, 2, 1, 1, 18, 22, 656, 'default_roll_no', NULL, '0.0000', '0.0000', '0.0000', NULL, NULL, 33, NULL, 0, '2022-04-27 06:13:01', '2022-05-12 06:12:55'),
(652, 2, 1, 1, 18, 16, 661, 'default_roll_no', NULL, '0.0000', '0.0000', '0.0000', NULL, NULL, 33, NULL, 0, '2022-04-27 06:13:01', '2022-05-12 06:12:55'),
(653, 2, 1, 1, 18, 22, 698, 'default_roll_no', NULL, '0.0000', '0.0000', '0.0000', NULL, NULL, 33, NULL, 0, '2022-04-27 06:13:01', '2022-05-12 06:12:55'),
(654, 2, 1, 1, 18, 14, 703, 'default_roll_no', NULL, '550.0000', '0.0000', '0.0000', 6, 'Fail', 33, 19, 0, '2022-04-27 06:13:01', '2022-05-12 06:12:55'),
(655, 2, 1, 1, 18, 16, 707, 'default_roll_no', NULL, '0.0000', '0.0000', '0.0000', NULL, NULL, 33, NULL, 0, '2022-04-27 06:13:01', '2022-05-12 06:12:55'),
(656, 2, 1, 1, 18, 22, 710, 'default_roll_no', NULL, '0.0000', '0.0000', '0.0000', NULL, NULL, 33, NULL, 0, '2022-04-27 06:13:01', '2022-05-12 06:12:55'),
(657, 1, 1, 1, 2, 1, 730, 'default_roll_no', NULL, '300.0000', '249.0000', '83.0000', 1, 'Outstanding', 11, 11, 152, '2022-05-11 05:28:32', '2023-01-16 07:42:56'),
(658, 3, 1, 1, 2, 1, 1, 'default_roll_no', NULL, '300.0000', '0.0000', '0.0000', 6, 'Fail', 22, 22, 0, '2022-08-06 04:58:23', '2022-09-07 02:39:43'),
(659, 3, 1, 1, 2, 1, 635, 'default_roll_no', NULL, '300.0000', '290.0000', '96.6667', 1, 'Outstanding', 5, 5, 19, '2022-08-06 04:58:23', '2022-09-12 03:36:51'),
(660, 3, 1, 1, 2, 1, 645, 'default_roll_no', NULL, '300.0000', '297.0000', '99.0000', 1, 'Outstanding', 2, 2, 6, '2022-08-06 04:58:23', '2022-09-12 03:36:51'),
(661, 3, 1, 1, 2, 1, 646, 'default_roll_no', NULL, '300.0000', '293.0000', '97.6667', 1, 'Outstanding', 4, 4, 14, '2022-08-06 04:58:23', '2022-09-12 03:36:51'),
(662, 3, 1, 1, 2, 1, 647, 'default_roll_no', NULL, '300.0000', '0.0000', '0.0000', 6, 'Fail', 22, 22, 0, '2022-08-06 04:58:23', '2022-09-07 02:39:43'),
(663, 3, 1, 1, 2, 1, 649, 'default_roll_no', NULL, '300.0000', '241.0000', '80.3333', 1, 'Outstanding', 15, 15, 0, '2022-08-06 04:58:23', '2022-09-07 02:39:43'),
(664, 3, 1, 1, 2, 1, 650, 'default_roll_no', NULL, '300.0000', '126.0000', '42.0000', 5, 'Fair', 21, 21, 0, '2022-08-06 04:58:23', '2022-09-07 02:39:43'),
(665, 3, 1, 1, 2, 1, 659, 'default_roll_no', NULL, '300.0000', '295.0000', '98.3333', 1, 'Outstanding', 3, 3, 9, '2022-08-06 04:58:23', '2022-09-12 03:36:51'),
(666, 3, 1, 1, 2, 1, 663, 'default_roll_no', NULL, '300.0000', '289.0000', '96.3333', 1, 'Outstanding', 6, 6, 22, '2022-08-06 04:58:23', '2022-09-12 03:36:51'),
(667, 3, 1, 1, 2, 1, 666, 'default_roll_no', NULL, '300.0000', '186.0000', '62.0000', 3, 'Very Good', 17, 17, 0, '2022-08-06 04:58:23', '2022-09-07 02:39:43'),
(668, 3, 1, 1, 2, 1, 677, 'default_roll_no', NULL, '300.0000', '279.0000', '93.0000', 1, 'Outstanding', 9, 9, 44, '2022-08-06 04:58:23', '2022-09-12 03:36:51'),
(669, 3, 1, 1, 2, 1, 685, 'default_roll_no', NULL, '300.0000', '251.0000', '83.6667', 1, 'Outstanding', 13, 13, 108, '2022-08-06 04:58:23', '2022-09-12 03:36:51'),
(670, 3, 1, 1, 2, 1, 689, 'default_roll_no', NULL, '300.0000', '287.0000', '95.6667', 1, 'Outstanding', 7, 7, 25, '2022-08-06 04:58:23', '2022-09-12 03:36:51'),
(671, 3, 1, 1, 2, 1, 691, 'default_roll_no', NULL, '300.0000', '278.0000', '92.6667', 1, 'Outstanding', 10, 10, 47, '2022-08-06 04:58:23', '2022-09-12 03:36:51'),
(672, 3, 1, 1, 2, 1, 692, 'default_roll_no', NULL, '300.0000', '252.0000', '84.0000', 1, 'Outstanding', 12, 12, 107, '2022-08-06 04:58:23', '2022-09-12 03:36:51'),
(673, 3, 1, 1, 2, 1, 700, 'default_roll_no', NULL, '300.0000', '284.0000', '94.6667', 1, 'Outstanding', 8, 8, 34, '2022-08-06 04:58:23', '2022-09-12 03:36:51'),
(674, 3, 1, 1, 2, 1, 724, 'default_roll_no', NULL, '300.0000', '299.0000', '99.6667', 1, 'Outstanding', 1, 1, 2, '2022-08-06 04:58:23', '2022-09-12 03:36:51'),
(675, 3, 1, 1, 2, 1, 725, 'default_roll_no', NULL, '300.0000', '272.0000', '90.6667', 1, 'Outstanding', 11, 11, 61, '2022-08-06 04:58:23', '2022-09-12 03:36:51'),
(676, 3, 1, 1, 2, 1, 726, 'default_roll_no', NULL, '300.0000', '171.0000', '57.0000', 4, 'Good', 19, 19, 0, '2022-08-06 04:58:23', '2022-09-07 02:39:43'),
(677, 3, 1, 1, 2, 1, 727, 'default_roll_no', NULL, '300.0000', '183.0000', '61.0000', 3, 'Very Good', 18, 18, 0, '2022-08-06 04:58:23', '2022-09-07 02:39:43'),
(678, 3, 1, 1, 2, 1, 730, 'default_roll_no', NULL, '300.0000', '284.0000', '94.6667', 1, 'Outstanding', 8, 8, 34, '2022-08-06 04:58:23', '2022-09-12 03:36:51'),
(679, 3, 1, 1, 2, 1, 731, 'default_roll_no', NULL, '300.0000', '0.0000', '0.0000', 6, 'Fail', 22, 22, 0, '2022-08-06 04:58:23', '2022-09-07 02:39:43'),
(680, 3, 1, 1, 2, 1, 733, 'default_roll_no', NULL, '300.0000', '245.0000', '81.6667', 1, 'Outstanding', 14, 14, 124, '2022-08-06 04:58:23', '2022-09-12 03:36:51'),
(681, 3, 1, 1, 2, 1, 734, 'default_roll_no', NULL, '300.0000', '207.0000', '69.0000', 3, 'Very Good', 16, 16, 0, '2022-08-06 04:58:23', '2022-09-07 02:39:43'),
(682, 3, 1, 1, 2, 1, 739, 'default_roll_no', NULL, '300.0000', '252.0000', '84.0000', 1, 'Outstanding', 12, 12, 107, '2022-08-06 04:58:23', '2022-09-12 03:36:51'),
(683, 3, 1, 1, 2, 1, 740, 'default_roll_no', NULL, '300.0000', '148.0000', '49.3333', 4, 'Good', 20, 20, 0, '2022-08-06 04:58:23', '2022-09-07 02:39:43'),
(684, 3, 1, 1, 3, 2, 2, 'default_roll_no', NULL, '300.0000', '296.0000', '98.6667', 1, 'Outstanding', 3, 3, 8, '2022-08-06 04:58:23', '2022-09-12 03:36:51'),
(685, 3, 1, 1, 3, 2, 4, 'default_roll_no', NULL, '300.0000', '297.0000', '99.0000', 1, 'Outstanding', 2, 2, 6, '2022-08-06 04:58:23', '2022-09-12 03:36:51'),
(686, 3, 1, 1, 3, 2, 6, 'default_roll_no', NULL, '300.0000', '182.0000', '60.6667', 3, 'Very Good', 19, 19, 0, '2022-08-06 04:58:23', '2022-09-07 02:44:30'),
(687, 3, 1, 1, 3, 2, 7, 'default_roll_no', NULL, '300.0000', '296.0000', '98.6667', 1, 'Outstanding', 3, 3, 8, '2022-08-06 04:58:23', '2022-09-12 03:36:51'),
(688, 3, 1, 1, 3, 2, 8, 'default_roll_no', NULL, '300.0000', '267.0000', '89.0000', 1, 'Outstanding', 15, 15, 73, '2022-08-06 04:58:23', '2022-09-12 03:36:51'),
(689, 3, 1, 1, 3, 2, 10, 'default_roll_no', NULL, '300.0000', '296.0000', '98.6667', 1, 'Outstanding', 3, 3, 8, '2022-08-06 04:58:23', '2022-09-12 03:36:51'),
(690, 3, 1, 1, 3, 2, 11, 'default_roll_no', NULL, '300.0000', '296.0000', '98.6667', 1, 'Outstanding', 3, 3, 8, '2022-08-06 04:58:23', '2022-09-12 03:36:51'),
(691, 3, 1, 1, 3, 2, 12, 'default_roll_no', NULL, '300.0000', '290.0000', '96.6667', 1, 'Outstanding', 5, 5, 19, '2022-08-06 04:58:23', '2022-09-12 03:36:51'),
(692, 3, 1, 1, 3, 2, 13, 'default_roll_no', NULL, '300.0000', '297.0000', '99.0000', 1, 'Outstanding', 2, 2, 6, '2022-08-06 04:58:23', '2022-09-12 03:36:51'),
(693, 3, 1, 1, 3, 2, 14, 'default_roll_no', NULL, '300.0000', '275.0000', '91.6667', 1, 'Outstanding', 13, 13, 54, '2022-08-06 04:58:23', '2022-09-12 03:36:51'),
(694, 3, 1, 1, 3, 2, 15, 'default_roll_no', NULL, '300.0000', '289.0000', '96.3333', 1, 'Outstanding', 6, 6, 22, '2022-08-06 04:58:23', '2022-09-12 03:36:51'),
(695, 3, 1, 1, 3, 2, 16, 'default_roll_no', NULL, '300.0000', '277.0000', '92.3333', 1, 'Outstanding', 12, 12, 50, '2022-08-06 04:58:23', '2022-09-12 03:36:51'),
(696, 3, 1, 1, 3, 2, 17, 'default_roll_no', NULL, '300.0000', '246.0000', '82.0000', 1, 'Outstanding', 16, 16, 121, '2022-08-06 04:58:23', '2022-09-12 03:36:51'),
(697, 3, 1, 1, 3, 2, 18, 'default_roll_no', NULL, '300.0000', '211.0000', '70.3333', 2, 'Excellent', 17, 17, 0, '2022-08-06 04:58:23', '2022-09-07 02:44:30'),
(698, 3, 1, 1, 3, 2, 19, 'default_roll_no', NULL, '300.0000', '297.0000', '99.0000', 1, 'Outstanding', 2, 2, 6, '2022-08-06 04:58:23', '2022-09-12 03:36:51'),
(699, 3, 1, 1, 3, 2, 22, 'default_roll_no', NULL, '300.0000', '295.0000', '98.3333', 1, 'Outstanding', 4, 4, 9, '2022-08-06 04:58:23', '2022-09-12 03:36:51'),
(700, 3, 1, 1, 3, 2, 23, 'default_roll_no', NULL, '300.0000', '280.0000', '93.3333', 1, 'Outstanding', 11, 11, 41, '2022-08-06 04:58:23', '2022-09-12 03:36:51'),
(701, 3, 1, 1, 3, 2, 24, 'default_roll_no', NULL, '300.0000', '286.0000', '95.3333', 1, 'Outstanding', 8, 8, 28, '2022-08-06 04:58:23', '2022-09-12 03:36:51'),
(702, 3, 1, 1, 3, 2, 25, 'default_roll_no', NULL, '300.0000', '194.0000', '64.6667', 3, 'Very Good', 18, 18, 0, '2022-08-06 04:58:23', '2022-09-07 02:44:30'),
(703, 3, 1, 1, 3, 2, 26, 'default_roll_no', NULL, '300.0000', '283.0000', '94.3333', 1, 'Outstanding', 10, 10, 36, '2022-08-06 04:58:23', '2022-09-12 03:36:51'),
(704, 3, 1, 1, 3, 2, 27, 'default_roll_no', NULL, '300.0000', '298.0000', '99.3333', 1, 'Outstanding', 1, 1, 4, '2022-08-06 04:58:23', '2022-09-12 03:36:51'),
(705, 3, 1, 1, 3, 2, 28, 'default_roll_no', NULL, '300.0000', '0.0000', '0.0000', 6, 'Fail', 20, 20, 0, '2022-08-06 04:58:23', '2022-09-07 02:44:30'),
(706, 3, 1, 1, 3, 2, 29, 'default_roll_no', NULL, '300.0000', '288.0000', '96.0000', 1, 'Outstanding', 7, 7, 23, '2022-08-06 04:58:23', '2022-09-12 03:36:51'),
(707, 3, 1, 1, 3, 2, 30, 'default_roll_no', NULL, '300.0000', '283.0000', '94.3333', 1, 'Outstanding', 10, 10, 36, '2022-08-06 04:58:23', '2022-09-12 03:36:51'),
(708, 3, 1, 1, 3, 2, 631, 'default_roll_no', NULL, '300.0000', '0.0000', '0.0000', 6, 'Fail', 20, 20, 0, '2022-08-06 04:58:23', '2022-09-07 02:44:30'),
(709, 3, 1, 1, 3, 2, 664, 'default_roll_no', NULL, '300.0000', '269.0000', '89.6667', 1, 'Outstanding', 14, 14, 67, '2022-08-06 04:58:23', '2022-09-12 03:36:51'),
(710, 3, 1, 1, 3, 2, 670, 'default_roll_no', NULL, '300.0000', '285.0000', '95.0000', 1, 'Outstanding', 9, 9, 30, '2022-08-06 04:58:23', '2022-09-12 03:36:51'),
(711, 3, 1, 1, 4, 3, 36, 'default_roll_no', NULL, '600.0000', '545.0000', '90.8333', 1, 'Outstanding', 16, 16, 59, '2022-08-06 04:58:23', '2022-10-01 06:40:57'),
(712, 3, 1, 1, 4, 3, 37, 'default_roll_no', NULL, '600.0000', '425.0000', '70.8333', 2, 'Excellent', 24, 24, 0, '2022-08-06 04:58:23', '2022-10-01 06:40:57'),
(713, 3, 1, 1, 4, 3, 38, 'default_roll_no', NULL, '600.0000', '580.0000', '96.6667', 1, 'Outstanding', 7, 7, 19, '2022-08-06 04:58:23', '2022-10-01 06:40:57'),
(714, 3, 1, 1, 4, 3, 39, 'default_roll_no', NULL, '600.0000', '468.0000', '78.0000', 2, 'Excellent', 22, 22, 0, '2022-08-06 04:58:24', '2022-10-01 06:40:57'),
(715, 3, 1, 1, 4, 3, 40, 'default_roll_no', NULL, '600.0000', '582.0000', '97.0000', 1, 'Outstanding', 6, 6, 17, '2022-08-06 04:58:24', '2022-10-01 06:40:57'),
(716, 3, 1, 1, 4, 3, 41, 'default_roll_no', NULL, '600.0000', '574.0000', '95.6667', 1, 'Outstanding', 9, 9, 25, '2022-08-06 04:58:24', '2022-10-01 06:40:57'),
(717, 3, 1, 1, 4, 3, 42, 'default_roll_no', NULL, '600.0000', '590.0000', '98.3333', 1, 'Outstanding', 4, 4, 9, '2022-08-06 04:58:24', '2022-10-01 06:40:57'),
(718, 3, 1, 1, 4, 3, 43, 'default_roll_no', NULL, '600.0000', '529.0000', '88.1667', 1, 'Outstanding', 18, 18, 80, '2022-08-06 04:58:24', '2022-10-01 06:40:57'),
(719, 3, 1, 1, 4, 3, 44, 'default_roll_no', NULL, '600.0000', '575.0000', '95.8333', 1, 'Outstanding', 8, 8, 24, '2022-08-06 04:58:24', '2022-10-01 06:40:57'),
(720, 3, 1, 1, 4, 3, 45, 'default_roll_no', NULL, '600.0000', '590.0000', '98.3333', 1, 'Outstanding', 4, 4, 9, '2022-08-06 04:58:24', '2022-10-01 06:40:57'),
(721, 3, 1, 1, 4, 3, 46, 'default_roll_no', NULL, '600.0000', '435.0000', '72.5000', 2, 'Excellent', 23, 23, 0, '2022-08-06 04:58:24', '2022-10-01 06:40:57'),
(722, 3, 1, 1, 4, 3, 47, 'default_roll_no', NULL, '600.0000', '517.0000', '86.1667', 1, 'Outstanding', 20, 20, 94, '2022-08-06 04:58:24', '2022-10-01 06:40:57'),
(723, 3, 1, 1, 4, 3, 48, 'default_roll_no', NULL, '600.0000', '384.0000', '64.0000', 3, 'Very Good', 26, 26, 0, '2022-08-06 04:58:24', '2022-10-01 06:40:57'),
(724, 3, 1, 1, 4, 3, 50, 'default_roll_no', NULL, '600.0000', '349.0000', '58.1667', 4, 'Good', 28, 28, 0, '2022-08-06 04:58:24', '2022-10-01 06:40:57'),
(725, 3, 1, 1, 4, 3, 52, 'default_roll_no', NULL, '600.0000', '570.0000', '95.0000', 1, 'Outstanding', 12, 12, 30, '2022-08-06 04:58:24', '2022-10-01 06:40:57'),
(726, 3, 1, 1, 4, 3, 53, 'default_roll_no', NULL, '600.0000', '541.0000', '90.1667', 1, 'Outstanding', 17, 17, 64, '2022-08-06 04:58:24', '2022-10-01 06:40:57'),
(727, 3, 1, 1, 4, 3, 54, 'default_roll_no', NULL, '600.0000', '520.0000', '86.6667', 1, 'Outstanding', 19, 19, 89, '2022-08-06 04:58:24', '2022-10-01 06:40:57'),
(728, 3, 1, 1, 4, 3, 55, 'default_roll_no', NULL, '600.0000', '557.0000', '92.8333', 1, 'Outstanding', 14, 14, 46, '2022-08-06 04:58:24', '2022-10-01 06:40:57'),
(729, 3, 1, 1, 4, 3, 56, 'default_roll_no', NULL, '600.0000', '588.0000', '98.0000', 1, 'Outstanding', 5, 5, 12, '2022-08-06 04:58:24', '2022-10-01 06:40:57'),
(730, 3, 1, 1, 4, 3, 57, 'default_roll_no', NULL, '600.0000', '322.0000', '53.6667', 4, 'Good', 29, 29, 0, '2022-08-06 04:58:24', '2022-10-01 06:40:57'),
(731, 3, 1, 1, 4, 3, 58, 'default_roll_no', NULL, '600.0000', '596.0000', '99.3333', 1, 'Outstanding', 2, 2, 4, '2022-08-06 04:58:24', '2022-10-01 06:40:57'),
(732, 3, 1, 1, 4, 3, 59, 'default_roll_no', NULL, '600.0000', '271.0000', '45.1667', 5, 'Fair', 30, 30, 0, '2022-08-06 04:58:24', '2022-10-01 06:40:57'),
(733, 3, 1, 1, 4, 3, 60, 'default_roll_no', NULL, '600.0000', '220.0000', '36.6667', 6, 'Fail', 32, 32, 0, '2022-08-06 04:58:24', '2022-10-01 06:40:57'),
(734, 3, 1, 1, 4, 3, 61, 'default_roll_no', NULL, '600.0000', '573.0000', '95.5000', 1, 'Outstanding', 10, 10, 26, '2022-08-06 04:58:24', '2022-10-01 06:40:57'),
(735, 3, 1, 1, 4, 3, 62, 'default_roll_no', NULL, '600.0000', '350.0000', '58.3333', 4, 'Good', 27, 27, 0, '2022-08-06 04:58:24', '2022-10-01 06:40:57'),
(736, 3, 1, 1, 4, 3, 63, 'default_roll_no', NULL, '600.0000', '201.0000', '33.5000', 6, 'Fail', 33, 33, 0, '2022-08-06 04:58:24', '2022-10-01 06:40:57'),
(737, 3, 1, 1, 4, 3, 64, 'default_roll_no', NULL, '600.0000', '571.0000', '95.1667', 1, 'Outstanding', 11, 11, 29, '2022-08-06 04:58:24', '2022-10-01 06:40:57'),
(738, 3, 1, 1, 4, 3, 65, 'default_roll_no', NULL, '600.0000', '226.0000', '37.6667', 6, 'Fail', 31, 31, 0, '2022-08-06 04:58:24', '2022-10-01 06:40:57'),
(739, 3, 1, 1, 4, 3, 66, 'default_roll_no', NULL, '600.0000', '575.0000', '95.8333', 1, 'Outstanding', 8, 8, 24, '2022-08-06 04:58:24', '2022-10-01 06:40:57'),
(740, 3, 1, 1, 4, 3, 67, 'default_roll_no', NULL, '600.0000', '552.0000', '92.0000', 1, 'Outstanding', 15, 15, 51, '2022-08-06 04:58:24', '2022-10-01 06:40:57'),
(741, 3, 1, 1, 4, 3, 68, 'default_roll_no', NULL, '600.0000', '588.0000', '98.0000', 1, 'Outstanding', 5, 5, 12, '2022-08-06 04:58:24', '2022-10-01 06:40:57'),
(742, 3, 1, 1, 4, 3, 69, 'default_roll_no', NULL, '600.0000', '560.0000', '93.3333', 1, 'Outstanding', 13, 13, 41, '2022-08-06 04:58:24', '2022-10-01 06:40:57'),
(743, 3, 1, 1, 4, 3, 70, 'default_roll_no', NULL, '600.0000', '514.0000', '85.6667', 1, 'Outstanding', 21, 21, 97, '2022-08-06 04:58:24', '2022-10-01 06:40:57'),
(744, 3, 1, 1, 4, 3, 71, 'default_roll_no', NULL, '600.0000', '593.0000', '98.8333', 1, 'Outstanding', 3, 3, 7, '2022-08-06 04:58:24', '2022-10-01 06:40:57'),
(745, 3, 1, 1, 4, 3, 660, 'default_roll_no', NULL, '600.0000', '598.0000', '99.6667', 1, 'Outstanding', 1, 1, 2, '2022-08-06 04:58:24', '2022-10-01 06:40:57'),
(746, 3, 1, 1, 4, 3, 714, 'default_roll_no', NULL, '600.0000', '422.0000', '70.3333', 2, 'Excellent', 25, 25, 0, '2022-08-06 04:58:24', '2022-10-01 06:40:57'),
(747, 3, 1, 1, 5, 5, 34, 'default_roll_no', NULL, '600.0000', '116.0000', '19.3333', 6, 'Fail', 44, 25, 0, '2022-08-06 04:58:24', '2022-09-08 06:36:53'),
(748, 3, 1, 1, 5, 5, 35, 'default_roll_no', NULL, '600.0000', '117.0000', '19.5000', 6, 'Fail', 43, 24, 0, '2022-08-06 04:58:24', '2022-09-08 06:36:53'),
(749, 3, 1, 1, 5, 5, 72, 'default_roll_no', NULL, '600.0000', '239.0000', '39.8333', 5, 'Fair', 33, 19, 0, '2022-08-06 04:58:24', '2022-09-08 06:36:53'),
(750, 3, 1, 1, 5, 4, 76, 'default_roll_no', NULL, '600.0000', '351.0000', '58.5000', 4, 'Good', 25, 10, 0, '2022-08-06 04:58:24', '2022-09-08 06:36:53'),
(751, 3, 1, 1, 5, 4, 77, 'default_roll_no', NULL, '600.0000', '236.0000', '39.3333', 5, 'Fair', 34, 15, 0, '2022-08-06 04:58:24', '2022-09-08 06:36:53'),
(752, 3, 1, 1, 5, 4, 78, 'default_roll_no', NULL, '600.0000', '181.0000', '30.1667', 6, 'Fail', 39, 16, 0, '2022-08-06 04:58:24', '2022-09-08 06:36:53'),
(753, 3, 1, 1, 5, 4, 79, 'default_roll_no', NULL, '600.0000', '350.0000', '58.3333', 4, 'Good', 26, 11, 0, '2022-08-06 04:58:24', '2022-09-08 06:36:53'),
(754, 3, 1, 1, 5, 4, 80, 'default_roll_no', NULL, '600.0000', '414.0000', '69.0000', 3, 'Very Good', 20, 9, 0, '2022-08-06 04:58:24', '2022-09-08 06:36:53'),
(755, 3, 1, 1, 5, 4, 81, 'default_roll_no', NULL, '600.0000', '477.0000', '79.5000', 1, 'Outstanding', 14, 7, 0, '2022-08-06 04:58:24', '2022-09-12 03:36:51'),
(756, 3, 1, 1, 5, 4, 82, 'default_roll_no', NULL, '600.0000', '266.0000', '44.3333', 5, 'Fair', 30, 13, 0, '2022-08-06 04:58:24', '2022-09-08 06:35:20'),
(757, 3, 1, 1, 5, 4, 83, 'default_roll_no', NULL, '600.0000', '140.0000', '23.3333', 6, 'Fail', 40, 17, 0, '2022-08-06 04:58:24', '2022-09-08 06:36:53'),
(758, 3, 1, 1, 5, 4, 84, 'default_roll_no', NULL, '600.0000', '569.0000', '94.8333', 1, 'Outstanding', 3, 2, 32, '2022-08-06 04:58:24', '2022-09-12 03:36:51'),
(759, 3, 1, 1, 5, 4, 85, 'default_roll_no', NULL, '600.0000', '555.0000', '92.5000', 1, 'Outstanding', 5, 3, 48, '2022-08-06 04:58:24', '2022-09-12 03:36:51'),
(760, 3, 1, 1, 5, 4, 87, 'default_roll_no', NULL, '600.0000', '514.0000', '85.6667', 1, 'Outstanding', 11, 6, 97, '2022-08-06 04:58:24', '2022-09-12 03:36:51'),
(761, 3, 1, 1, 5, 4, 88, 'default_roll_no', NULL, '600.0000', '528.0000', '88.0000', 1, 'Outstanding', 9, 5, 81, '2022-08-06 04:58:24', '2022-09-12 03:36:51'),
(762, 3, 1, 1, 5, 4, 92, 'default_roll_no', NULL, '600.0000', '542.0000', '90.3333', 1, 'Outstanding', 6, 4, 63, '2022-08-06 04:58:24', '2022-09-12 03:36:51'),
(763, 3, 1, 1, 5, 5, 93, 'default_roll_no', NULL, '600.0000', '462.0000', '77.0000', 2, 'Excellent', 15, 8, 0, '2022-08-06 04:58:24', '2022-09-08 06:36:53'),
(764, 3, 1, 1, 5, 4, 94, 'default_roll_no', NULL, '600.0000', '129.0000', '21.5000', 6, 'Fail', 41, 18, 0, '2022-08-06 04:58:24', '2022-09-08 06:36:53'),
(765, 3, 1, 1, 5, 4, 95, 'default_roll_no', NULL, '600.0000', '590.0000', '98.3333', 1, 'Outstanding', 2, 1, 9, '2022-08-06 04:58:24', '2022-09-12 03:36:51'),
(766, 3, 1, 1, 5, 4, 96, 'default_roll_no', NULL, '600.0000', '304.0000', '50.6667', 4, 'Good', 29, 12, 0, '2022-08-06 04:58:24', '2022-09-08 06:36:53'),
(767, 3, 1, 1, 5, 4, 97, 'default_roll_no', NULL, '600.0000', '121.0000', '20.1667', 6, 'Fail', 42, 19, 0, '2022-08-06 04:58:24', '2022-09-08 06:36:31'),
(768, 3, 1, 1, 5, 4, 98, 'default_roll_no', NULL, '600.0000', '252.0000', '42.0000', 5, 'Fair', 32, 14, 0, '2022-08-06 04:58:24', '2022-09-08 06:36:53'),
(769, 3, 1, 1, 5, 5, 101, 'default_roll_no', NULL, '600.0000', '254.0000', '42.3333', 5, 'Fair', 31, 18, 0, '2022-08-06 04:58:24', '2022-09-08 06:36:53'),
(770, 3, 1, 1, 5, 5, 102, 'default_roll_no', NULL, '600.0000', '355.0000', '59.1667', 3, 'Very Good', 24, 15, 0, '2022-08-06 04:58:24', '2022-09-08 06:36:53'),
(771, 3, 1, 1, 5, 5, 103, 'default_roll_no', NULL, '600.0000', '226.0000', '37.6667', 6, 'Fail', 35, 20, 0, '2022-08-06 04:58:24', '2022-09-08 06:36:53'),
(772, 3, 1, 1, 5, 5, 107, 'default_roll_no', NULL, '600.0000', '458.0000', '76.3333', 2, 'Excellent', 17, 10, 0, '2022-08-06 04:58:24', '2022-09-08 06:36:53'),
(773, 3, 1, 1, 5, 5, 108, 'default_roll_no', NULL, '600.0000', '566.0000', '94.3333', 1, 'Outstanding', 4, 2, 36, '2022-08-06 04:58:24', '2022-09-12 03:36:51'),
(774, 3, 1, 1, 5, 5, 109, 'default_roll_no', NULL, '600.0000', '524.0000', '87.3333', 1, 'Outstanding', 10, 5, 84, '2022-08-06 04:58:24', '2022-09-12 03:36:51'),
(775, 3, 1, 1, 5, 5, 110, 'default_roll_no', NULL, '600.0000', '534.0000', '89.0000', 1, 'Outstanding', 8, 4, 73, '2022-08-06 04:58:24', '2022-09-12 03:36:51'),
(776, 3, 1, 1, 5, 5, 111, 'default_roll_no', NULL, '600.0000', '408.0000', '68.0000', 3, 'Very Good', 21, 12, 0, '2022-08-06 04:58:24', '2022-09-08 06:36:53'),
(777, 3, 1, 1, 5, 5, 112, 'default_roll_no', NULL, '600.0000', '198.0000', '33.0000', 6, 'Fail', 37, 22, 0, '2022-08-06 04:58:24', '2022-09-08 06:36:53'),
(778, 3, 1, 1, 5, 5, 113, 'default_roll_no', NULL, '600.0000', '497.0000', '82.8333', 1, 'Outstanding', 13, 7, 116, '2022-08-06 04:58:24', '2022-09-12 03:36:51'),
(779, 3, 1, 1, 5, 5, 114, 'default_roll_no', NULL, '600.0000', '332.0000', '55.3333', 4, 'Good', 27, 16, 0, '2022-08-06 04:58:24', '2022-09-08 06:36:53'),
(780, 3, 1, 1, 5, 5, 115, 'default_roll_no', NULL, '600.0000', '313.0000', '52.1667', 4, 'Good', 28, 17, 0, '2022-08-06 04:58:25', '2022-09-08 06:36:53'),
(781, 3, 1, 1, 5, 5, 116, 'default_roll_no', NULL, '600.0000', '508.0000', '84.6667', 1, 'Outstanding', 12, 6, 103, '2022-08-06 04:58:25', '2022-09-12 03:36:51'),
(782, 3, 1, 1, 5, 5, 118, 'default_roll_no', NULL, '600.0000', '437.0000', '72.8333', 2, 'Excellent', 18, 11, 0, '2022-08-06 04:58:25', '2022-09-08 06:36:53'),
(783, 3, 1, 1, 5, 5, 119, 'default_roll_no', NULL, '600.0000', '594.0000', '99.0000', 1, 'Outstanding', 1, 1, 6, '2022-08-06 04:58:25', '2022-09-12 03:36:51'),
(784, 3, 1, 1, 5, 5, 120, 'default_roll_no', NULL, '600.0000', '364.0000', '60.6667', 3, 'Very Good', 22, 13, 0, '2022-08-06 04:58:25', '2022-09-08 06:36:53'),
(785, 3, 1, 1, 5, 5, 121, 'default_roll_no', NULL, '600.0000', '199.0000', '33.1667', 6, 'Fail', 36, 21, 0, '2022-08-06 04:58:25', '2022-09-08 06:36:53'),
(786, 3, 1, 1, 5, 5, 122, 'default_roll_no', NULL, '600.0000', '0.0000', '0.0000', 6, 'Fail', 45, 26, 0, '2022-08-06 04:58:25', '2022-09-08 06:36:53'),
(787, 3, 1, 1, 5, 5, 125, 'default_roll_no', NULL, '600.0000', '539.0000', '89.8333', 1, 'Outstanding', 7, 3, 66, '2022-08-06 04:58:25', '2022-09-12 03:36:51'),
(788, 3, 1, 1, 5, 5, 636, 'default_roll_no', NULL, '600.0000', '191.0000', '31.8333', 6, 'Fail', 38, 23, 0, '2022-08-06 04:58:25', '2022-09-08 06:36:53'),
(789, 3, 1, 1, 5, 5, 638, 'default_roll_no', NULL, '600.0000', '360.0000', '60.0000', 3, 'Very Good', 23, 14, 0, '2022-08-06 04:58:25', '2022-09-08 06:36:53'),
(790, 3, 1, 1, 5, 5, 644, 'default_roll_no', NULL, '600.0000', '460.0000', '76.6667', 2, 'Excellent', 16, 9, 0, '2022-08-06 04:58:25', '2022-09-08 06:36:53'),
(791, 3, 1, 1, 5, 4, 719, 'default_roll_no', NULL, '600.0000', '418.0000', '69.6667', 2, 'Excellent', 19, 8, 0, '2022-08-06 04:58:25', '2022-09-08 06:36:53'),
(792, 3, 1, 1, 6, 21, 74, 'default_roll_no', NULL, '600.0000', '183.0000', '30.5000', 6, 'Fail', 37, 37, 0, '2022-08-06 04:58:25', '2022-09-12 07:53:25'),
(793, 3, 1, 1, 6, 21, 100, 'default_roll_no', NULL, '600.0000', '192.0000', '32.0000', 6, 'Fail', 36, 36, 0, '2022-08-06 04:58:25', '2022-09-12 07:53:25'),
(794, 3, 1, 1, 6, 21, 127, 'default_roll_no', NULL, '600.0000', '269.0000', '44.8333', 5, 'Fair', 30, 30, 0, '2022-08-06 04:58:25', '2022-09-12 07:53:25'),
(795, 3, 1, 1, 6, 21, 128, 'default_roll_no', NULL, '600.0000', '500.0000', '83.3333', 1, 'Outstanding', 7, 7, 110, '2022-08-06 04:58:25', '2022-09-12 07:53:25'),
(796, 3, 1, 1, 6, 21, 129, 'default_roll_no', NULL, '600.0000', '534.0000', '89.0000', 1, 'Outstanding', 4, 4, 73, '2022-08-06 04:58:25', '2022-09-12 07:53:25'),
(797, 3, 1, 1, 6, 21, 130, 'default_roll_no', NULL, '600.0000', '507.0000', '84.5000', 1, 'Outstanding', 6, 6, 104, '2022-08-06 04:58:25', '2022-09-12 07:53:25'),
(798, 3, 1, 1, 6, 21, 131, 'default_roll_no', NULL, '600.0000', '377.0000', '62.8333', 3, 'Very Good', 19, 19, 0, '2022-08-06 04:58:25', '2022-09-12 07:53:25'),
(799, 3, 1, 1, 6, 21, 132, 'default_roll_no', NULL, '600.0000', '157.0000', '26.1667', 6, 'Fail', 39, 39, 0, '2022-08-06 04:58:25', '2022-09-12 07:53:25'),
(800, 3, 1, 1, 6, 21, 133, 'default_roll_no', NULL, '600.0000', '335.0000', '55.8333', 4, 'Good', 23, 23, 0, '2022-08-06 04:58:25', '2022-09-12 07:53:25'),
(801, 3, 1, 1, 6, 21, 134, 'default_roll_no', NULL, '600.0000', '393.0000', '65.5000', 3, 'Very Good', 17, 17, 0, '2022-08-06 04:58:25', '2022-09-12 07:53:25'),
(802, 3, 1, 1, 6, 21, 135, 'default_roll_no', NULL, '600.0000', '291.0000', '48.5000', 5, 'Fair', 29, 29, 0, '2022-08-06 04:58:25', '2022-09-12 07:53:25'),
(803, 3, 1, 1, 6, 21, 136, 'default_roll_no', NULL, '600.0000', '214.0000', '35.6667', 6, 'Fail', 33, 33, 0, '2022-08-06 04:58:25', '2022-09-12 07:53:25'),
(804, 3, 1, 1, 6, 21, 138, 'default_roll_no', NULL, '600.0000', '474.0000', '79.0000', 2, 'Excellent', 8, 8, 0, '2022-08-06 04:58:25', '2022-09-12 07:53:25'),
(805, 3, 1, 1, 6, 21, 139, 'default_roll_no', NULL, '600.0000', '305.0000', '50.8333', 4, 'Good', 28, 28, 0, '2022-08-06 04:58:25', '2022-09-12 07:53:25'),
(806, 3, 1, 1, 6, 21, 140, 'default_roll_no', NULL, '600.0000', '430.0000', '71.6667', 2, 'Excellent', 14, 14, 0, '2022-08-06 04:58:25', '2022-09-12 07:53:25'),
(807, 3, 1, 1, 6, 21, 141, 'default_roll_no', NULL, '600.0000', '332.0000', '55.3333', 4, 'Good', 24, 24, 0, '2022-08-06 04:58:25', '2022-09-12 07:53:25'),
(808, 3, 1, 1, 6, 21, 142, 'default_roll_no', NULL, '600.0000', '263.0000', '43.8333', 5, 'Fair', 31, 31, 0, '2022-08-06 04:58:25', '2022-09-12 07:53:25'),
(809, 3, 1, 1, 6, 21, 143, 'default_roll_no', NULL, '600.0000', '417.0000', '69.5000', 2, 'Excellent', 15, 15, 0, '2022-08-06 04:58:25', '2022-09-12 07:53:25'),
(810, 3, 1, 1, 6, 21, 145, 'default_roll_no', NULL, '600.0000', '444.0000', '74.0000', 2, 'Excellent', 12, 12, 0, '2022-08-06 04:58:25', '2022-09-12 07:53:25'),
(811, 3, 1, 1, 6, 21, 146, 'default_roll_no', NULL, '600.0000', '0.0000', '0.0000', 6, 'Fail', 40, 40, 0, '2022-08-06 04:58:25', '2022-09-12 07:53:25'),
(812, 3, 1, 1, 6, 21, 149, 'default_roll_no', NULL, '600.0000', '442.0000', '73.6667', 2, 'Excellent', 13, 13, 0, '2022-08-06 04:58:25', '2022-09-12 07:53:25'),
(813, 3, 1, 1, 6, 21, 150, 'default_roll_no', NULL, '600.0000', '457.0000', '76.1667', 2, 'Excellent', 11, 11, 0, '2022-08-06 04:58:25', '2022-09-12 07:53:25'),
(814, 3, 1, 1, 6, 21, 151, 'default_roll_no', NULL, '600.0000', '261.0000', '43.5000', 5, 'Fair', 32, 32, 0, '2022-08-06 04:58:25', '2022-09-12 07:53:25'),
(815, 3, 1, 1, 6, 21, 152, 'default_roll_no', NULL, '600.0000', '200.0000', '33.3333', 6, 'Fail', 35, 35, 0, '2022-08-06 04:58:25', '2022-09-12 07:53:25'),
(816, 3, 1, 1, 6, 21, 153, 'default_roll_no', NULL, '600.0000', '307.0000', '51.1667', 4, 'Good', 27, 27, 0, '2022-08-06 04:58:25', '2022-09-12 07:53:25'),
(817, 3, 1, 1, 6, 21, 154, 'default_roll_no', NULL, '600.0000', '342.0000', '57.0000', 4, 'Good', 22, 22, 0, '2022-08-06 04:58:25', '2022-09-12 07:53:25'),
(818, 3, 1, 1, 6, 21, 155, 'default_roll_no', NULL, '600.0000', '572.0000', '95.3333', 1, 'Outstanding', 2, 2, 28, '2022-08-06 04:58:25', '2022-09-12 07:53:25'),
(819, 3, 1, 1, 6, 21, 156, 'default_roll_no', NULL, '600.0000', '342.0000', '57.0000', 4, 'Good', 22, 22, 0, '2022-08-06 04:58:25', '2022-09-12 07:53:25'),
(820, 3, 1, 1, 6, 21, 157, 'default_roll_no', NULL, '600.0000', '465.0000', '77.5000', 2, 'Excellent', 9, 9, 0, '2022-08-06 04:58:25', '2022-09-12 07:53:25'),
(821, 3, 1, 1, 6, 21, 158, 'default_roll_no', NULL, '600.0000', '430.0000', '71.6667', 2, 'Excellent', 14, 14, 0, '2022-08-06 04:58:25', '2022-09-12 07:53:25'),
(822, 3, 1, 1, 6, 21, 162, 'default_roll_no', NULL, '600.0000', '559.0000', '93.1667', 1, 'Outstanding', 3, 3, 43, '2022-08-06 04:58:25', '2022-09-12 07:53:25'),
(823, 3, 1, 1, 6, 21, 163, 'default_roll_no', NULL, '600.0000', '348.0000', '58.0000', 4, 'Good', 20, 20, 0, '2022-08-06 04:58:25', '2022-09-12 07:53:25'),
(824, 3, 1, 1, 6, 21, 164, 'default_roll_no', NULL, '600.0000', '401.0000', '66.8333', 3, 'Very Good', 16, 16, 0, '2022-08-06 04:58:25', '2022-09-12 07:53:25'),
(825, 3, 1, 1, 6, 21, 643, 'default_roll_no', NULL, '600.0000', '582.0000', '97.0000', 1, 'Outstanding', 1, 1, 17, '2022-08-06 04:58:25', '2022-09-12 07:53:25'),
(826, 3, 1, 1, 6, 21, 653, 'default_roll_no', NULL, '600.0000', '343.0000', '57.1667', 4, 'Good', 21, 21, 0, '2022-08-06 04:58:25', '2022-09-12 07:53:25'),
(827, 3, 1, 1, 6, 21, 654, 'default_roll_no', NULL, '600.0000', '460.0000', '76.6667', 2, 'Excellent', 10, 10, 0, '2022-08-06 04:58:25', '2022-09-12 07:53:25'),
(828, 3, 1, 1, 6, 21, 668, 'default_roll_no', NULL, '600.0000', '173.0000', '28.8333', 6, 'Fail', 38, 38, 0, '2022-08-06 04:58:25', '2022-09-12 07:53:25'),
(829, 3, 1, 1, 6, 21, 683, 'default_roll_no', NULL, '600.0000', '213.0000', '35.5000', 6, 'Fail', 34, 34, 0, '2022-08-06 04:58:25', '2022-09-12 07:53:25'),
(830, 3, 1, 1, 6, 21, 687, 'default_roll_no', NULL, '600.0000', '316.0000', '52.6667', 4, 'Good', 26, 26, 0, '2022-08-06 04:58:25', '2022-09-12 07:53:25'),
(831, 3, 1, 1, 6, 21, 693, 'default_roll_no', NULL, '600.0000', '330.0000', '55.0000', 4, 'Good', 25, 25, 0, '2022-08-06 04:58:25', '2022-09-12 07:53:25'),
(832, 3, 1, 1, 6, 21, 709, 'default_roll_no', NULL, '600.0000', '392.0000', '65.3333', 3, 'Very Good', 18, 18, 0, '2022-08-06 04:58:25', '2022-09-12 07:53:25'),
(833, 3, 1, 1, 6, 21, 716, 'default_roll_no', NULL, '600.0000', '522.0000', '87.0000', 1, 'Outstanding', 5, 5, 88, '2022-08-06 04:58:25', '2022-09-12 07:53:25'),
(834, 3, 1, 1, 7, 7, 147, 'default_roll_no', NULL, '700.0000', '301.0000', '43.0000', 5, 'Fair', 30, 30, 0, '2022-08-06 04:58:25', '2022-09-12 03:36:51'),
(835, 3, 1, 1, 7, 7, 159, 'default_roll_no', NULL, '700.0000', '228.0000', '32.5714', 6, 'Fail', 35, 35, 0, '2022-08-06 04:58:25', '2022-09-12 03:36:51'),
(836, 3, 1, 1, 7, 7, 160, 'default_roll_no', NULL, '700.0000', '312.0000', '44.5714', 5, 'Fair', 27, 27, 0, '2022-08-06 04:58:25', '2022-09-12 03:36:51'),
(837, 3, 1, 1, 7, 7, 161, 'default_roll_no', NULL, '700.0000', '280.0000', '40.0000', 5, 'Fair', 33, 33, 0, '2022-08-06 04:58:25', '2022-09-12 03:36:51'),
(838, 3, 1, 1, 7, 7, 165, 'default_roll_no', NULL, '700.0000', '299.0000', '42.7143', 5, 'Fair', 31, 31, 0, '2022-08-06 04:58:25', '2022-09-12 03:36:51'),
(839, 3, 1, 1, 7, 7, 167, 'default_roll_no', NULL, '700.0000', '697.0000', '99.5714', 1, 'Outstanding', 1, 1, 3, '2022-08-06 04:58:25', '2022-09-12 03:36:51'),
(840, 3, 1, 1, 7, 7, 168, 'default_roll_no', NULL, '700.0000', '658.0000', '94.0000', 1, 'Outstanding', 2, 2, 39, '2022-08-06 04:58:25', '2022-09-12 03:36:51'),
(841, 3, 1, 1, 7, 7, 169, 'default_roll_no', NULL, '700.0000', '516.0000', '73.7143', 2, 'Excellent', 10, 10, 0, '2022-08-06 04:58:25', '2022-09-12 03:36:51'),
(842, 3, 1, 1, 7, 7, 170, 'default_roll_no', NULL, '700.0000', '420.0000', '60.0000', 3, 'Very Good', 17, 17, 0, '2022-08-06 04:58:25', '2022-09-12 03:36:51'),
(843, 3, 1, 1, 7, 7, 171, 'default_roll_no', NULL, '700.0000', '533.0000', '76.1429', 2, 'Excellent', 9, 9, 0, '2022-08-06 04:58:25', '2022-09-12 03:36:51'),
(844, 3, 1, 1, 7, 7, 172, 'default_roll_no', NULL, '700.0000', '476.0000', '68.0000', 3, 'Very Good', 15, 15, 0, '2022-08-06 04:58:25', '2022-09-12 03:36:51'),
(845, 3, 1, 1, 7, 7, 173, 'default_roll_no', NULL, '700.0000', '563.0000', '80.4286', 1, 'Outstanding', 6, 6, 0, '2022-08-06 04:58:25', '2022-09-12 03:36:51'),
(846, 3, 1, 1, 7, 7, 174, 'default_roll_no', NULL, '700.0000', '571.0000', '81.5714', 1, 'Outstanding', 5, 5, 125, '2022-08-06 04:58:25', '2022-09-12 03:36:51'),
(847, 3, 1, 1, 7, 7, 175, 'default_roll_no', NULL, '700.0000', '399.0000', '57.0000', 4, 'Good', 19, 19, 0, '2022-08-06 04:58:25', '2022-09-12 03:36:51'),
(848, 3, 1, 1, 7, 7, 176, 'default_roll_no', NULL, '700.0000', '596.0000', '85.1429', 1, 'Outstanding', 3, 3, 99, '2022-08-06 04:58:25', '2022-09-12 03:36:51'),
(849, 3, 1, 1, 7, 7, 177, 'default_roll_no', NULL, '700.0000', '590.0000', '84.2857', 1, 'Outstanding', 4, 4, 106, '2022-08-06 04:58:25', '2022-09-12 03:36:51'),
(850, 3, 1, 1, 7, 7, 178, 'default_roll_no', NULL, '700.0000', '489.0000', '69.8571', 2, 'Excellent', 13, 13, 0, '2022-08-06 04:58:25', '2022-09-12 03:36:51'),
(851, 3, 1, 1, 7, 7, 179, 'default_roll_no', NULL, '700.0000', '89.0000', '12.7143', 6, 'Fail', 36, 36, 0, '2022-08-06 04:58:25', '2022-09-12 03:36:51'),
(852, 3, 1, 1, 7, 7, 180, 'default_roll_no', NULL, '700.0000', '363.0000', '51.8571', 4, 'Good', 23, 23, 0, '2022-08-06 04:58:25', '2022-09-12 03:36:51'),
(853, 3, 1, 1, 7, 7, 182, 'default_roll_no', NULL, '700.0000', '382.0000', '54.5714', 4, 'Good', 20, 20, 0, '2022-08-06 04:58:25', '2022-09-12 03:36:51'),
(854, 3, 1, 1, 7, 7, 184, 'default_roll_no', NULL, '700.0000', '330.0000', '47.1429', 5, 'Fair', 26, 26, 0, '2022-08-06 04:58:25', '2022-09-12 03:36:51'),
(855, 3, 1, 1, 7, 7, 185, 'default_roll_no', NULL, '700.0000', '500.0000', '71.4286', 2, 'Excellent', 11, 11, 0, '2022-08-06 04:58:25', '2022-09-12 03:36:51'),
(856, 3, 1, 1, 7, 7, 186, 'default_roll_no', NULL, '700.0000', '553.0000', '79.0000', 2, 'Excellent', 7, 7, 0, '2022-08-06 04:58:25', '2022-09-12 03:36:51'),
(857, 3, 1, 1, 7, 7, 187, 'default_roll_no', NULL, '700.0000', '291.0000', '41.5714', 5, 'Fair', 32, 32, 0, '2022-08-06 04:58:25', '2022-09-12 03:36:51'),
(858, 3, 1, 1, 7, 7, 188, 'default_roll_no', NULL, '700.0000', '539.0000', '77.0000', 2, 'Excellent', 8, 8, 0, '2022-08-06 04:58:25', '2022-09-12 03:36:51'),
(859, 3, 1, 1, 7, 7, 189, 'default_roll_no', NULL, '700.0000', '539.0000', '77.0000', 2, 'Excellent', 8, 8, 0, '2022-08-06 04:58:25', '2022-09-12 03:36:51'),
(860, 3, 1, 1, 7, 7, 191, 'default_roll_no', NULL, '700.0000', '489.0000', '69.8571', 2, 'Excellent', 13, 13, 0, '2022-08-06 04:58:25', '2022-09-12 03:36:51'),
(861, 3, 1, 1, 7, 7, 192, 'default_roll_no', NULL, '700.0000', '490.0000', '70.0000', 2, 'Excellent', 12, 12, 0, '2022-08-06 04:58:25', '2022-09-12 03:36:51'),
(862, 3, 1, 1, 7, 7, 193, 'default_roll_no', NULL, '700.0000', '483.0000', '69.0000', 3, 'Very Good', 14, 14, 0, '2022-08-06 04:58:25', '2022-09-12 03:36:51'),
(863, 3, 1, 1, 7, 7, 194, 'default_roll_no', NULL, '700.0000', '414.0000', '59.1429', 3, 'Very Good', 18, 18, 0, '2022-08-06 04:58:26', '2022-09-12 03:36:51'),
(864, 3, 1, 1, 7, 7, 672, 'default_roll_no', NULL, '700.0000', '263.0000', '37.5714', 6, 'Fail', 34, 34, 0, '2022-08-06 04:58:26', '2022-09-12 03:36:51'),
(865, 3, 1, 1, 7, 7, 673, 'default_roll_no', NULL, '700.0000', '334.0000', '47.7143', 5, 'Fair', 25, 25, 0, '2022-08-06 04:58:26', '2022-09-12 03:36:51'),
(866, 3, 1, 1, 7, 7, 674, 'default_roll_no', NULL, '700.0000', '308.0000', '44.0000', 5, 'Fair', 28, 28, 0, '2022-08-06 04:58:26', '2022-09-12 03:36:51'),
(867, 3, 1, 1, 7, 7, 675, 'default_roll_no', NULL, '700.0000', '382.0000', '54.5714', 4, 'Good', 20, 20, 0, '2022-08-06 04:58:26', '2022-09-12 03:36:51'),
(868, 3, 1, 1, 7, 7, 680, 'default_roll_no', NULL, '700.0000', '421.0000', '60.1429', 3, 'Very Good', 16, 16, 0, '2022-08-06 04:58:26', '2022-09-12 03:36:51'),
(869, 3, 1, 1, 7, 7, 681, 'default_roll_no', NULL, '700.0000', '376.0000', '53.7143', 4, 'Good', 21, 21, 0, '2022-08-06 04:58:26', '2022-09-12 03:36:51'),
(870, 3, 1, 1, 7, 7, 682, 'default_roll_no', NULL, '700.0000', '374.0000', '53.4286', 4, 'Good', 22, 22, 0, '2022-08-06 04:58:26', '2022-09-12 03:36:51'),
(871, 3, 1, 1, 7, 7, 684, 'default_roll_no', NULL, '700.0000', '337.0000', '48.1429', 5, 'Fair', 24, 24, 0, '2022-08-06 04:58:26', '2022-09-12 03:36:51'),
(872, 3, 1, 1, 7, 7, 694, 'default_roll_no', NULL, '700.0000', '305.0000', '43.5714', 5, 'Fair', 29, 29, 0, '2022-08-06 04:58:26', '2022-09-12 03:36:51'),
(873, 3, 1, 1, 10, 8, 181, 'default_roll_no', NULL, '700.0000', '242.0000', '34.5714', 6, 'Fail', 28, 28, 0, '2022-08-06 04:58:26', '2022-09-07 04:10:47'),
(874, 3, 1, 1, 10, 8, 190, 'default_roll_no', NULL, '700.0000', '223.0000', '31.8571', 6, 'Fail', 29, 29, 0, '2022-08-06 04:58:26', '2022-09-07 04:10:47'),
(875, 3, 1, 1, 10, 8, 195, 'default_roll_no', NULL, '700.0000', '419.0000', '59.8571', 3, 'Very Good', 13, 13, 0, '2022-08-06 04:58:26', '2022-09-07 04:10:47'),
(876, 3, 1, 1, 10, 8, 196, 'default_roll_no', NULL, '700.0000', '398.0000', '56.8571', 4, 'Good', 16, 16, 0, '2022-08-06 04:58:26', '2022-09-07 04:10:47'),
(877, 3, 1, 1, 10, 8, 197, 'default_roll_no', NULL, '700.0000', '490.0000', '70.0000', 2, 'Excellent', 8, 8, 0, '2022-08-06 04:58:26', '2022-09-12 03:36:51'),
(878, 3, 1, 1, 10, 8, 198, 'default_roll_no', NULL, '700.0000', '290.0000', '41.4286', 5, 'Fair', 22, 22, 0, '2022-08-06 04:58:26', '2022-09-07 04:10:47'),
(879, 3, 1, 1, 10, 8, 199, 'default_roll_no', NULL, '700.0000', '565.0000', '80.7143', 1, 'Outstanding', 7, 7, 0, '2022-08-06 04:58:26', '2022-09-12 03:36:51'),
(880, 3, 1, 1, 10, 8, 200, 'default_roll_no', NULL, '700.0000', '566.0000', '80.8571', 1, 'Outstanding', 6, 6, 0, '2022-08-06 04:58:26', '2022-09-12 03:36:51'),
(881, 3, 1, 1, 10, 8, 201, 'default_roll_no', NULL, '700.0000', '664.0000', '94.8571', 1, 'Outstanding', 4, 4, 31, '2022-08-06 04:58:26', '2022-09-12 03:36:51'),
(882, 3, 1, 1, 10, 8, 202, 'default_roll_no', NULL, '700.0000', '642.0000', '91.7143', 1, 'Outstanding', 5, 5, 53, '2022-08-06 04:58:26', '2022-09-12 03:36:51'),
(883, 3, 1, 1, 10, 8, 203, 'default_roll_no', NULL, '700.0000', '322.0000', '46.0000', 5, 'Fair', 18, 18, 0, '2022-08-06 04:58:26', '2022-09-07 04:10:47'),
(884, 3, 1, 1, 10, 8, 206, 'default_roll_no', NULL, '700.0000', '665.0000', '95.0000', 1, 'Outstanding', 3, 3, 30, '2022-08-06 04:58:26', '2022-09-12 03:36:51'),
(885, 3, 1, 1, 10, 8, 207, 'default_roll_no', NULL, '700.0000', '379.0000', '54.1429', 4, 'Good', 17, 17, 0, '2022-08-06 04:58:26', '2022-09-07 04:10:47'),
(886, 3, 1, 1, 10, 8, 208, 'default_roll_no', NULL, '700.0000', '312.0000', '44.5714', 5, 'Fair', 20, 20, 0, '2022-08-06 04:58:26', '2022-09-07 04:10:47'),
(887, 3, 1, 1, 10, 8, 209, 'default_roll_no', NULL, '700.0000', '304.0000', '43.4286', 5, 'Fair', 21, 21, 0, '2022-08-06 04:58:26', '2022-09-07 04:10:47'),
(888, 3, 1, 1, 10, 8, 210, 'default_roll_no', NULL, '700.0000', '416.0000', '59.4286', 3, 'Very Good', 14, 14, 0, '2022-08-06 04:58:26', '2022-09-07 04:10:47'),
(889, 3, 1, 1, 10, 8, 211, 'default_roll_no', NULL, '700.0000', '321.0000', '45.8571', 5, 'Fair', 19, 19, 0, '2022-08-06 04:58:26', '2022-09-07 04:10:47'),
(890, 3, 1, 1, 10, 8, 212, 'default_roll_no', NULL, '700.0000', '255.0000', '36.4286', 6, 'Fail', 27, 27, 0, '2022-08-06 04:58:26', '2022-09-07 04:10:47'),
(891, 3, 1, 1, 10, 8, 214, 'default_roll_no', NULL, '700.0000', '412.0000', '58.8571', 4, 'Good', 15, 15, 0, '2022-08-06 04:58:26', '2022-09-07 04:10:47'),
(892, 3, 1, 1, 10, 8, 215, 'default_roll_no', NULL, '700.0000', '272.0000', '38.8571', 6, 'Fail', 25, 25, 0, '2022-08-06 04:58:26', '2022-09-07 04:10:47'),
(893, 3, 1, 1, 10, 8, 216, 'default_roll_no', NULL, '700.0000', '489.0000', '69.8571', 2, 'Excellent', 9, 9, 0, '2022-08-06 04:58:26', '2022-09-12 03:36:51'),
(894, 3, 1, 1, 10, 8, 217, 'default_roll_no', NULL, '700.0000', '668.0000', '95.4286', 1, 'Outstanding', 2, 2, 27, '2022-08-06 04:58:26', '2022-09-12 03:36:51'),
(895, 3, 1, 1, 10, 8, 219, 'default_roll_no', NULL, '700.0000', '672.0000', '96.0000', 1, 'Outstanding', 1, 1, 23, '2022-08-06 04:58:26', '2022-09-12 03:36:51'),
(896, 3, 1, 1, 10, 8, 220, 'default_roll_no', NULL, '700.0000', '477.0000', '68.1429', 3, 'Very Good', 10, 10, 0, '2022-08-06 04:58:26', '2022-09-12 03:36:51'),
(897, 3, 1, 1, 10, 8, 223, 'default_roll_no', NULL, '700.0000', '272.0000', '38.8571', 6, 'Fail', 25, 25, 0, '2022-08-06 04:58:26', '2022-09-07 04:10:47'),
(898, 3, 1, 1, 10, 8, 224, 'default_roll_no', NULL, '700.0000', '449.0000', '64.1429', 3, 'Very Good', 11, 11, 0, '2022-08-06 04:58:26', '2022-09-07 04:10:47'),
(899, 3, 1, 1, 10, 8, 226, 'default_roll_no', NULL, '700.0000', '275.0000', '39.2857', 5, 'Fair', 24, 24, 0, '2022-08-06 04:58:26', '2022-09-07 04:10:47'),
(900, 3, 1, 1, 10, 8, 227, 'default_roll_no', NULL, '700.0000', '435.0000', '62.1429', 3, 'Very Good', 12, 12, 0, '2022-08-06 04:58:26', '2022-09-07 04:10:47'),
(901, 3, 1, 1, 10, 8, 688, 'default_roll_no', NULL, '700.0000', '286.0000', '40.8571', 5, 'Fair', 23, 23, 0, '2022-08-06 04:58:26', '2022-09-07 04:10:47'),
(902, 3, 1, 1, 10, 8, 712, 'default_roll_no', NULL, '700.0000', '257.0000', '36.7143', 6, 'Fail', 26, 26, 0, '2022-08-06 04:58:26', '2022-09-07 04:10:47'),
(903, 3, 1, 1, 12, 9, 218, 'default_roll_no', NULL, '600.0000', '103.0000', '17.1667', 6, 'Fail', 42, 24, 0, '2022-08-06 04:58:26', '2022-09-07 04:30:25'),
(904, 3, 1, 1, 12, 9, 225, 'default_roll_no', NULL, '600.0000', '115.0000', '19.1667', 6, 'Fail', 41, 23, 0, '2022-08-06 04:58:26', '2022-09-07 04:30:25'),
(905, 3, 1, 1, 12, 9, 228, 'default_roll_no', NULL, '600.0000', '76.0000', '12.6667', 6, 'Fail', 43, 25, 0, '2022-08-06 04:58:26', '2022-09-07 04:30:25'),
(906, 3, 1, 1, 12, 9, 229, 'default_roll_no', NULL, '600.0000', '467.0000', '77.8333', 2, 'Excellent', 7, 5, 0, '2022-08-06 04:58:26', '2022-09-07 05:29:12'),
(907, 3, 1, 1, 12, 9, 230, 'default_roll_no', NULL, '600.0000', '533.0000', '88.8333', 1, 'Outstanding', 1, 1, 75, '2022-08-06 04:58:26', '2022-09-12 03:36:51'),
(908, 3, 1, 1, 12, 9, 231, 'default_roll_no', NULL, '600.0000', '371.0000', '61.8333', 3, 'Very Good', 18, 12, 0, '2022-08-06 04:58:26', '2022-09-07 04:30:25'),
(909, 3, 1, 1, 12, 9, 232, 'default_roll_no', NULL, '600.0000', '523.0000', '87.1667', 1, 'Outstanding', 3, 2, 86, '2022-08-06 04:58:26', '2022-09-12 03:36:51'),
(910, 3, 1, 1, 12, 9, 233, 'default_roll_no', NULL, '600.0000', '329.0000', '54.8333', 4, 'Good', 22, 14, 0, '2022-08-06 04:58:26', '2022-09-07 04:30:25'),
(911, 3, 1, 1, 12, 9, 234, 'default_roll_no', NULL, '600.0000', '383.0000', '63.8333', 3, 'Very Good', 16, 10, 0, '2022-08-06 04:58:26', '2022-09-07 04:30:25'),
(912, 3, 1, 1, 12, 9, 235, 'default_roll_no', NULL, '600.0000', '53.0000', '8.8333', 6, 'Fail', 44, 26, 0, '2022-08-06 04:58:26', '2022-09-07 04:30:25'),
(913, 3, 1, 1, 12, 9, 236, 'default_roll_no', NULL, '600.0000', '354.0000', '59.0000', 4, 'Good', 19, 13, 0, '2022-08-06 04:58:26', '2022-09-07 04:30:25'),
(914, 3, 1, 1, 12, 9, 237, 'default_roll_no', NULL, '600.0000', '0.0000', '0.0000', 6, 'Fail', 45, 27, 0, '2022-08-06 04:58:26', '2022-09-07 04:30:25'),
(915, 3, 1, 1, 12, 9, 238, 'default_roll_no', NULL, '600.0000', '302.0000', '50.3333', 4, 'Good', 25, 16, 0, '2022-08-06 04:58:26', '2022-09-07 04:30:25'),
(916, 3, 1, 1, 12, 9, 239, 'default_roll_no', NULL, '600.0000', '464.0000', '77.3333', 2, 'Excellent', 9, 6, 0, '2022-08-06 04:58:26', '2022-09-07 05:12:34'),
(917, 3, 1, 1, 12, 9, 240, 'default_roll_no', NULL, '600.0000', '238.0000', '39.6667', 5, 'Fair', 33, 18, 0, '2022-08-06 04:58:26', '2022-09-07 04:30:25'),
(918, 3, 1, 1, 12, 9, 241, 'default_roll_no', NULL, '600.0000', '254.0000', '42.3333', 5, 'Fair', 31, 17, 0, '2022-08-06 04:58:26', '2022-09-07 04:30:25'),
(919, 3, 1, 1, 12, 9, 242, 'default_roll_no', NULL, '600.0000', '197.0000', '32.8333', 6, 'Fail', 38, 21, 0, '2022-08-06 04:58:26', '2022-09-07 04:30:25'),
(920, 3, 1, 1, 12, 9, 243, 'default_roll_no', NULL, '600.0000', '419.0000', '69.8333', 2, 'Excellent', 13, 8, 0, '2022-08-06 04:58:26', '2022-09-07 04:30:25'),
(921, 3, 1, 1, 12, 9, 244, 'default_roll_no', NULL, '600.0000', '206.0000', '34.3333', 6, 'Fail', 36, 20, 0, '2022-08-06 04:58:26', '2022-09-07 04:30:25'),
(922, 3, 1, 1, 12, 10, 245, 'default_roll_no', NULL, '600.0000', '265.0000', '44.1667', 5, 'Fair', 28, 13, 0, '2022-08-06 04:58:26', '2022-09-07 04:30:25'),
(923, 3, 1, 1, 12, 9, 248, 'default_roll_no', NULL, '600.0000', '380.0000', '63.3333', 3, 'Very Good', 17, 11, 0, '2022-08-06 04:58:26', '2022-09-07 04:30:25'),
(924, 3, 1, 1, 12, 9, 250, 'default_roll_no', NULL, '600.0000', '220.0000', '36.6667', 6, 'Fail', 35, 19, 0, '2022-08-06 04:58:26', '2022-09-07 04:30:25'),
(925, 3, 1, 1, 12, 9, 253, 'default_roll_no', NULL, '600.0000', '0.0000', '0.0000', 6, 'Fail', 45, 27, 0, '2022-08-06 04:58:26', '2022-09-07 04:30:25'),
(926, 3, 1, 1, 12, 9, 254, 'default_roll_no', NULL, '600.0000', '424.0000', '70.6667', 2, 'Excellent', 12, 7, 0, '2022-08-06 04:58:26', '2022-09-07 04:30:25'),
(927, 3, 1, 1, 12, 9, 255, 'default_roll_no', NULL, '600.0000', '501.0000', '83.5000', 1, 'Outstanding', 4, 3, 109, '2022-08-06 04:58:26', '2022-09-12 03:36:51'),
(928, 3, 1, 1, 12, 10, 259, 'default_roll_no', NULL, '600.0000', '172.0000', '28.6667', 6, 'Fail', 39, 19, 0, '2022-08-06 04:58:26', '2022-09-07 04:30:25'),
(929, 3, 1, 1, 12, 10, 260, 'default_roll_no', NULL, '600.0000', '334.0000', '55.6667', 4, 'Good', 20, 8, 0, '2022-08-06 04:58:26', '2022-09-07 04:30:25'),
(930, 3, 1, 1, 12, 10, 261, 'default_roll_no', NULL, '600.0000', '436.0000', '72.6667', 2, 'Excellent', 11, 5, 0, '2022-08-06 04:58:26', '2022-09-07 04:30:25'),
(931, 3, 1, 1, 12, 10, 262, 'default_roll_no', NULL, '600.0000', '528.0000', '88.0000', 1, 'Outstanding', 2, 1, 81, '2022-08-06 04:58:26', '2022-09-12 03:36:51'),
(932, 3, 1, 1, 12, 10, 266, 'default_roll_no', NULL, '600.0000', '419.0000', '69.8333', 2, 'Excellent', 13, 6, 0, '2022-08-06 04:58:26', '2022-09-07 04:30:25'),
(933, 3, 1, 1, 12, 10, 268, 'default_roll_no', NULL, '600.0000', '288.0000', '48.0000', 5, 'Fair', 27, 12, 0, '2022-08-06 04:58:26', '2022-09-07 04:30:25'),
(934, 3, 1, 1, 12, 10, 269, 'default_roll_no', NULL, '600.0000', '295.0000', '49.1667', 4, 'Good', 26, 11, 0, '2022-08-06 04:58:26', '2022-09-07 04:30:25'),
(935, 3, 1, 1, 12, 10, 270, 'default_roll_no', NULL, '600.0000', '331.0000', '55.1667', 4, 'Good', 21, 9, 0, '2022-08-06 04:58:26', '2022-09-07 04:30:25'),
(936, 3, 1, 1, 12, 10, 271, 'default_roll_no', NULL, '600.0000', '484.0000', '80.6667', 1, 'Outstanding', 6, 2, 0, '2022-08-06 04:58:26', '2022-09-12 03:36:51'),
(937, 3, 1, 1, 12, 10, 272, 'default_roll_no', NULL, '600.0000', '257.0000', '42.8333', 5, 'Fair', 30, 15, 0, '2022-08-06 04:58:26', '2022-09-07 04:29:31'),
(938, 3, 1, 1, 12, 10, 275, 'default_roll_no', NULL, '600.0000', '0.0000', '0.0000', 6, 'Fail', 45, 20, 0, '2022-08-06 04:58:26', '2022-09-07 04:28:46'),
(939, 3, 1, 1, 12, 10, 276, 'default_roll_no', NULL, '600.0000', '234.0000', '39.0000', 6, 'Fail', 34, 17, 0, '2022-08-06 04:58:26', '2022-09-07 04:30:25'),
(940, 3, 1, 1, 12, 10, 277, 'default_roll_no', NULL, '600.0000', '444.0000', '74.0000', 2, 'Excellent', 10, 4, 0, '2022-08-06 04:58:26', '2022-09-07 04:30:25'),
(941, 3, 1, 1, 12, 10, 279, 'default_roll_no', NULL, '600.0000', '262.0000', '43.6667', 5, 'Fair', 29, 14, 0, '2022-08-06 04:58:26', '2022-09-07 04:30:25'),
(942, 3, 1, 1, 12, 10, 280, 'default_roll_no', NULL, '600.0000', '248.0000', '41.3333', 5, 'Fair', 32, 16, 0, '2022-08-06 04:58:26', '2022-09-07 04:30:25'),
(943, 3, 1, 1, 12, 10, 281, 'default_roll_no', NULL, '600.0000', '393.0000', '65.5000', 3, 'Very Good', 15, 7, 0, '2022-08-06 04:58:26', '2022-09-07 04:30:25'),
(944, 3, 1, 1, 12, 10, 669, 'default_roll_no', NULL, '600.0000', '307.0000', '51.1667', 4, 'Good', 24, 10, 0, '2022-08-06 04:58:26', '2022-09-07 04:30:25'),
(945, 3, 1, 1, 12, 9, 671, 'default_roll_no', NULL, '600.0000', '155.0000', '25.8333', 6, 'Fail', 40, 22, 0, '2022-08-06 04:58:26', '2022-09-07 04:30:25'),
(946, 3, 1, 1, 12, 10, 679, 'default_roll_no', NULL, '600.0000', '201.0000', '33.5000', 6, 'Fail', 37, 18, 0, '2022-08-06 04:58:26', '2022-09-07 04:30:25'),
(947, 3, 1, 1, 12, 9, 695, 'default_roll_no', NULL, '600.0000', '492.0000', '82.0000', 1, 'Outstanding', 5, 4, 121, '2022-08-06 04:58:26', '2022-09-12 03:36:51'),
(948, 3, 1, 1, 12, 10, 713, 'default_roll_no', NULL, '600.0000', '465.0000', '77.5000', 2, 'Excellent', 8, 3, 0, '2022-08-06 04:58:26', '2022-09-07 05:12:34'),
(949, 3, 1, 1, 12, 9, 728, 'default_roll_no', NULL, '600.0000', '328.0000', '54.6667', 4, 'Good', 23, 15, 0, '2022-08-06 04:58:26', '2022-09-07 04:30:25');
INSERT INTO `exam_allocations` (`id`, `exam_create_id`, `session_id`, `campus_id`, `class_id`, `class_section_id`, `student_id`, `roll_type`, `exam_roll_no`, `total_mark`, `obtain_mark`, `final_percentage`, `grade_id`, `remark`, `class_position`, `class_section_position`, `merit_rank_in_school`, `created_at`, `updated_at`) VALUES
(950, 3, 1, 1, 12, 9, 729, 'default_roll_no', NULL, '600.0000', '395.0000', '65.8333', 3, 'Very Good', 14, 9, 0, '2022-08-06 04:58:27', '2022-09-07 04:30:25'),
(958, 3, 1, 1, 13, 11, 287, 'default_roll_no', NULL, '600.0000', '237.0000', '39.5000', 5, 'Fair', 32, 17, 0, '2022-08-06 04:58:27', '2022-09-15 07:06:45'),
(959, 3, 1, 1, 13, 11, 288, 'default_roll_no', NULL, '600.0000', '170.0000', '28.3333', 6, 'Fail', 40, 24, 0, '2022-08-06 04:58:27', '2022-09-15 07:06:45'),
(960, 3, 1, 1, 13, 11, 289, 'default_roll_no', NULL, '600.0000', '184.0000', '30.6667', 6, 'Fail', 38, 22, 0, '2022-08-06 04:58:27', '2022-09-15 07:06:45'),
(961, 3, 1, 1, 13, 11, 290, 'default_roll_no', NULL, '600.0000', '536.0000', '89.3333', 1, 'Outstanding', 5, 4, 70, '2022-08-06 04:58:27', '2022-09-15 07:06:45'),
(962, 3, 1, 1, 13, 11, 291, 'default_roll_no', NULL, '600.0000', '587.0000', '97.8333', 1, 'Outstanding', 2, 1, 13, '2022-08-06 04:58:27', '2022-09-15 07:06:45'),
(964, 3, 1, 1, 13, 11, 293, 'default_roll_no', NULL, '600.0000', '215.0000', '35.8333', 6, 'Fail', 35, 19, 0, '2022-08-06 04:58:27', '2022-09-15 07:06:45'),
(965, 3, 1, 1, 13, 11, 294, 'default_roll_no', NULL, '600.0000', '294.0000', '49.0000', 5, 'Fair', 26, 14, 0, '2022-08-06 04:58:27', '2022-09-15 07:06:45'),
(966, 3, 1, 1, 13, 11, 295, 'default_roll_no', NULL, '600.0000', '372.0000', '62.0000', 3, 'Very Good', 19, 9, 0, '2022-08-06 04:58:27', '2022-09-15 07:06:45'),
(967, 3, 1, 1, 13, 11, 296, 'default_roll_no', NULL, '600.0000', '207.0000', '34.5000', 6, 'Fail', 37, 21, 0, '2022-08-06 04:58:27', '2022-09-15 07:06:45'),
(969, 3, 1, 1, 13, 11, 298, 'default_roll_no', NULL, '600.0000', '173.0000', '28.8333', 6, 'Fail', 39, 23, 0, '2022-08-06 04:58:27', '2022-09-15 07:06:45'),
(970, 3, 1, 1, 13, 11, 300, 'default_roll_no', NULL, '600.0000', '414.0000', '69.0000', 3, 'Very Good', 14, 7, 0, '2022-08-06 04:58:27', '2022-09-15 07:06:45'),
(971, 3, 1, 1, 13, 11, 301, 'default_roll_no', NULL, '600.0000', '466.0000', '77.6667', 2, 'Excellent', 9, 6, 0, '2022-08-06 04:58:27', '2022-09-15 07:06:45'),
(974, 3, 1, 1, 13, 11, 305, 'default_roll_no', NULL, '600.0000', '229.0000', '38.1667', 6, 'Fail', 34, 18, 0, '2022-08-06 04:58:27', '2022-09-15 07:06:45'),
(977, 3, 1, 1, 13, 11, 309, 'default_roll_no', NULL, '600.0000', '473.0000', '78.8333', 2, 'Excellent', 8, 5, 0, '2022-08-06 04:58:27', '2022-09-15 07:06:45'),
(978, 3, 1, 1, 13, 11, 310, 'default_roll_no', NULL, '600.0000', '248.0000', '41.3333', 5, 'Fair', 31, 16, 0, '2022-08-06 04:58:27', '2022-09-15 07:06:45'),
(979, 3, 1, 1, 13, 11, 312, 'default_roll_no', NULL, '600.0000', '299.0000', '49.8333', 4, 'Good', 24, 13, 0, '2022-08-06 04:58:27', '2022-09-15 07:06:45'),
(980, 3, 1, 1, 13, 11, 313, 'default_roll_no', NULL, '600.0000', '568.0000', '94.6667', 1, 'Outstanding', 3, 2, 34, '2022-08-06 04:58:27', '2022-09-15 07:06:45'),
(981, 3, 1, 1, 13, 11, 316, 'default_roll_no', NULL, '600.0000', '326.0000', '54.3333', 4, 'Good', 22, 12, 0, '2022-08-06 04:58:27', '2022-09-15 07:06:45'),
(982, 3, 1, 1, 13, 11, 319, 'default_roll_no', NULL, '600.0000', '543.0000', '90.5000', 1, 'Outstanding', 4, 3, 62, '2022-08-06 04:58:27', '2022-09-15 07:06:45'),
(986, 3, 1, 1, 13, 11, 326, 'default_roll_no', NULL, '600.0000', '278.0000', '46.3333', 5, 'Fair', 28, 15, 0, '2022-08-06 04:58:27', '2022-09-15 07:06:45'),
(988, 3, 1, 1, 13, 11, 328, 'default_roll_no', NULL, '600.0000', '355.0000', '59.1667', 3, 'Very Good', 20, 10, 0, '2022-08-06 04:58:27', '2022-09-15 07:06:45'),
(990, 3, 1, 1, 13, 11, 641, 'default_roll_no', NULL, '600.0000', '375.0000', '62.5000', 3, 'Very Good', 18, 8, 0, '2022-08-06 04:58:27', '2022-09-15 07:06:45'),
(992, 3, 1, 1, 13, 11, 686, 'default_roll_no', NULL, '600.0000', '336.0000', '56.0000', 4, 'Good', 21, 11, 0, '2022-08-06 04:58:27', '2022-09-15 07:06:45'),
(993, 3, 1, 1, 13, 11, 699, 'default_roll_no', NULL, '600.0000', '210.0000', '35.0000', 6, 'Fail', 36, 20, 0, '2022-08-06 04:58:27', '2022-09-15 07:06:45'),
(998, 3, 1, 1, 14, 12, 303, 'default_roll_no', NULL, '600.0000', '154.0000', '25.6667', 6, 'Fail', 47, 29, 0, '2022-08-06 04:58:27', '2022-09-07 05:34:53'),
(999, 3, 1, 1, 14, 12, 314, 'default_roll_no', NULL, '600.0000', '132.0000', '22.0000', 6, 'Fail', 49, 31, 0, '2022-08-06 04:58:27', '2022-09-07 05:34:53'),
(1000, 3, 1, 1, 14, 13, 315, 'default_roll_no', NULL, '600.0000', '248.0000', '41.3333', 5, 'Fair', 37, 17, 0, '2022-08-06 04:58:27', '2022-09-07 05:34:53'),
(1001, 3, 1, 1, 14, 13, 317, 'default_roll_no', NULL, '600.0000', '267.0000', '44.5000', 5, 'Fair', 36, 16, 0, '2022-08-06 04:58:27', '2022-09-07 05:34:52'),
(1002, 3, 1, 1, 14, 12, 318, 'default_roll_no', NULL, '600.0000', '168.0000', '28.0000', 6, 'Fail', 45, 27, 0, '2022-08-06 04:58:27', '2022-09-07 05:34:53'),
(1003, 3, 1, 1, 14, 12, 321, 'default_roll_no', NULL, '600.0000', '139.0000', '23.1667', 6, 'Fail', 48, 30, 0, '2022-08-06 04:58:27', '2022-09-07 05:34:53'),
(1004, 3, 1, 1, 14, 12, 330, 'default_roll_no', NULL, '600.0000', '534.0000', '89.0000', 1, 'Outstanding', 8, 5, 73, '2022-08-06 04:58:27', '2022-09-12 03:36:51'),
(1005, 3, 1, 1, 14, 12, 331, 'default_roll_no', NULL, '600.0000', '160.0000', '26.6667', 6, 'Fail', 46, 28, 0, '2022-08-06 04:58:27', '2022-09-07 05:34:53'),
(1006, 3, 1, 1, 14, 12, 332, 'default_roll_no', NULL, '600.0000', '401.0000', '66.8333', 3, 'Very Good', 18, 12, 0, '2022-08-06 04:58:27', '2022-09-07 05:33:38'),
(1007, 3, 1, 1, 14, 12, 333, 'default_roll_no', NULL, '600.0000', '560.0000', '93.3333', 1, 'Outstanding', 3, 2, 41, '2022-08-06 04:58:27', '2022-09-12 03:36:51'),
(1008, 3, 1, 1, 14, 12, 335, 'default_roll_no', NULL, '600.0000', '175.0000', '29.1667', 6, 'Fail', 43, 25, 0, '2022-08-06 04:58:27', '2022-09-07 05:34:53'),
(1009, 3, 1, 1, 14, 12, 341, 'default_roll_no', NULL, '600.0000', '206.0000', '34.3333', 6, 'Fail', 41, 23, 0, '2022-08-06 04:58:27', '2022-09-07 05:33:38'),
(1010, 3, 1, 1, 14, 12, 343, 'default_roll_no', NULL, '600.0000', '352.0000', '58.6667', 4, 'Good', 25, 16, 0, '2022-08-06 04:58:27', '2022-09-07 05:34:52'),
(1011, 3, 1, 1, 14, 12, 344, 'default_roll_no', NULL, '600.0000', '547.0000', '91.1667', 1, 'Outstanding', 6, 3, 57, '2022-08-06 04:58:27', '2022-09-12 03:36:51'),
(1012, 3, 1, 1, 14, 12, 345, 'default_roll_no', NULL, '600.0000', '308.0000', '51.3333', 4, 'Good', 32, 20, 0, '2022-08-06 04:58:27', '2022-09-07 05:34:52'),
(1013, 3, 1, 1, 14, 12, 346, 'default_roll_no', NULL, '600.0000', '340.0000', '56.6667', 4, 'Good', 27, 17, 0, '2022-08-06 04:58:27', '2022-09-07 05:34:52'),
(1014, 3, 1, 1, 14, 12, 348, 'default_roll_no', NULL, '600.0000', '485.0000', '80.8333', 1, 'Outstanding', 14, 8, 0, '2022-08-06 04:58:27', '2022-09-12 03:36:51'),
(1015, 3, 1, 1, 14, 12, 349, 'default_roll_no', NULL, '600.0000', '493.0000', '82.1667', 1, 'Outstanding', 13, 7, 120, '2022-08-06 04:58:27', '2022-09-12 03:36:51'),
(1016, 3, 1, 1, 14, 13, 350, 'default_roll_no', NULL, '600.0000', '289.0000', '48.1667', 5, 'Fair', 34, 14, 0, '2022-08-06 04:58:27', '2022-09-07 05:34:53'),
(1017, 3, 1, 1, 14, 12, 351, 'default_roll_no', NULL, '600.0000', '564.0000', '94.0000', 1, 'Outstanding', 2, 1, 39, '2022-08-06 04:58:27', '2022-09-12 03:36:51'),
(1018, 3, 1, 1, 14, 12, 352, 'default_roll_no', NULL, '600.0000', '417.0000', '69.5000', 2, 'Excellent', 17, 11, 0, '2022-08-06 04:58:27', '2022-09-07 05:34:52'),
(1019, 3, 1, 1, 14, 13, 353, 'default_roll_no', NULL, '600.0000', '281.0000', '46.8333', 5, 'Fair', 35, 15, 0, '2022-08-06 04:58:27', '2022-09-07 05:34:53'),
(1020, 3, 1, 1, 14, 12, 354, 'default_roll_no', NULL, '600.0000', '191.0000', '31.8333', 6, 'Fail', 42, 24, 0, '2022-08-06 04:58:27', '2022-09-07 05:34:53'),
(1021, 3, 1, 1, 14, 12, 355, 'default_roll_no', NULL, '600.0000', '333.0000', '55.5000', 4, 'Good', 28, 18, 0, '2022-08-06 04:58:27', '2022-09-07 05:34:52'),
(1022, 3, 1, 1, 14, 12, 356, 'default_roll_no', NULL, '600.0000', '0.0000', '0.0000', 6, 'Fail', 50, 32, 0, '2022-08-06 04:58:27', '2022-09-07 05:34:53'),
(1023, 3, 1, 1, 14, 12, 357, 'default_roll_no', NULL, '600.0000', '545.0000', '90.8333', 1, 'Outstanding', 7, 4, 59, '2022-08-06 04:58:27', '2022-09-12 03:36:51'),
(1024, 3, 1, 1, 14, 13, 358, 'default_roll_no', NULL, '600.0000', '551.0000', '91.8333', 1, 'Outstanding', 5, 3, 52, '2022-08-06 04:58:27', '2022-09-12 03:36:51'),
(1025, 3, 1, 1, 14, 12, 359, 'default_roll_no', NULL, '600.0000', '497.0000', '82.8333', 1, 'Outstanding', 12, 6, 116, '2022-08-06 04:58:27', '2022-09-12 03:36:51'),
(1026, 3, 1, 1, 14, 12, 360, 'default_roll_no', NULL, '600.0000', '470.0000', '78.3333', 2, 'Excellent', 16, 10, 0, '2022-08-06 04:58:27', '2022-09-07 06:54:07'),
(1027, 3, 1, 1, 14, 12, 361, 'default_roll_no', NULL, '600.0000', '390.0000', '65.0000', 3, 'Very Good', 20, 14, 0, '2022-08-06 04:58:27', '2022-09-07 05:33:38'),
(1028, 3, 1, 1, 14, 13, 362, 'default_roll_no', NULL, '600.0000', '0.0000', '0.0000', 6, 'Fail', 50, 20, 0, '2022-08-06 04:58:27', '2022-09-07 05:34:53'),
(1029, 3, 1, 1, 14, 12, 363, 'default_roll_no', NULL, '600.0000', '471.0000', '78.5000', 2, 'Excellent', 15, 9, 0, '2022-08-06 04:58:27', '2022-09-07 06:54:07'),
(1030, 3, 1, 1, 14, 13, 365, 'default_roll_no', NULL, '600.0000', '580.0000', '96.6667', 1, 'Outstanding', 1, 1, 19, '2022-08-06 04:58:27', '2022-09-12 03:36:51'),
(1031, 3, 1, 1, 14, 12, 367, 'default_roll_no', NULL, '600.0000', '303.0000', '50.5000', 4, 'Good', 33, 21, 0, '2022-08-06 04:58:27', '2022-09-07 05:34:52'),
(1032, 3, 1, 1, 14, 13, 368, 'default_roll_no', NULL, '600.0000', '330.0000', '55.0000', 4, 'Good', 29, 12, 0, '2022-08-06 04:58:27', '2022-09-07 05:34:53'),
(1033, 3, 1, 1, 14, 13, 371, 'default_roll_no', NULL, '600.0000', '216.0000', '36.0000', 6, 'Fail', 40, 19, 0, '2022-08-06 04:58:27', '2022-09-07 05:34:53'),
(1034, 3, 1, 1, 14, 13, 374, 'default_roll_no', NULL, '600.0000', '382.0000', '63.6667', 3, 'Very Good', 22, 9, 0, '2022-08-06 04:58:27', '2022-09-07 05:34:52'),
(1035, 3, 1, 1, 14, 12, 376, 'default_roll_no', NULL, '600.0000', '358.0000', '59.6667', 3, 'Very Good', 24, 15, 0, '2022-08-06 04:58:27', '2022-09-07 05:34:52'),
(1036, 3, 1, 1, 14, 13, 377, 'default_roll_no', NULL, '600.0000', '375.0000', '62.5000', 3, 'Very Good', 23, 10, 0, '2022-08-06 04:58:27', '2022-09-07 05:34:53'),
(1037, 3, 1, 1, 14, 12, 378, 'default_roll_no', NULL, '600.0000', '174.0000', '29.0000', 6, 'Fail', 44, 26, 0, '2022-08-06 04:58:27', '2022-09-07 05:34:53'),
(1038, 3, 1, 1, 14, 13, 379, 'default_roll_no', NULL, '600.0000', '531.0000', '88.5000', 1, 'Outstanding', 9, 4, 78, '2022-08-06 04:58:27', '2022-09-12 03:36:51'),
(1039, 3, 1, 1, 14, 13, 380, 'default_roll_no', NULL, '600.0000', '221.0000', '36.8333', 6, 'Fail', 39, 18, 0, '2022-08-06 04:58:27', '2022-09-07 05:34:53'),
(1040, 3, 1, 1, 14, 13, 385, 'default_roll_no', NULL, '600.0000', '394.0000', '65.6667', 3, 'Very Good', 19, 7, 0, '2022-08-06 04:58:27', '2022-09-07 05:34:52'),
(1041, 3, 1, 1, 14, 13, 388, 'default_roll_no', NULL, '600.0000', '313.0000', '52.1667', 4, 'Good', 30, 13, 0, '2022-08-06 04:58:27', '2022-09-07 05:34:52'),
(1042, 3, 1, 1, 14, 13, 389, 'default_roll_no', NULL, '600.0000', '511.0000', '85.1667', 1, 'Outstanding', 10, 5, 98, '2022-08-06 04:58:27', '2022-09-12 03:36:51'),
(1043, 3, 1, 1, 14, 12, 642, 'default_roll_no', NULL, '600.0000', '394.0000', '65.6667', 3, 'Very Good', 19, 13, 0, '2022-08-06 04:58:27', '2022-09-07 05:33:38'),
(1044, 3, 1, 1, 14, 13, 665, 'default_roll_no', NULL, '600.0000', '504.0000', '84.0000', 1, 'Outstanding', 11, 6, 107, '2022-08-06 04:58:27', '2022-09-12 03:36:51'),
(1045, 3, 1, 1, 14, 12, 676, 'default_roll_no', NULL, '600.0000', '312.0000', '52.0000', 4, 'Good', 31, 19, 0, '2022-08-06 04:58:27', '2022-09-07 05:34:52'),
(1046, 3, 1, 1, 14, 13, 678, 'default_roll_no', NULL, '600.0000', '330.0000', '55.0000', 4, 'Good', 29, 12, 0, '2022-08-06 04:58:27', '2022-09-07 05:34:53'),
(1047, 3, 1, 1, 14, 13, 721, 'default_roll_no', NULL, '600.0000', '386.0000', '64.3333', 3, 'Very Good', 21, 8, 0, '2022-08-06 04:58:27', '2022-09-07 05:34:53'),
(1048, 3, 1, 1, 14, 12, 722, 'default_roll_no', NULL, '600.0000', '224.0000', '37.3333', 6, 'Fail', 38, 22, 0, '2022-08-06 04:58:27', '2022-09-07 05:33:38'),
(1049, 3, 1, 1, 14, 13, 723, 'default_roll_no', NULL, '600.0000', '555.0000', '92.5000', 1, 'Outstanding', 4, 2, 48, '2022-08-06 04:58:27', '2022-09-12 03:36:51'),
(1050, 3, 1, 1, 14, 13, 736, 'default_roll_no', NULL, '600.0000', '351.0000', '58.5000', 4, 'Good', 26, 11, 0, '2022-08-06 04:58:27', '2022-09-07 05:34:53'),
(1051, 3, 1, 1, 14, 13, 737, 'default_roll_no', NULL, '600.0000', '386.0000', '64.3333', 3, 'Very Good', 21, 8, 0, '2022-08-06 04:58:27', '2022-09-07 05:34:52'),
(1052, 3, 1, 1, 18, 22, 336, 'default_roll_no', NULL, '550.0000', '249.0000', '45.2727', 5, 'Fair', 29, 15, 0, '2022-08-06 04:58:27', '2022-09-07 08:02:53'),
(1053, 3, 1, 1, 18, 16, 337, 'default_roll_no', NULL, '550.0000', '175.0000', '31.8182', 6, 'Fail', 37, 23, 0, '2022-08-06 04:58:27', '2022-09-07 08:02:53'),
(1054, 3, 1, 1, 18, 22, 338, 'default_roll_no', NULL, '550.0000', '281.0000', '51.0909', 4, 'Good', 27, 13, 0, '2022-08-06 04:58:28', '2022-09-07 08:02:53'),
(1055, 3, 1, 1, 18, 22, 340, 'default_roll_no', NULL, '550.0000', '218.0000', '39.6364', 5, 'Fair', 32, 16, 0, '2022-08-06 04:58:28', '2022-09-07 08:02:53'),
(1056, 3, 1, 1, 18, 16, 342, 'default_roll_no', NULL, '550.0000', '0.0000', '0.0000', 6, 'Fail', 49, 30, 0, '2022-08-06 04:58:28', '2022-09-07 08:02:53'),
(1057, 3, 1, 1, 18, 16, 347, 'default_roll_no', NULL, '550.0000', '156.0000', '28.3636', 6, 'Fail', 41, 26, 0, '2022-08-06 04:58:28', '2022-09-07 08:02:53'),
(1058, 3, 1, 1, 18, 22, 366, 'default_roll_no', NULL, '550.0000', '452.0000', '82.1818', 1, 'Outstanding', 13, 6, 119, '2022-08-06 04:58:28', '2022-09-12 03:36:51'),
(1059, 3, 1, 1, 18, 22, 369, 'default_roll_no', NULL, '550.0000', '183.0000', '33.2727', 6, 'Fail', 36, 18, 0, '2022-08-06 04:58:28', '2022-09-07 08:02:53'),
(1060, 3, 1, 1, 18, 16, 370, 'default_roll_no', NULL, '550.0000', '148.0000', '26.9091', 6, 'Fail', 42, 27, 0, '2022-08-06 04:58:28', '2022-09-07 08:02:53'),
(1061, 3, 1, 1, 18, 22, 372, 'default_roll_no', NULL, '550.0000', '124.0000', '22.5455', 6, 'Fail', 45, 21, 0, '2022-08-06 04:58:28', '2022-09-07 08:02:53'),
(1062, 3, 1, 1, 18, 16, 373, 'default_roll_no', NULL, '550.0000', '292.0000', '53.0909', 4, 'Good', 25, 16, 0, '2022-08-06 04:58:28', '2022-09-07 08:02:53'),
(1063, 3, 1, 1, 18, 16, 381, 'default_roll_no', NULL, '550.0000', '167.0000', '30.3636', 6, 'Fail', 38, 24, 0, '2022-08-06 04:58:28', '2022-09-07 08:02:53'),
(1064, 3, 1, 1, 18, 16, 382, 'default_roll_no', NULL, '550.0000', '32.0000', '5.8182', 6, 'Fail', 48, 29, 0, '2022-08-06 04:58:28', '2022-09-07 08:02:53'),
(1065, 3, 1, 1, 18, 22, 383, 'default_roll_no', NULL, '550.0000', '163.0000', '29.6364', 6, 'Fail', 39, 19, 0, '2022-08-06 04:58:28', '2022-09-07 08:02:53'),
(1066, 3, 1, 1, 18, 22, 386, 'default_roll_no', NULL, '550.0000', '0.0000', '0.0000', 6, 'Fail', 49, 24, 0, '2022-08-06 04:58:28', '2022-09-07 08:02:53'),
(1067, 3, 1, 1, 18, 16, 387, 'default_roll_no', NULL, '550.0000', '142.0000', '25.8182', 6, 'Fail', 43, 28, 0, '2022-08-06 04:58:28', '2022-09-07 08:02:53'),
(1068, 3, 1, 1, 18, 22, 457, 'default_roll_no', NULL, '550.0000', '536.0000', '97.4545', 1, 'Outstanding', 1, 1, 16, '2022-08-06 04:58:28', '2022-09-12 03:36:51'),
(1069, 3, 1, 1, 18, 16, 458, 'default_roll_no', NULL, '550.0000', '451.0000', '82.0000', 1, 'Outstanding', 14, 9, 121, '2022-08-06 04:58:28', '2022-09-12 03:36:51'),
(1070, 3, 1, 1, 18, 16, 459, 'default_roll_no', NULL, '550.0000', '458.0000', '83.2727', 1, 'Outstanding', 12, 8, 112, '2022-08-06 04:58:28', '2022-09-12 03:36:51'),
(1071, 3, 1, 1, 18, 16, 460, 'default_roll_no', NULL, '550.0000', '158.0000', '28.7273', 6, 'Fail', 40, 25, 0, '2022-08-06 04:58:28', '2022-09-07 08:02:53'),
(1072, 3, 1, 1, 18, 22, 461, 'default_roll_no', NULL, '550.0000', '472.0000', '85.8182', 1, 'Outstanding', 10, 4, 96, '2022-08-06 04:58:28', '2022-09-12 03:36:51'),
(1073, 3, 1, 1, 18, 16, 462, 'default_roll_no', NULL, '550.0000', '472.0000', '85.8182', 1, 'Outstanding', 10, 7, 96, '2022-08-06 04:58:28', '2022-09-12 03:36:51'),
(1074, 3, 1, 1, 18, 16, 463, 'default_roll_no', NULL, '550.0000', '513.0000', '93.2727', 1, 'Outstanding', 4, 3, 42, '2022-08-06 04:58:28', '2022-09-12 03:36:51'),
(1075, 3, 1, 1, 18, 16, 464, 'default_roll_no', NULL, '550.0000', '502.0000', '91.2727', 1, 'Outstanding', 5, 4, 56, '2022-08-06 04:58:28', '2022-09-12 03:36:51'),
(1076, 3, 1, 1, 18, 16, 465, 'default_roll_no', NULL, '550.0000', '285.0000', '51.8182', 4, 'Good', 26, 17, 0, '2022-08-06 04:58:28', '2022-09-07 08:02:53'),
(1077, 3, 1, 1, 18, 22, 466, 'default_roll_no', NULL, '550.0000', '415.0000', '75.4545', 2, 'Excellent', 16, 9, 0, '2022-08-06 04:58:28', '2022-09-07 08:02:53'),
(1078, 3, 1, 1, 18, 22, 468, 'default_roll_no', NULL, '550.0000', '468.0000', '85.0909', 1, 'Outstanding', 11, 5, 100, '2022-08-06 04:58:28', '2022-09-12 03:36:51'),
(1079, 3, 1, 1, 18, 16, 469, 'default_roll_no', NULL, '550.0000', '306.0000', '55.6364', 4, 'Good', 22, 14, 0, '2022-08-06 04:58:28', '2022-09-07 08:02:53'),
(1080, 3, 1, 1, 18, 16, 471, 'default_roll_no', NULL, '550.0000', '232.0000', '42.1818', 5, 'Fair', 31, 19, 0, '2022-08-06 04:58:28', '2022-09-07 08:02:53'),
(1081, 3, 1, 1, 18, 16, 472, 'default_roll_no', NULL, '550.0000', '476.0000', '86.5455', 1, 'Outstanding', 8, 5, 91, '2022-08-06 04:58:28', '2022-09-12 03:36:51'),
(1082, 3, 1, 1, 18, 22, 473, 'default_roll_no', NULL, '550.0000', '296.0000', '53.8182', 4, 'Good', 23, 11, 0, '2022-08-06 04:58:28', '2022-09-07 08:02:53'),
(1083, 3, 1, 1, 18, 16, 474, 'default_roll_no', NULL, '550.0000', '474.0000', '86.1818', 1, 'Outstanding', 9, 6, 93, '2022-08-06 04:58:28', '2022-09-12 03:36:51'),
(1084, 3, 1, 1, 18, 16, 475, 'default_roll_no', NULL, '550.0000', '211.0000', '38.3636', 6, 'Fail', 33, 20, 0, '2022-08-06 04:58:28', '2022-09-07 08:02:53'),
(1085, 3, 1, 1, 18, 16, 476, 'default_roll_no', NULL, '550.0000', '293.0000', '53.2727', 4, 'Good', 24, 15, 0, '2022-08-06 04:58:28', '2022-09-07 08:02:53'),
(1086, 3, 1, 1, 18, 16, 477, 'default_roll_no', NULL, '550.0000', '519.0000', '94.3636', 1, 'Outstanding', 3, 2, 35, '2022-08-06 04:58:28', '2022-09-12 03:36:51'),
(1087, 3, 1, 1, 18, 22, 478, 'default_roll_no', NULL, '550.0000', '285.0000', '51.8182', 4, 'Good', 26, 12, 0, '2022-08-06 04:58:28', '2022-09-07 08:02:53'),
(1088, 3, 1, 1, 18, 16, 479, 'default_roll_no', NULL, '550.0000', '237.0000', '43.0909', 5, 'Fair', 30, 18, 0, '2022-08-06 04:58:28', '2022-09-07 08:02:53'),
(1089, 3, 1, 1, 18, 16, 480, 'default_roll_no', NULL, '550.0000', '519.0000', '94.3636', 1, 'Outstanding', 3, 2, 35, '2022-08-06 04:58:28', '2022-09-12 03:36:51'),
(1090, 3, 1, 1, 18, 22, 481, 'default_roll_no', NULL, '550.0000', '267.0000', '48.5455', 5, 'Fair', 28, 14, 0, '2022-08-06 04:58:28', '2022-09-07 08:02:53'),
(1091, 3, 1, 1, 18, 22, 482, 'default_roll_no', NULL, '550.0000', '480.0000', '87.2727', 1, 'Outstanding', 6, 2, 85, '2022-08-06 04:58:28', '2022-09-12 03:36:51'),
(1092, 3, 1, 1, 18, 16, 483, 'default_roll_no', NULL, '550.0000', '340.0000', '61.8182', 3, 'Very Good', 20, 12, 0, '2022-08-06 04:58:28', '2022-09-07 08:02:53'),
(1093, 3, 1, 1, 18, 16, 484, 'default_roll_no', NULL, '550.0000', '204.0000', '37.0909', 6, 'Fail', 34, 21, 0, '2022-08-06 04:58:28', '2022-09-07 08:02:53'),
(1094, 3, 1, 1, 18, 22, 486, 'default_roll_no', NULL, '550.0000', '346.0000', '62.9091', 3, 'Very Good', 19, 10, 0, '2022-08-06 04:58:28', '2022-09-07 08:02:53'),
(1095, 3, 1, 1, 18, 16, 488, 'default_roll_no', NULL, '550.0000', '411.0000', '74.7273', 2, 'Excellent', 17, 10, 0, '2022-08-06 04:58:28', '2022-09-07 08:02:53'),
(1096, 3, 1, 1, 18, 22, 489, 'default_roll_no', NULL, '550.0000', '451.0000', '82.0000', 1, 'Outstanding', 14, 7, 121, '2022-08-06 04:58:28', '2022-09-12 03:36:51'),
(1097, 3, 1, 1, 18, 16, 490, 'default_roll_no', NULL, '550.0000', '521.0000', '94.7273', 1, 'Outstanding', 2, 1, 33, '2022-08-06 04:58:28', '2022-09-12 03:36:51'),
(1098, 3, 1, 1, 18, 16, 633, 'default_roll_no', NULL, '550.0000', '337.0000', '61.2727', 3, 'Very Good', 21, 13, 0, '2022-08-06 04:58:28', '2022-09-07 08:02:53'),
(1099, 3, 1, 1, 18, 22, 639, 'default_roll_no', NULL, '550.0000', '211.0000', '38.3636', 6, 'Fail', 33, 17, 0, '2022-08-06 04:58:28', '2022-09-07 08:02:53'),
(1100, 3, 1, 1, 18, 22, 651, 'default_roll_no', NULL, '550.0000', '445.0000', '80.9091', 1, 'Outstanding', 15, 8, 128, '2022-08-06 04:58:28', '2022-09-12 03:36:51'),
(1101, 3, 1, 1, 18, 22, 656, 'default_roll_no', NULL, '550.0000', '130.0000', '23.6364', 6, 'Fail', 44, 20, 0, '2022-08-06 04:58:28', '2022-09-07 08:02:53'),
(1102, 3, 1, 1, 18, 16, 661, 'default_roll_no', NULL, '550.0000', '196.0000', '35.6364', 6, 'Fail', 35, 22, 0, '2022-08-06 04:58:28', '2022-09-07 08:02:53'),
(1103, 3, 1, 1, 18, 22, 698, 'default_roll_no', NULL, '550.0000', '479.0000', '87.0909', 1, 'Outstanding', 7, 3, 87, '2022-08-06 04:58:28', '2022-09-12 03:36:51'),
(1104, 3, 1, 1, 18, 16, 707, 'default_roll_no', NULL, '550.0000', '371.0000', '67.4545', 3, 'Very Good', 18, 11, 0, '2022-08-06 04:58:28', '2022-09-07 08:02:53'),
(1105, 3, 1, 1, 18, 22, 710, 'default_roll_no', NULL, '550.0000', '110.0000', '20.0000', 6, 'Fail', 47, 23, 0, '2022-08-06 04:58:28', '2022-09-07 08:02:53'),
(1106, 3, 1, 1, 18, 22, 738, 'default_roll_no', NULL, '550.0000', '111.0000', '20.1818', 6, 'Fail', 46, 22, 0, '2022-08-06 04:58:28', '2022-09-07 08:02:53'),
(1107, 3, 1, 1, 18, 16, 741, 'default_roll_no', NULL, '550.0000', '0.0000', '0.0000', 6, 'Fail', 49, 30, 0, '2022-08-06 04:58:28', '2022-09-07 08:02:53'),
(1174, 3, 1, 1, 13, 19, 256, 'default_roll_no', NULL, '600.0000', '131.0000', '21.8333', 6, 'Fail', 41, 19, 0, '2022-08-10 17:24:30', '2022-09-08 07:34:27'),
(1175, 3, 1, 1, 13, 19, 257, 'default_roll_no', NULL, '600.0000', '173.0000', '28.8333', 6, 'Fail', 39, 18, 0, '2022-08-10 17:24:30', '2022-09-08 07:34:27'),
(1176, 3, 1, 1, 13, 19, 282, 'default_roll_no', NULL, '600.0000', '129.0000', '21.5000', 6, 'Fail', 42, 20, 0, '2022-08-10 17:24:30', '2022-09-08 07:34:27'),
(1177, 3, 1, 1, 13, 19, 283, 'default_roll_no', NULL, '600.0000', '265.0000', '44.1667', 5, 'Fair', 29, 15, 0, '2022-08-10 17:24:30', '2022-09-08 07:34:27'),
(1178, 3, 1, 1, 13, 19, 284, 'default_roll_no', NULL, '600.0000', '326.0000', '54.3333', 4, 'Good', 22, 11, 0, '2022-08-10 17:24:30', '2022-09-08 07:34:27'),
(1179, 3, 1, 1, 13, 19, 285, 'default_roll_no', NULL, '600.0000', '297.0000', '49.5000', 4, 'Good', 25, 13, 0, '2022-08-10 17:24:30', '2022-09-08 07:34:27'),
(1180, 3, 1, 1, 13, 19, 286, 'default_roll_no', NULL, '600.0000', '236.0000', '39.3333', 5, 'Fair', 33, 17, 0, '2022-08-10 17:24:30', '2022-09-08 07:34:27'),
(1181, 3, 1, 1, 13, 19, 292, 'default_roll_no', NULL, '600.0000', '255.0000', '42.5000', 5, 'Fair', 30, 16, 0, '2022-08-10 17:24:30', '2022-09-08 07:34:27'),
(1182, 3, 1, 1, 13, 19, 297, 'default_roll_no', NULL, '600.0000', '415.0000', '69.1667', 2, 'Excellent', 13, 7, 0, '2022-08-10 17:24:30', '2022-09-08 07:34:27'),
(1183, 3, 1, 1, 13, 19, 302, 'default_roll_no', NULL, '600.0000', '490.0000', '81.6667', 1, 'Outstanding', 6, 2, 124, '2022-08-10 17:24:30', '2022-09-12 03:36:51'),
(1184, 3, 1, 1, 13, 19, 304, 'default_roll_no', NULL, '600.0000', '319.0000', '53.1667', 4, 'Good', 23, 12, 0, '2022-08-10 17:24:30', '2022-09-08 07:34:27'),
(1185, 3, 1, 1, 13, 19, 306, 'default_roll_no', NULL, '600.0000', '0.0000', '0.0000', 6, 'Fail', 43, 21, 0, '2022-08-10 17:24:30', '2022-09-08 07:34:27'),
(1186, 3, 1, 1, 13, 19, 308, 'default_roll_no', NULL, '600.0000', '588.0000', '98.0000', 1, 'Outstanding', 1, 1, 12, '2022-08-10 17:24:30', '2022-09-12 03:36:51'),
(1187, 3, 1, 1, 13, 19, 322, 'default_roll_no', NULL, '600.0000', '379.0000', '63.1667', 3, 'Very Good', 17, 10, 0, '2022-08-10 17:24:30', '2022-09-08 07:34:27'),
(1188, 3, 1, 1, 13, 19, 324, 'default_roll_no', NULL, '600.0000', '450.0000', '75.0000', 2, 'Excellent', 11, 5, 0, '2022-08-10 17:24:30', '2022-09-08 07:34:27'),
(1189, 3, 1, 1, 13, 19, 325, 'default_roll_no', NULL, '600.0000', '396.0000', '66.0000', 3, 'Very Good', 16, 9, 0, '2022-08-10 17:24:30', '2022-09-08 07:34:27'),
(1190, 3, 1, 1, 13, 19, 327, 'default_roll_no', NULL, '600.0000', '406.0000', '67.6667', 3, 'Very Good', 15, 8, 0, '2022-08-10 17:24:30', '2022-09-15 07:06:45'),
(1191, 3, 1, 1, 13, 19, 329, 'default_roll_no', NULL, '600.0000', '0.0000', '0.0000', 6, 'Fail', 43, 21, 0, '2022-08-10 17:24:30', '2022-09-08 07:34:27'),
(1192, 3, 1, 1, 13, 19, 662, 'default_roll_no', NULL, '600.0000', '485.0000', '80.8333', 1, 'Outstanding', 7, 3, 0, '2022-08-10 17:24:30', '2022-09-12 03:36:51'),
(1193, 3, 1, 1, 13, 19, 701, 'default_roll_no', NULL, '600.0000', '456.0000', '76.0000', 2, 'Excellent', 10, 4, 0, '2022-08-10 17:24:30', '2022-09-08 07:34:27'),
(1194, 3, 1, 1, 13, 19, 711, 'default_roll_no', NULL, '600.0000', '292.0000', '48.6667', 5, 'Fair', 27, 14, 0, '2022-08-10 17:24:30', '2022-09-08 07:34:27'),
(1195, 3, 1, 1, 13, 19, 720, 'default_roll_no', NULL, '600.0000', '0.0000', '0.0000', 6, 'Fail', 43, 21, 0, '2022-08-10 17:24:30', '2022-09-08 07:34:27'),
(1196, 3, 1, 1, 13, 19, 732, 'default_roll_no', NULL, '600.0000', '432.0000', '72.0000', 2, 'Excellent', 12, 6, 0, '2022-08-10 17:24:30', '2022-09-08 07:34:27'),
(1197, 3, 1, 1, 2, 1, 704, 'default_roll_no', NULL, '300.0000', '241.0000', '80.3333', 1, 'Outstanding', 15, 15, 0, '2022-08-15 06:26:51', '2022-09-07 02:39:43'),
(1198, 4, 1, 1, 2, 1, 635, 'default_roll_no', NULL, '300.0000', '289.0000', '96.3333', 1, 'Outstanding', 5, 5, 32, '2022-11-29 04:00:54', '2022-12-28 05:56:23'),
(1199, 4, 1, 1, 2, 1, 645, 'default_roll_no', NULL, '300.0000', '296.0000', '98.6667', 1, 'Outstanding', 3, 3, 9, '2022-11-29 04:00:54', '2022-12-24 05:49:51'),
(1200, 4, 1, 1, 2, 1, 646, 'default_roll_no', NULL, '300.0000', '282.0000', '94.0000', 1, 'Outstanding', 9, 9, 55, '2022-11-29 04:00:54', '2022-12-28 05:56:23'),
(1201, 4, 1, 1, 2, 1, 649, 'default_roll_no', NULL, '300.0000', '268.0000', '89.3333', 1, 'Outstanding', 14, 14, 94, '2022-11-29 04:00:54', '2022-12-28 05:56:23'),
(1202, 4, 1, 1, 2, 1, 650, 'default_roll_no', NULL, '300.0000', '270.0000', '90.0000', 1, 'Outstanding', 13, 13, 87, '2022-11-29 04:00:54', '2022-12-28 05:56:23'),
(1203, 4, 1, 1, 2, 1, 659, 'default_roll_no', NULL, '300.0000', '289.0000', '96.3333', 1, 'Outstanding', 5, 5, 32, '2022-11-29 04:00:54', '2022-12-28 05:56:23'),
(1204, 4, 1, 1, 2, 1, 663, 'default_roll_no', NULL, '300.0000', '297.0000', '99.0000', 1, 'Outstanding', 2, 2, 7, '2022-11-29 04:00:54', '2022-12-24 05:49:51'),
(1205, 4, 1, 1, 2, 1, 666, 'default_roll_no', NULL, '300.0000', '274.0000', '91.3333', 1, 'Outstanding', 12, 12, 76, '2022-11-29 04:00:54', '2022-12-28 05:56:23'),
(1206, 4, 1, 1, 2, 1, 677, 'default_roll_no', NULL, '300.0000', '288.0000', '96.0000', 1, 'Outstanding', 6, 6, 35, '2022-11-29 04:00:55', '2022-12-28 05:56:23'),
(1207, 4, 1, 1, 2, 1, 685, 'default_roll_no', NULL, '300.0000', '264.0000', '88.0000', 1, 'Outstanding', 16, 16, 108, '2022-11-29 04:00:55', '2022-12-28 05:56:23'),
(1208, 4, 1, 1, 2, 1, 689, 'default_roll_no', NULL, '300.0000', '287.0000', '95.6667', 1, 'Outstanding', 7, 7, 38, '2022-11-29 04:00:55', '2022-12-28 05:56:23'),
(1209, 4, 1, 1, 2, 1, 691, 'default_roll_no', NULL, '300.0000', '278.0000', '92.6667', 1, 'Outstanding', 11, 11, 65, '2022-11-29 04:00:55', '2022-12-28 05:56:23'),
(1210, 4, 1, 1, 2, 1, 692, 'default_roll_no', NULL, '300.0000', '278.0000', '92.6667', 1, 'Outstanding', 11, 11, 65, '2022-11-29 04:00:55', '2022-12-28 05:56:23'),
(1211, 4, 1, 1, 2, 1, 700, 'default_roll_no', NULL, '300.0000', '288.0000', '96.0000', 1, 'Outstanding', 6, 6, 35, '2022-11-29 04:00:55', '2022-12-28 05:56:23'),
(1212, 4, 1, 1, 2, 1, 704, 'default_roll_no', NULL, '300.0000', '265.0000', '88.3333', 1, 'Outstanding', 15, 15, 105, '2022-11-29 04:00:55', '2022-12-28 05:56:23'),
(1213, 4, 1, 1, 2, 1, 724, 'default_roll_no', NULL, '300.0000', '299.0000', '99.6667', 1, 'Outstanding', 1, 1, 2, '2022-11-29 04:00:55', '2022-12-23 03:58:54'),
(1214, 4, 1, 1, 2, 1, 725, 'default_roll_no', NULL, '300.0000', '294.0000', '98.0000', 1, 'Outstanding', 4, 4, 16, '2022-11-29 04:00:55', '2022-12-24 05:49:51'),
(1215, 4, 1, 1, 2, 1, 726, 'default_roll_no', NULL, '300.0000', '181.0000', '60.3333', 3, 'Very Good', 18, 18, 0, '2022-11-29 04:00:55', '2022-12-23 03:58:55'),
(1216, 4, 1, 1, 2, 1, 727, 'default_roll_no', NULL, '300.0000', '180.0000', '60.0000', 3, 'Very Good', 19, 19, 0, '2022-11-29 04:00:55', '2022-12-23 03:58:55'),
(1217, 4, 1, 1, 2, 1, 730, 'default_roll_no', NULL, '300.0000', '284.0000', '94.6667', 1, 'Outstanding', 8, 8, 48, '2022-11-29 04:00:55', '2022-12-28 05:56:23'),
(1218, 4, 1, 1, 2, 1, 731, 'default_roll_no', NULL, '300.0000', '281.0000', '93.6667', 1, 'Outstanding', 10, 10, 58, '2022-11-29 04:00:55', '2022-12-28 05:56:23'),
(1219, 4, 1, 1, 2, 1, 733, 'default_roll_no', NULL, '300.0000', '288.0000', '96.0000', 1, 'Outstanding', 6, 6, 35, '2022-11-29 04:00:55', '2022-12-28 05:56:23'),
(1220, 4, 1, 1, 2, 1, 734, 'default_roll_no', NULL, '300.0000', '294.0000', '98.0000', 1, 'Outstanding', 4, 4, 16, '2022-11-29 04:00:55', '2022-12-24 05:49:51'),
(1221, 4, 1, 1, 2, 1, 739, 'default_roll_no', NULL, '300.0000', '288.0000', '96.0000', 1, 'Outstanding', 6, 6, 35, '2022-11-29 04:00:55', '2022-12-28 05:56:23'),
(1222, 4, 1, 1, 2, 1, 740, 'default_roll_no', NULL, '300.0000', '196.0000', '65.3333', 3, 'Very Good', 17, 17, 0, '2022-11-29 04:00:55', '2022-12-23 03:58:55'),
(1223, 4, 1, 1, 3, 2, 2, 'default_roll_no', NULL, '300.0000', '292.0000', '97.3333', 1, 'Outstanding', 5, 5, 23, '2022-11-29 04:00:55', '2023-01-06 06:09:10'),
(1224, 4, 1, 1, 3, 2, 4, 'default_roll_no', NULL, '300.0000', '292.0000', '97.3333', 1, 'Outstanding', 5, 5, 23, '2022-11-29 04:00:55', '2023-01-06 06:09:10'),
(1225, 4, 1, 1, 3, 2, 6, 'default_roll_no', NULL, '300.0000', '236.0000', '78.6667', 2, 'Excellent', 15, 15, 0, '2022-11-29 04:00:55', '2022-12-26 07:16:45'),
(1226, 4, 1, 1, 3, 2, 7, 'default_roll_no', NULL, '300.0000', '293.0000', '97.6667', 1, 'Outstanding', 4, 4, 19, '2022-11-29 04:00:55', '2022-12-26 07:16:45'),
(1227, 4, 1, 1, 3, 2, 8, 'default_roll_no', NULL, '300.0000', '287.0000', '95.6667', 1, 'Outstanding', 7, 7, 38, '2022-11-29 04:00:55', '2022-12-28 05:56:23'),
(1228, 4, 1, 1, 3, 2, 10, 'default_roll_no', NULL, '300.0000', '295.0000', '98.3333', 1, 'Outstanding', 2, 2, 12, '2022-11-29 04:00:55', '2022-12-26 07:16:45'),
(1229, 4, 1, 1, 3, 2, 11, 'default_roll_no', NULL, '300.0000', '295.0000', '98.3333', 1, 'Outstanding', 2, 2, 12, '2022-11-29 04:00:55', '2022-12-26 07:16:45'),
(1230, 4, 1, 1, 3, 2, 12, 'default_roll_no', NULL, '300.0000', '295.0000', '98.3333', 1, 'Outstanding', 2, 2, 12, '2022-11-29 04:00:55', '2022-12-26 07:16:45'),
(1231, 4, 1, 1, 3, 2, 13, 'default_roll_no', NULL, '300.0000', '292.0000', '97.3333', 1, 'Outstanding', 5, 5, 23, '2022-11-29 04:00:55', '2023-01-06 06:09:10'),
(1232, 4, 1, 1, 3, 2, 14, 'default_roll_no', NULL, '300.0000', '286.0000', '95.3333', 1, 'Outstanding', 8, 8, 41, '2022-11-29 04:00:55', '2022-12-28 05:56:23'),
(1233, 4, 1, 1, 3, 2, 15, 'default_roll_no', NULL, '300.0000', '284.0000', '94.6667', 1, 'Outstanding', 10, 10, 48, '2022-11-29 04:00:55', '2022-12-28 05:56:23'),
(1234, 4, 1, 1, 3, 2, 16, 'default_roll_no', NULL, '300.0000', '285.0000', '95.0000', 1, 'Outstanding', 9, 9, 44, '2022-11-29 04:00:55', '2022-12-28 05:56:23'),
(1235, 4, 1, 1, 3, 2, 17, 'default_roll_no', NULL, '300.0000', '275.0000', '91.6667', 1, 'Outstanding', 13, 13, 74, '2022-11-29 04:00:55', '2022-12-28 05:56:23'),
(1236, 4, 1, 1, 3, 2, 18, 'default_roll_no', NULL, '300.0000', '267.0000', '89.0000', 1, 'Outstanding', 14, 14, 98, '2022-11-29 04:00:55', '2022-12-28 05:56:23'),
(1237, 4, 1, 1, 3, 2, 19, 'default_roll_no', NULL, '300.0000', '296.0000', '98.6667', 1, 'Outstanding', 1, 1, 9, '2022-11-29 04:00:55', '2022-12-26 07:16:45'),
(1238, 4, 1, 1, 3, 2, 22, 'default_roll_no', NULL, '300.0000', '296.0000', '98.6667', 1, 'Outstanding', 1, 1, 9, '2022-11-29 04:00:55', '2022-12-26 07:16:45'),
(1239, 4, 1, 1, 3, 2, 23, 'default_roll_no', NULL, '300.0000', '283.0000', '94.3333', 1, 'Outstanding', 11, 11, 51, '2022-11-29 04:00:55', '2022-12-28 05:56:23'),
(1240, 4, 1, 1, 3, 2, 24, 'default_roll_no', NULL, '300.0000', '295.0000', '98.3333', 1, 'Outstanding', 2, 2, 12, '2022-11-29 04:00:55', '2022-12-26 07:16:45'),
(1241, 4, 1, 1, 3, 2, 25, 'default_roll_no', NULL, '300.0000', '284.0000', '94.6667', 1, 'Outstanding', 10, 10, 48, '2022-11-29 04:00:55', '2022-12-28 05:56:23'),
(1242, 4, 1, 1, 3, 2, 26, 'default_roll_no', NULL, '300.0000', '294.0000', '98.0000', 1, 'Outstanding', 3, 3, 16, '2022-11-29 04:00:55', '2022-12-26 07:16:45'),
(1243, 4, 1, 1, 3, 2, 27, 'default_roll_no', NULL, '300.0000', '296.0000', '98.6667', 1, 'Outstanding', 1, 1, 9, '2022-11-29 04:00:55', '2022-12-26 07:16:45'),
(1244, 4, 1, 1, 3, 2, 29, 'default_roll_no', NULL, '300.0000', '285.0000', '95.0000', 1, 'Outstanding', 9, 9, 44, '2022-11-29 04:00:55', '2022-12-28 05:56:23'),
(1245, 4, 1, 1, 3, 2, 30, 'default_roll_no', NULL, '300.0000', '291.0000', '97.0000', 1, 'Outstanding', 6, 6, 26, '2022-11-29 04:00:55', '2022-12-28 05:56:23'),
(1246, 4, 1, 1, 3, 2, 664, 'default_roll_no', NULL, '300.0000', '293.0000', '97.6667', 1, 'Outstanding', 4, 4, 19, '2022-11-29 04:00:55', '2022-12-26 07:16:45'),
(1247, 4, 1, 1, 3, 2, 670, 'default_roll_no', NULL, '300.0000', '281.0000', '93.6667', 1, 'Outstanding', 12, 12, 58, '2022-11-29 04:00:55', '2022-12-28 05:56:23'),
(1248, 4, 1, 1, 4, 3, 36, 'default_roll_no', NULL, '600.0000', '563.0000', '93.8333', 1, 'Outstanding', 14, 14, 56, '2022-11-29 04:00:55', '2022-12-28 05:56:23'),
(1249, 4, 1, 1, 4, 3, 37, 'default_roll_no', NULL, '600.0000', '527.0000', '87.8333', 1, 'Outstanding', 22, 22, 109, '2022-11-29 04:00:55', '2022-12-28 05:56:23'),
(1250, 4, 1, 1, 4, 3, 38, 'default_roll_no', NULL, '600.0000', '579.0000', '96.5000', 1, 'Outstanding', 6, 6, 30, '2022-11-29 04:00:55', '2022-12-28 05:56:23'),
(1251, 4, 1, 1, 4, 3, 39, 'default_roll_no', NULL, '600.0000', '530.0000', '88.3333', 1, 'Outstanding', 20, 20, 105, '2022-11-29 04:00:55', '2022-12-28 05:56:23'),
(1252, 4, 1, 1, 4, 3, 40, 'default_roll_no', NULL, '600.0000', '566.0000', '94.3333', 1, 'Outstanding', 12, 12, 51, '2022-11-29 04:00:55', '2022-12-28 05:56:23'),
(1253, 4, 1, 1, 4, 3, 41, 'default_roll_no', NULL, '600.0000', '583.0000', '97.1667', 1, 'Outstanding', 4, 4, 25, '2022-11-29 04:00:55', '2022-12-28 05:56:23'),
(1254, 4, 1, 1, 4, 3, 42, 'default_roll_no', NULL, '600.0000', '581.0000', '96.8333', 1, 'Outstanding', 5, 5, 28, '2022-11-29 04:00:55', '2022-12-28 05:56:23'),
(1255, 4, 1, 1, 4, 3, 43, 'default_roll_no', NULL, '600.0000', '560.0000', '93.3333', 1, 'Outstanding', 16, 16, 59, '2022-11-29 04:00:55', '2022-12-28 05:56:23'),
(1256, 4, 1, 1, 4, 3, 44, 'default_roll_no', NULL, '600.0000', '584.0000', '97.3333', 1, 'Outstanding', 3, 3, 23, '2022-11-29 04:00:55', '2023-01-06 06:09:10'),
(1257, 4, 1, 1, 4, 3, 45, 'default_roll_no', NULL, '600.0000', '591.0000', '98.5000', 1, 'Outstanding', 1, 1, 10, '2022-11-29 04:00:55', '2022-12-24 05:49:51'),
(1258, 4, 1, 1, 4, 3, 46, 'default_roll_no', NULL, '600.0000', '451.0000', '75.1667', 2, 'Excellent', 25, 25, 0, '2022-11-29 04:00:55', '2022-12-23 05:56:02'),
(1259, 4, 1, 1, 4, 3, 47, 'default_roll_no', NULL, '600.0000', '545.0000', '90.8333', 1, 'Outstanding', 18, 18, 80, '2022-11-29 04:00:55', '2022-12-28 05:56:23'),
(1260, 4, 1, 1, 4, 3, 48, 'default_roll_no', NULL, '600.0000', '377.0000', '62.8333', 3, 'Very Good', 27, 27, 0, '2022-11-29 04:00:56', '2022-12-23 05:56:02'),
(1261, 4, 1, 1, 4, 3, 50, 'default_roll_no', NULL, '600.0000', '420.0000', '70.0000', 2, 'Excellent', 26, 26, 0, '2022-11-29 04:00:56', '2022-12-23 05:56:02'),
(1262, 4, 1, 1, 4, 3, 52, 'default_roll_no', NULL, '600.0000', '566.0000', '94.3333', 1, 'Outstanding', 12, 12, 51, '2022-11-29 04:00:56', '2022-12-28 05:56:23'),
(1263, 4, 1, 1, 4, 3, 53, 'default_roll_no', NULL, '600.0000', '573.0000', '95.5000', 1, 'Outstanding', 8, 8, 39, '2022-11-29 04:00:56', '2022-12-28 05:56:23'),
(1264, 4, 1, 1, 4, 3, 54, 'default_roll_no', NULL, '600.0000', '549.0000', '91.5000', 1, 'Outstanding', 17, 17, 75, '2022-11-29 04:00:56', '2022-12-28 05:56:23'),
(1265, 4, 1, 1, 4, 3, 55, 'default_roll_no', NULL, '600.0000', '571.0000', '95.1667', 1, 'Outstanding', 9, 9, 43, '2022-11-29 04:00:56', '2022-12-28 05:56:23'),
(1266, 4, 1, 1, 4, 3, 56, 'default_roll_no', NULL, '600.0000', '578.0000', '96.3333', 1, 'Outstanding', 7, 7, 32, '2022-11-29 04:00:56', '2022-12-28 05:56:23'),
(1267, 4, 1, 1, 4, 3, 57, 'default_roll_no', NULL, '600.0000', '321.0000', '53.5000', 4, 'Good', 32, 32, 0, '2022-11-29 04:00:56', '2022-12-23 05:56:02'),
(1268, 4, 1, 1, 4, 3, 58, 'default_roll_no', NULL, '600.0000', '570.0000', '95.0000', 1, 'Outstanding', 10, 10, 44, '2022-11-29 04:00:56', '2022-12-28 05:56:23'),
(1269, 4, 1, 1, 4, 3, 59, 'default_roll_no', NULL, '600.0000', '342.0000', '57.0000', 4, 'Good', 30, 30, 0, '2022-11-29 04:00:56', '2022-12-23 05:56:02'),
(1270, 4, 1, 1, 4, 3, 60, 'default_roll_no', NULL, '600.0000', '331.0000', '55.1667', 4, 'Good', 31, 31, 0, '2022-11-29 04:00:56', '2022-12-23 05:56:02'),
(1271, 4, 1, 1, 4, 3, 61, 'default_roll_no', NULL, '600.0000', '541.0000', '90.1667', 1, 'Outstanding', 19, 19, 86, '2022-11-29 04:00:56', '2022-12-28 05:56:23'),
(1272, 4, 1, 1, 4, 3, 62, 'default_roll_no', NULL, '600.0000', '465.0000', '77.5000', 2, 'Excellent', 24, 24, 0, '2022-11-29 04:00:56', '2022-12-23 05:56:02'),
(1273, 4, 1, 1, 4, 3, 63, 'default_roll_no', NULL, '600.0000', '208.0000', '34.6667', 6, 'Fail', 33, 33, 0, '2022-11-29 04:00:56', '2022-12-23 05:56:02'),
(1274, 4, 1, 1, 4, 3, 64, 'default_roll_no', NULL, '600.0000', '562.0000', '93.6667', 1, 'Outstanding', 15, 15, 58, '2022-11-29 04:00:56', '2022-12-28 05:56:23'),
(1275, 4, 1, 1, 4, 3, 65, 'default_roll_no', NULL, '600.0000', '365.0000', '60.8333', 3, 'Very Good', 28, 28, 0, '2022-11-29 04:00:56', '2022-12-23 05:56:02'),
(1276, 4, 1, 1, 4, 3, 66, 'default_roll_no', NULL, '600.0000', '567.0000', '94.5000', 1, 'Outstanding', 11, 11, 49, '2022-11-29 04:00:56', '2022-12-28 05:56:23'),
(1277, 4, 1, 1, 4, 3, 67, 'default_roll_no', NULL, '600.0000', '528.0000', '88.0000', 1, 'Outstanding', 21, 21, 108, '2022-11-29 04:00:56', '2022-12-28 05:56:23'),
(1278, 4, 1, 1, 4, 3, 68, 'default_roll_no', NULL, '600.0000', '579.0000', '96.5000', 1, 'Outstanding', 6, 6, 30, '2022-11-29 04:00:56', '2022-12-28 05:56:23'),
(1279, 4, 1, 1, 4, 3, 69, 'default_roll_no', NULL, '600.0000', '565.0000', '94.1667', 1, 'Outstanding', 13, 13, 54, '2022-11-29 04:00:56', '2022-12-28 05:56:23'),
(1280, 4, 1, 1, 4, 3, 70, 'default_roll_no', NULL, '600.0000', '521.0000', '86.8333', 1, 'Outstanding', 23, 23, 118, '2022-11-29 04:00:56', '2022-12-28 05:56:23'),
(1281, 4, 1, 1, 4, 3, 71, 'default_roll_no', NULL, '600.0000', '583.0000', '97.1667', 1, 'Outstanding', 4, 4, 25, '2022-11-29 04:00:56', '2022-12-28 05:56:23'),
(1282, 4, 1, 1, 4, 3, 660, 'default_roll_no', NULL, '600.0000', '586.0000', '97.6667', 1, 'Outstanding', 2, 2, 19, '2022-11-29 04:00:56', '2022-12-24 05:49:51'),
(1283, 4, 1, 1, 4, 3, 714, 'default_roll_no', NULL, '600.0000', '354.0000', '59.0000', 4, 'Good', 29, 29, 0, '2022-11-29 04:00:56', '2022-12-23 05:56:02'),
(1284, 4, 1, 1, 5, 5, 34, 'default_roll_no', NULL, '600.0000', '263.0000', '43.8333', 5, 'Fair', 40, 21, 0, '2022-11-29 04:00:56', '2022-12-27 16:25:03'),
(1285, 4, 1, 1, 5, 5, 35, 'default_roll_no', NULL, '600.0000', '0.0000', '0.0000', 6, 'Fail', 43, 22, 0, '2022-11-29 04:00:56', '2022-12-27 16:25:03'),
(1286, 4, 1, 1, 5, 5, 72, 'default_roll_no', NULL, '600.0000', '278.0000', '46.3333', 5, 'Fair', 39, 20, 0, '2022-11-29 04:00:56', '2022-12-27 16:25:03'),
(1287, 4, 1, 1, 5, 4, 76, 'default_roll_no', NULL, '600.0000', '368.0000', '61.3333', 3, 'Very Good', 33, 16, 0, '2022-11-29 04:00:56', '2022-12-27 09:10:06'),
(1288, 4, 1, 1, 5, 4, 77, 'default_roll_no', NULL, '600.0000', '506.0000', '84.3333', 1, 'Outstanding', 20, 11, 0, '2022-11-29 04:00:56', '2022-12-27 09:10:06'),
(1289, 4, 1, 1, 5, 4, 78, 'default_roll_no', NULL, '600.0000', '329.0000', '54.8333', 4, 'Good', 35, 17, 0, '2022-11-29 04:00:56', '2022-12-27 09:10:06'),
(1290, 4, 1, 1, 5, 4, 79, 'default_roll_no', NULL, '600.0000', '443.0000', '73.8333', 2, 'Excellent', 27, 14, 0, '2022-11-29 04:00:56', '2022-12-27 09:10:06'),
(1291, 4, 1, 1, 5, 4, 80, 'default_roll_no', NULL, '600.0000', '438.0000', '73.0000', 2, 'Excellent', 29, 15, 0, '2022-11-29 04:00:56', '2022-12-27 09:10:06'),
(1292, 4, 1, 1, 5, 4, 81, 'default_roll_no', NULL, '600.0000', '555.0000', '92.5000', 1, 'Outstanding', 13, 7, 67, '2022-11-29 04:00:56', '2022-12-28 05:56:23'),
(1293, 4, 1, 1, 5, 4, 82, 'default_roll_no', NULL, '600.0000', '286.0000', '47.6667', 5, 'Fair', 38, 20, 0, '2022-11-29 04:00:56', '2022-12-27 09:10:06'),
(1294, 4, 1, 1, 5, 4, 83, 'default_roll_no', NULL, '600.0000', '152.0000', '25.3333', 6, 'Fail', 42, 22, 0, '2022-11-29 04:00:56', '2022-12-27 09:10:06'),
(1295, 4, 1, 1, 5, 4, 84, 'default_roll_no', NULL, '600.0000', '600.0000', '100.0000', 1, 'Outstanding', 1, 1, 1, '2022-11-29 04:00:56', '2022-12-26 07:20:32'),
(1296, 4, 1, 1, 5, 4, 85, 'default_roll_no', NULL, '600.0000', '575.0000', '95.8333', 1, 'Outstanding', 7, 3, 36, '2022-11-29 04:00:56', '2022-12-28 05:56:23'),
(1297, 4, 1, 1, 5, 4, 87, 'default_roll_no', NULL, '600.0000', '557.0000', '92.8333', 1, 'Outstanding', 12, 6, 64, '2022-11-29 04:00:56', '2022-12-28 05:56:23'),
(1298, 4, 1, 1, 5, 4, 88, 'default_roll_no', NULL, '600.0000', '548.0000', '91.3333', 1, 'Outstanding', 16, 8, 76, '2022-11-29 04:00:56', '2022-12-28 05:56:23'),
(1299, 4, 1, 1, 5, 4, 92, 'default_roll_no', NULL, '600.0000', '567.0000', '94.5000', 1, 'Outstanding', 9, 4, 49, '2022-11-29 04:00:57', '2022-12-28 05:56:23'),
(1300, 4, 1, 1, 5, 5, 93, 'default_roll_no', NULL, '600.0000', '568.0000', '94.6667', 1, 'Outstanding', 8, 5, 48, '2022-11-29 04:00:57', '2022-12-28 05:56:23'),
(1301, 4, 1, 1, 5, 4, 94, 'default_roll_no', NULL, '600.0000', '311.0000', '51.8333', 4, 'Good', 36, 18, 0, '2022-11-29 04:00:57', '2022-12-27 09:10:06'),
(1302, 4, 1, 1, 5, 4, 95, 'default_roll_no', NULL, '600.0000', '587.0000', '97.8333', 1, 'Outstanding', 5, 2, 17, '2022-11-29 04:00:57', '2022-12-27 09:10:06'),
(1303, 4, 1, 1, 5, 4, 96, 'default_roll_no', NULL, '600.0000', '460.0000', '76.6667', 2, 'Excellent', 25, 13, 0, '2022-11-29 04:00:57', '2022-12-27 09:10:06'),
(1304, 4, 1, 1, 5, 4, 97, 'default_roll_no', NULL, '600.0000', '240.0000', '40.0000', 5, 'Fair', 41, 21, 0, '2022-11-29 04:00:57', '2022-12-27 09:10:06'),
(1305, 4, 1, 1, 5, 4, 98, 'default_roll_no', NULL, '600.0000', '516.0000', '86.0000', 1, 'Outstanding', 19, 10, 127, '2022-11-29 04:00:57', '2022-12-28 05:56:23'),
(1306, 4, 1, 1, 5, 5, 101, 'default_roll_no', NULL, '600.0000', '412.0000', '68.6667', 3, 'Very Good', 31, 17, 0, '2022-11-29 04:00:57', '2022-12-27 16:25:03'),
(1307, 4, 1, 1, 5, 5, 102, 'default_roll_no', NULL, '600.0000', '498.0000', '83.0000', 1, 'Outstanding', 22, 12, 0, '2022-11-29 04:00:57', '2022-12-27 16:25:03'),
(1308, 4, 1, 1, 5, 5, 103, 'default_roll_no', NULL, '600.0000', '341.0000', '56.8333', 4, 'Good', 34, 19, 0, '2022-11-29 04:00:57', '2022-12-27 16:25:03'),
(1309, 4, 1, 1, 5, 5, 107, 'default_roll_no', NULL, '600.0000', '537.0000', '89.5000', 1, 'Outstanding', 17, 10, 91, '2022-11-29 04:00:57', '2022-12-28 05:56:23'),
(1310, 4, 1, 1, 5, 5, 108, 'default_roll_no', NULL, '600.0000', '591.0000', '98.5000', 1, 'Outstanding', 3, 2, 10, '2022-11-29 04:00:57', '2022-12-27 16:25:03'),
(1311, 4, 1, 1, 5, 5, 109, 'default_roll_no', NULL, '600.0000', '552.0000', '92.0000', 1, 'Outstanding', 14, 8, 71, '2022-11-29 04:00:57', '2022-12-28 05:56:23'),
(1312, 4, 1, 1, 5, 5, 110, 'default_roll_no', NULL, '600.0000', '590.0000', '98.3333', 1, 'Outstanding', 4, 3, 12, '2022-11-29 04:00:57', '2022-12-27 16:25:03'),
(1313, 4, 1, 1, 5, 5, 111, 'default_roll_no', NULL, '600.0000', '454.0000', '75.6667', 2, 'Excellent', 26, 14, 0, '2022-11-29 04:00:57', '2022-12-27 16:25:03'),
(1314, 4, 1, 1, 5, 5, 112, 'default_roll_no', NULL, '600.0000', '595.0000', '99.1667', 1, 'Outstanding', 2, 1, 6, '2022-11-29 04:00:57', '2022-12-27 16:25:03'),
(1315, 4, 1, 1, 5, 5, 113, 'default_roll_no', NULL, '600.0000', '550.0000', '91.6667', 1, 'Outstanding', 15, 9, 74, '2022-11-29 04:00:57', '2022-12-28 05:56:23'),
(1316, 4, 1, 1, 5, 5, 114, 'default_roll_no', NULL, '600.0000', '464.0000', '77.3333', 2, 'Excellent', 24, 13, 0, '2022-11-29 04:00:57', '2022-12-27 16:25:03'),
(1317, 4, 1, 1, 5, 5, 115, 'default_roll_no', NULL, '600.0000', '418.0000', '69.6667', 2, 'Excellent', 30, 16, 0, '2022-11-29 04:00:57', '2022-12-27 16:25:03'),
(1318, 4, 1, 1, 5, 5, 116, 'default_roll_no', NULL, '600.0000', '567.0000', '94.5000', 1, 'Outstanding', 9, 6, 49, '2022-11-29 04:00:57', '2022-12-28 05:56:23'),
(1319, 4, 1, 1, 5, 5, 118, 'default_roll_no', NULL, '600.0000', '499.0000', '83.1667', 1, 'Outstanding', 21, 11, 0, '2022-11-29 04:00:57', '2022-12-27 16:25:03'),
(1320, 4, 1, 1, 5, 5, 119, 'default_roll_no', NULL, '600.0000', '583.0000', '97.1667', 1, 'Outstanding', 6, 4, 25, '2022-11-29 04:00:57', '2022-12-28 05:56:23'),
(1321, 4, 1, 1, 5, 5, 120, 'default_roll_no', NULL, '600.0000', '440.0000', '73.3333', 2, 'Excellent', 28, 15, 0, '2022-11-29 04:00:57', '2022-12-27 16:25:03'),
(1322, 4, 1, 1, 5, 5, 121, 'default_roll_no', NULL, '600.0000', '397.0000', '66.1667', 3, 'Very Good', 32, 18, 0, '2022-11-29 04:00:57', '2022-12-27 16:25:03'),
(1323, 4, 1, 1, 5, 5, 125, 'default_roll_no', NULL, '600.0000', '565.0000', '94.1667', 1, 'Outstanding', 10, 7, 54, '2022-11-29 04:00:57', '2022-12-28 05:56:23'),
(1324, 4, 1, 1, 5, 4, 636, 'default_roll_no', NULL, '600.0000', '292.0000', '48.6667', 5, 'Fair', 37, 19, 0, '2022-11-29 04:00:57', '2022-12-27 09:10:06'),
(1325, 4, 1, 1, 5, 4, 638, 'default_roll_no', NULL, '600.0000', '480.0000', '80.0000', 1, 'Outstanding', 23, 12, 0, '2022-11-29 04:00:57', '2022-12-27 09:10:06'),
(1326, 4, 1, 1, 5, 4, 644, 'default_roll_no', NULL, '600.0000', '562.0000', '93.6667', 1, 'Outstanding', 11, 5, 58, '2022-11-29 04:00:57', '2022-12-28 05:56:23'),
(1327, 4, 1, 1, 5, 4, 719, 'default_roll_no', NULL, '600.0000', '522.0000', '87.0000', 1, 'Outstanding', 18, 9, 117, '2022-11-29 04:00:57', '2022-12-28 05:56:23'),
(1328, 4, 1, 1, 6, 21, 74, 'default_roll_no', NULL, '600.0000', '273.0000', '45.5000', 5, 'Fair', 34, 34, 0, '2022-11-29 04:00:57', '2023-01-02 05:49:34'),
(1329, 4, 1, 1, 6, 21, 100, 'default_roll_no', NULL, '600.0000', '344.0000', '57.3333', 4, 'Good', 31, 31, 0, '2022-11-29 04:00:57', '2023-01-02 05:49:34'),
(1330, 4, 1, 1, 6, 21, 127, 'default_roll_no', NULL, '600.0000', '438.0000', '73.0000', 2, 'Excellent', 21, 21, 0, '2022-11-29 04:00:57', '2023-01-02 05:49:34'),
(1331, 4, 1, 1, 6, 21, 128, 'default_roll_no', NULL, '600.0000', '559.0000', '93.1667', 1, 'Outstanding', 5, 5, 61, '2022-11-29 04:00:57', '2023-01-02 05:49:34'),
(1332, 4, 1, 1, 6, 21, 129, 'default_roll_no', NULL, '600.0000', '552.0000', '92.0000', 1, 'Outstanding', 6, 6, 71, '2022-11-29 04:00:57', '2023-01-02 05:49:34'),
(1333, 4, 1, 1, 6, 21, 130, 'default_roll_no', NULL, '600.0000', '544.0000', '90.6667', 1, 'Outstanding', 7, 7, 82, '2022-11-29 04:00:57', '2023-01-02 05:49:35'),
(1334, 4, 1, 1, 6, 21, 131, 'default_roll_no', NULL, '600.0000', '409.0000', '68.1667', 3, 'Very Good', 25, 25, 0, '2022-11-29 04:00:57', '2023-01-02 05:49:35'),
(1335, 4, 1, 1, 6, 21, 132, 'default_roll_no', NULL, '600.0000', '571.0000', '95.1667', 1, 'Outstanding', 4, 4, 43, '2022-11-29 04:00:57', '2023-01-02 05:49:35'),
(1336, 4, 1, 1, 6, 21, 133, 'default_roll_no', NULL, '600.0000', '378.0000', '63.0000', 3, 'Very Good', 29, 29, 0, '2022-11-29 04:00:57', '2023-01-02 05:49:35'),
(1337, 4, 1, 1, 6, 21, 134, 'default_roll_no', NULL, '600.0000', '404.0000', '67.3333', 3, 'Very Good', 26, 26, 0, '2022-11-29 04:00:57', '2023-01-02 05:49:35'),
(1338, 4, 1, 1, 6, 21, 135, 'default_roll_no', NULL, '600.0000', '385.0000', '64.1667', 3, 'Very Good', 28, 28, 0, '2022-11-29 04:00:57', '2023-01-02 05:49:35'),
(1339, 4, 1, 1, 6, 21, 136, 'default_roll_no', NULL, '600.0000', '267.0000', '44.5000', 5, 'Fair', 35, 35, 0, '2022-11-29 04:00:57', '2023-01-02 05:49:35'),
(1340, 4, 1, 1, 6, 21, 138, 'default_roll_no', NULL, '600.0000', '520.0000', '86.6667', 1, 'Outstanding', 12, 12, 120, '2022-11-29 04:00:57', '2023-01-02 05:49:35'),
(1341, 4, 1, 1, 6, 21, 139, 'default_roll_no', NULL, '600.0000', '350.0000', '58.3333', 4, 'Good', 30, 30, 0, '2022-11-29 04:00:57', '2023-01-02 05:49:35'),
(1342, 4, 1, 1, 6, 21, 140, 'default_roll_no', NULL, '600.0000', '507.0000', '84.5000', 1, 'Outstanding', 15, 15, 0, '2022-11-29 04:00:57', '2023-01-02 05:49:35'),
(1343, 4, 1, 1, 6, 21, 141, 'default_roll_no', NULL, '600.0000', '458.0000', '76.3333', 2, 'Excellent', 20, 20, 0, '2022-11-29 04:00:57', '2023-01-02 05:49:35'),
(1344, 4, 1, 1, 6, 21, 142, 'default_roll_no', NULL, '600.0000', '342.0000', '57.0000', 4, 'Good', 32, 32, 0, '2022-11-29 04:00:57', '2023-01-02 05:49:35'),
(1345, 4, 1, 1, 6, 21, 143, 'default_roll_no', NULL, '600.0000', '539.0000', '89.8333', 1, 'Outstanding', 9, 9, 88, '2022-11-29 04:00:57', '2023-01-02 05:49:35'),
(1346, 4, 1, 1, 6, 21, 145, 'default_roll_no', NULL, '600.0000', '495.0000', '82.5000', 1, 'Outstanding', 16, 16, 0, '2022-11-29 04:00:57', '2023-01-02 05:49:35'),
(1347, 4, 1, 1, 6, 21, 149, 'default_roll_no', NULL, '600.0000', '518.0000', '86.3333', 1, 'Outstanding', 13, 13, 124, '2022-11-29 04:00:57', '2023-01-02 05:49:35'),
(1348, 4, 1, 1, 6, 21, 150, 'default_roll_no', NULL, '600.0000', '486.0000', '81.0000', 1, 'Outstanding', 17, 17, 0, '2022-11-29 04:00:57', '2023-01-02 05:49:35'),
(1349, 4, 1, 1, 6, 21, 151, 'default_roll_no', NULL, '600.0000', '434.0000', '72.3333', 2, 'Excellent', 22, 22, 0, '2022-11-29 04:00:57', '2023-01-02 05:49:35'),
(1350, 4, 1, 1, 6, 21, 152, 'default_roll_no', NULL, '600.0000', '344.0000', '57.3333', 4, 'Good', 31, 31, 0, '2022-11-29 04:00:57', '2023-01-02 05:49:35'),
(1351, 4, 1, 1, 6, 21, 153, 'default_roll_no', NULL, '600.0000', '434.0000', '72.3333', 2, 'Excellent', 22, 22, 0, '2022-11-29 04:00:57', '2023-01-02 05:49:35');
INSERT INTO `exam_allocations` (`id`, `exam_create_id`, `session_id`, `campus_id`, `class_id`, `class_section_id`, `student_id`, `roll_type`, `exam_roll_no`, `total_mark`, `obtain_mark`, `final_percentage`, `grade_id`, `remark`, `class_position`, `class_section_position`, `merit_rank_in_school`, `created_at`, `updated_at`) VALUES
(1352, 4, 1, 1, 6, 21, 154, 'default_roll_no', NULL, '600.0000', '531.0000', '88.5000', 1, 'Outstanding', 11, 11, 104, '2022-11-29 04:00:57', '2023-01-02 05:49:35'),
(1353, 4, 1, 1, 6, 21, 155, 'default_roll_no', NULL, '600.0000', '576.0000', '96.0000', 1, 'Outstanding', 2, 2, 35, '2022-11-29 04:00:57', '2023-01-02 05:49:35'),
(1354, 4, 1, 1, 6, 21, 156, 'default_roll_no', NULL, '600.0000', '508.0000', '84.6667', 1, 'Outstanding', 14, 14, 0, '2022-11-29 04:00:57', '2023-01-02 05:49:35'),
(1355, 4, 1, 1, 6, 21, 157, 'default_roll_no', NULL, '600.0000', '543.0000', '90.5000', 1, 'Outstanding', 8, 8, 83, '2022-11-29 04:00:57', '2023-01-02 05:49:35'),
(1356, 4, 1, 1, 6, 21, 158, 'default_roll_no', NULL, '600.0000', '539.0000', '89.8333', 1, 'Outstanding', 9, 9, 88, '2022-11-29 04:00:58', '2023-01-02 05:49:35'),
(1357, 4, 1, 1, 6, 21, 162, 'default_roll_no', NULL, '600.0000', '575.0000', '95.8333', 1, 'Outstanding', 3, 3, 36, '2022-11-29 04:00:58', '2023-01-02 05:49:35'),
(1358, 4, 1, 1, 6, 21, 163, 'default_roll_no', NULL, '600.0000', '387.0000', '64.5000', 3, 'Very Good', 27, 27, 0, '2022-11-29 04:00:58', '2023-01-02 05:49:35'),
(1359, 4, 1, 1, 6, 21, 164, 'default_roll_no', NULL, '600.0000', '467.0000', '77.8333', 2, 'Excellent', 19, 19, 0, '2022-11-29 04:00:58', '2023-01-02 05:49:35'),
(1360, 4, 1, 1, 6, 21, 643, 'default_roll_no', NULL, '600.0000', '591.0000', '98.5000', 1, 'Outstanding', 1, 1, 10, '2022-11-29 04:00:58', '2023-01-02 05:49:35'),
(1361, 4, 1, 1, 6, 21, 653, 'default_roll_no', NULL, '600.0000', '415.0000', '69.1667', 2, 'Excellent', 23, 23, 0, '2022-11-29 04:00:58', '2023-01-02 05:49:35'),
(1362, 4, 1, 1, 6, 21, 654, 'default_roll_no', NULL, '600.0000', '538.0000', '89.6667', 1, 'Outstanding', 10, 10, 89, '2022-11-29 04:00:58', '2023-01-02 05:49:35'),
(1363, 4, 1, 1, 6, 21, 683, 'default_roll_no', NULL, '600.0000', '325.0000', '54.1667', 4, 'Good', 33, 33, 0, '2022-11-29 04:00:58', '2023-01-02 05:49:35'),
(1364, 4, 1, 1, 6, 21, 687, 'default_roll_no', NULL, '600.0000', '413.0000', '68.8333', 3, 'Very Good', 24, 24, 0, '2022-11-29 04:00:58', '2023-01-02 05:49:35'),
(1365, 4, 1, 1, 6, 21, 693, 'default_roll_no', NULL, '600.0000', '476.0000', '79.3333', 1, 'Outstanding', 18, 18, 0, '2022-11-29 04:00:58', '2023-01-02 05:49:35'),
(1366, 4, 1, 1, 6, 21, 709, 'default_roll_no', NULL, '600.0000', '507.0000', '84.5000', 1, 'Outstanding', 15, 15, 0, '2022-11-29 04:00:58', '2023-01-02 05:49:35'),
(1367, 4, 1, 1, 6, 21, 716, 'default_roll_no', NULL, '600.0000', '458.0000', '76.3333', 2, 'Excellent', 20, 20, 0, '2022-11-29 04:00:58', '2023-01-02 05:49:35'),
(1368, 4, 1, 1, 6, 21, 759, 'default_roll_no', NULL, '600.0000', '260.0000', '43.3333', 5, 'Fair', 36, 36, 0, '2022-11-29 04:00:58', '2023-01-02 05:49:35'),
(1369, 4, 1, 1, 7, 7, 147, 'default_roll_no', NULL, '700.0000', '290.0000', '41.4286', 5, 'Fair', 37, 37, 0, '2022-11-29 04:00:58', '2022-12-26 06:28:05'),
(1370, 4, 1, 1, 7, 7, 159, 'default_roll_no', NULL, '700.0000', '312.0000', '44.5714', 5, 'Fair', 36, 36, 0, '2022-11-29 04:00:58', '2022-12-26 06:28:05'),
(1371, 4, 1, 1, 7, 7, 160, 'default_roll_no', NULL, '700.0000', '349.0000', '49.8571', 4, 'Good', 34, 34, 0, '2022-11-29 04:00:58', '2022-12-26 06:28:05'),
(1372, 4, 1, 1, 7, 7, 161, 'default_roll_no', NULL, '700.0000', '338.0000', '48.2857', 5, 'Fair', 35, 35, 0, '2022-11-29 04:00:58', '2022-12-26 06:28:05'),
(1373, 4, 1, 1, 7, 7, 165, 'default_roll_no', NULL, '700.0000', '414.0000', '59.1429', 3, 'Very Good', 28, 28, 0, '2022-11-29 04:00:58', '2022-12-26 06:28:05'),
(1374, 4, 1, 1, 7, 7, 167, 'default_roll_no', NULL, '700.0000', '689.0000', '98.4286', 1, 'Outstanding', 1, 1, 11, '2022-11-29 04:00:58', '2022-12-26 06:28:05'),
(1375, 4, 1, 1, 7, 7, 168, 'default_roll_no', NULL, '700.0000', '673.0000', '96.1429', 1, 'Outstanding', 2, 2, 34, '2022-11-29 04:00:58', '2022-12-28 05:56:23'),
(1376, 4, 1, 1, 7, 7, 169, 'default_roll_no', NULL, '700.0000', '488.0000', '69.7143', 2, 'Excellent', 18, 18, 0, '2022-11-29 04:00:58', '2022-12-26 06:28:05'),
(1377, 4, 1, 1, 7, 7, 170, 'default_roll_no', NULL, '700.0000', '437.0000', '62.4286', 3, 'Very Good', 25, 25, 0, '2022-11-29 04:00:58', '2022-12-26 06:28:05'),
(1378, 4, 1, 1, 7, 7, 171, 'default_roll_no', NULL, '700.0000', '559.0000', '79.8571', 1, 'Outstanding', 13, 13, 0, '2022-11-29 04:00:58', '2022-12-26 06:28:05'),
(1379, 4, 1, 1, 7, 7, 172, 'default_roll_no', NULL, '700.0000', '498.0000', '71.1429', 2, 'Excellent', 16, 16, 0, '2022-11-29 04:00:58', '2022-12-26 06:28:05'),
(1380, 4, 1, 1, 7, 7, 173, 'default_roll_no', NULL, '700.0000', '623.0000', '89.0000', 1, 'Outstanding', 5, 5, 98, '2022-11-29 04:00:58', '2022-12-28 05:56:23'),
(1381, 4, 1, 1, 7, 7, 174, 'default_roll_no', NULL, '700.0000', '632.0000', '90.2857', 1, 'Outstanding', 3, 3, 85, '2022-11-29 04:00:58', '2022-12-28 05:56:23'),
(1382, 4, 1, 1, 7, 7, 175, 'default_roll_no', NULL, '700.0000', '265.0000', '37.8571', 6, 'Fail', 38, 38, 0, '2022-11-29 04:00:58', '2022-12-26 06:28:05'),
(1383, 4, 1, 1, 7, 7, 176, 'default_roll_no', NULL, '700.0000', '597.0000', '85.2857', 1, 'Outstanding', 8, 8, 0, '2022-11-29 04:00:58', '2022-12-28 05:56:23'),
(1384, 4, 1, 1, 7, 7, 177, 'default_roll_no', NULL, '700.0000', '609.0000', '87.0000', 1, 'Outstanding', 7, 7, 117, '2022-11-29 04:00:58', '2022-12-28 05:56:23'),
(1385, 4, 1, 1, 7, 7, 178, 'default_roll_no', NULL, '700.0000', '565.0000', '80.7143', 1, 'Outstanding', 12, 12, 0, '2022-11-29 04:00:58', '2022-12-26 06:28:05'),
(1386, 4, 1, 1, 7, 7, 179, 'default_roll_no', NULL, '700.0000', '371.0000', '53.0000', 4, 'Good', 31, 31, 0, '2022-11-29 04:00:58', '2022-12-26 06:28:05'),
(1387, 4, 1, 1, 7, 7, 180, 'default_roll_no', NULL, '700.0000', '440.0000', '62.8571', 3, 'Very Good', 23, 23, 0, '2022-11-29 04:00:58', '2022-12-26 06:28:05'),
(1388, 4, 1, 1, 7, 7, 182, 'default_roll_no', NULL, '700.0000', '458.0000', '65.4286', 3, 'Very Good', 21, 21, 0, '2022-11-29 04:00:58', '2022-12-26 06:28:05'),
(1389, 4, 1, 1, 7, 7, 184, 'default_roll_no', NULL, '700.0000', '470.0000', '67.1429', 3, 'Very Good', 19, 19, 0, '2022-11-29 04:00:58', '2022-12-26 06:28:05'),
(1390, 4, 1, 1, 7, 7, 185, 'default_roll_no', NULL, '700.0000', '558.0000', '79.7143', 1, 'Outstanding', 14, 14, 0, '2022-11-29 04:00:58', '2022-12-26 06:28:05'),
(1391, 4, 1, 1, 7, 7, 186, 'default_roll_no', NULL, '700.0000', '622.0000', '88.8571', 1, 'Outstanding', 6, 6, 99, '2022-11-29 04:00:58', '2022-12-28 05:56:23'),
(1392, 4, 1, 1, 7, 7, 187, 'default_roll_no', NULL, '700.0000', '451.0000', '64.4286', 3, 'Very Good', 22, 22, 0, '2022-11-29 04:00:58', '2022-12-26 06:28:06'),
(1393, 4, 1, 1, 7, 7, 188, 'default_roll_no', NULL, '700.0000', '626.0000', '89.4286', 1, 'Outstanding', 4, 4, 93, '2022-11-29 04:00:58', '2022-12-28 05:56:23'),
(1394, 4, 1, 1, 7, 7, 189, 'default_roll_no', NULL, '700.0000', '595.0000', '85.0000', 1, 'Outstanding', 9, 9, 0, '2022-11-29 04:00:58', '2022-12-26 15:55:38'),
(1395, 4, 1, 1, 7, 7, 191, 'default_roll_no', NULL, '700.0000', '597.0000', '85.2857', 1, 'Outstanding', 8, 8, 0, '2022-11-29 04:00:58', '2022-12-28 05:56:23'),
(1396, 4, 1, 1, 7, 7, 192, 'default_roll_no', NULL, '700.0000', '592.0000', '84.5714', 1, 'Outstanding', 10, 10, 0, '2022-11-29 04:00:58', '2022-12-26 06:28:06'),
(1397, 4, 1, 1, 7, 7, 193, 'default_roll_no', NULL, '700.0000', '577.0000', '82.4286', 1, 'Outstanding', 11, 11, 0, '2022-11-29 04:00:58', '2022-12-26 06:28:06'),
(1398, 4, 1, 1, 7, 7, 194, 'default_roll_no', NULL, '700.0000', '499.0000', '71.2857', 2, 'Excellent', 15, 15, 0, '2022-11-29 04:00:58', '2022-12-26 06:28:06'),
(1399, 4, 1, 1, 7, 7, 672, 'default_roll_no', NULL, '700.0000', '361.0000', '51.5714', 4, 'Good', 33, 33, 0, '2022-11-29 04:00:58', '2022-12-26 06:28:06'),
(1400, 4, 1, 1, 7, 7, 673, 'default_roll_no', NULL, '700.0000', '463.0000', '66.1429', 3, 'Very Good', 20, 20, 0, '2022-11-29 04:00:58', '2022-12-26 06:28:06'),
(1401, 4, 1, 1, 7, 7, 674, 'default_roll_no', NULL, '700.0000', '494.0000', '70.5714', 2, 'Excellent', 17, 17, 0, '2022-11-29 04:00:58', '2022-12-26 06:28:06'),
(1402, 4, 1, 1, 7, 7, 675, 'default_roll_no', NULL, '700.0000', '426.0000', '60.8571', 3, 'Very Good', 27, 27, 0, '2022-11-29 04:00:58', '2022-12-26 06:28:06'),
(1403, 4, 1, 1, 7, 7, 680, 'default_roll_no', NULL, '700.0000', '431.0000', '61.5714', 3, 'Very Good', 26, 26, 0, '2022-11-29 04:00:58', '2022-12-26 06:28:06'),
(1404, 4, 1, 1, 7, 7, 681, 'default_roll_no', NULL, '700.0000', '370.0000', '52.8571', 4, 'Good', 32, 32, 0, '2022-11-29 04:00:58', '2022-12-26 06:28:06'),
(1405, 4, 1, 1, 7, 7, 682, 'default_roll_no', NULL, '700.0000', '438.0000', '62.5714', 3, 'Very Good', 24, 24, 0, '2022-11-29 04:00:58', '2022-12-26 06:28:06'),
(1406, 4, 1, 1, 7, 7, 684, 'default_roll_no', NULL, '700.0000', '378.0000', '54.0000', 4, 'Good', 30, 30, 0, '2022-11-29 04:00:58', '2022-12-26 06:28:06'),
(1407, 4, 1, 1, 7, 7, 694, 'default_roll_no', NULL, '700.0000', '380.0000', '54.2857', 4, 'Good', 29, 29, 0, '2022-11-29 04:00:58', '2022-12-26 06:28:06'),
(1408, 4, 1, 1, 10, 8, 181, 'default_roll_no', NULL, '700.0000', '280.0000', '40.0000', 5, 'Fair', 28, 28, 0, '2022-11-29 04:00:58', '2023-01-06 06:09:10'),
(1409, 4, 1, 1, 10, 8, 190, 'default_roll_no', NULL, '700.0000', '356.0000', '50.8571', 4, 'Good', 22, 22, 0, '2022-11-29 04:00:58', '2023-01-06 06:09:10'),
(1410, 4, 1, 1, 10, 8, 195, 'default_roll_no', NULL, '700.0000', '556.0000', '79.4286', 1, 'Outstanding', 11, 11, 0, '2022-11-29 04:00:58', '2023-01-06 06:09:10'),
(1411, 4, 1, 1, 10, 8, 196, 'default_roll_no', NULL, '700.0000', '499.0000', '71.2857', 2, 'Excellent', 17, 17, 0, '2022-11-29 04:00:58', '2023-01-06 06:09:10'),
(1412, 4, 1, 1, 10, 8, 197, 'default_roll_no', NULL, '700.0000', '611.0000', '87.2857', 1, 'Outstanding', 9, 9, 113, '2022-11-29 04:00:58', '2023-01-06 06:09:10'),
(1413, 4, 1, 1, 10, 8, 198, 'default_roll_no', NULL, '700.0000', '342.0000', '48.8571', 5, 'Fair', 24, 24, 0, '2022-11-29 04:00:59', '2023-01-06 06:09:10'),
(1414, 4, 1, 1, 10, 8, 199, 'default_roll_no', NULL, '700.0000', '670.0000', '95.7143', 1, 'Outstanding', 6, 6, 37, '2022-11-29 04:00:59', '2023-01-06 06:09:10'),
(1415, 4, 1, 1, 10, 8, 200, 'default_roll_no', NULL, '700.0000', '684.0000', '97.7143', 1, 'Outstanding', 3, 3, 18, '2022-11-29 04:00:59', '2023-01-06 06:09:10'),
(1416, 4, 1, 1, 10, 8, 201, 'default_roll_no', NULL, '700.0000', '693.0000', '99.0000', 1, 'Outstanding', 1, 1, 7, '2022-11-29 04:00:59', '2023-01-06 06:09:10'),
(1417, 4, 1, 1, 10, 8, 202, 'default_roll_no', NULL, '700.0000', '674.0000', '96.2857', 1, 'Outstanding', 5, 5, 33, '2022-11-29 04:00:59', '2023-01-06 06:09:10'),
(1418, 4, 1, 1, 10, 8, 203, 'default_roll_no', NULL, '700.0000', '403.0000', '57.5714', 4, 'Good', 18, 18, 0, '2022-11-29 04:00:59', '2023-01-06 06:09:10'),
(1419, 4, 1, 1, 10, 8, 206, 'default_roll_no', NULL, '700.0000', '683.0000', '97.5714', 1, 'Outstanding', 4, 4, 20, '2022-11-29 04:00:59', '2023-01-06 06:09:10'),
(1420, 4, 1, 1, 10, 8, 207, 'default_roll_no', NULL, '700.0000', '501.0000', '71.5714', 2, 'Excellent', 16, 16, 0, '2022-11-29 04:00:59', '2023-01-06 06:09:10'),
(1421, 4, 1, 1, 10, 8, 208, 'default_roll_no', NULL, '700.0000', '518.0000', '74.0000', 2, 'Excellent', 14, 14, 0, '2022-11-29 04:00:59', '2023-01-06 06:09:10'),
(1422, 4, 1, 1, 10, 8, 209, 'default_roll_no', NULL, '700.0000', '398.0000', '56.8571', 4, 'Good', 19, 19, 0, '2022-11-29 04:00:59', '2023-01-06 06:09:10'),
(1423, 4, 1, 1, 10, 8, 210, 'default_roll_no', NULL, '700.0000', '554.0000', '79.1429', 1, 'Outstanding', 12, 12, 0, '2022-11-29 04:00:59', '2023-01-06 06:09:10'),
(1424, 4, 1, 1, 10, 8, 211, 'default_roll_no', NULL, '700.0000', '345.0000', '49.2857', 4, 'Good', 23, 23, 0, '2022-11-29 04:00:59', '2023-01-06 06:09:10'),
(1425, 4, 1, 1, 10, 8, 214, 'default_roll_no', NULL, '700.0000', '510.0000', '72.8571', 2, 'Excellent', 15, 15, 0, '2022-11-29 04:00:59', '2023-01-06 06:09:10'),
(1426, 4, 1, 1, 10, 8, 215, 'default_roll_no', NULL, '700.0000', '362.0000', '51.7143', 4, 'Good', 21, 21, 0, '2022-11-29 04:00:59', '2023-01-06 06:09:10'),
(1427, 4, 1, 1, 10, 8, 216, 'default_roll_no', NULL, '700.0000', '529.0000', '75.5714', 2, 'Excellent', 13, 13, 0, '2022-11-29 04:00:59', '2023-01-06 06:09:10'),
(1428, 4, 1, 1, 10, 8, 217, 'default_roll_no', NULL, '700.0000', '693.0000', '99.0000', 1, 'Outstanding', 1, 1, 7, '2022-11-29 04:00:59', '2023-01-06 06:09:10'),
(1429, 4, 1, 1, 10, 8, 219, 'default_roll_no', NULL, '700.0000', '687.0000', '98.1429', 1, 'Outstanding', 2, 2, 15, '2022-11-29 04:00:59', '2023-01-06 06:09:10'),
(1430, 4, 1, 1, 10, 8, 220, 'default_roll_no', NULL, '700.0000', '660.0000', '94.2857', 1, 'Outstanding', 7, 7, 52, '2022-11-29 04:00:59', '2023-01-06 06:09:10'),
(1431, 4, 1, 1, 10, 8, 223, 'default_roll_no', NULL, '700.0000', '337.0000', '48.1429', 5, 'Fair', 25, 25, 0, '2022-11-29 04:00:59', '2023-01-06 06:09:10'),
(1432, 4, 1, 1, 10, 8, 224, 'default_roll_no', NULL, '700.0000', '616.0000', '88.0000', 1, 'Outstanding', 8, 8, 108, '2022-11-29 04:00:59', '2023-01-06 06:09:10'),
(1433, 4, 1, 1, 10, 8, 226, 'default_roll_no', NULL, '700.0000', '329.0000', '47.0000', 5, 'Fair', 26, 26, 0, '2022-11-29 04:00:59', '2023-01-06 06:09:10'),
(1434, 4, 1, 1, 10, 8, 227, 'default_roll_no', NULL, '700.0000', '607.0000', '86.7143', 1, 'Outstanding', 10, 10, 119, '2022-11-29 04:00:59', '2023-01-06 06:09:10'),
(1435, 4, 1, 1, 10, 8, 688, 'default_roll_no', NULL, '700.0000', '387.0000', '55.2857', 4, 'Good', 20, 20, 0, '2022-11-29 04:00:59', '2023-01-06 06:09:10'),
(1436, 4, 1, 1, 10, 8, 712, 'default_roll_no', NULL, '700.0000', '281.0000', '40.1429', 5, 'Fair', 27, 27, 0, '2022-11-29 04:00:59', '2023-01-06 06:09:10'),
(1437, 4, 1, 1, 12, 9, 218, 'default_roll_no', NULL, '600.0000', '198.0000', '33.0000', 6, 'Fail', 37, 37, 0, '2022-11-29 04:00:59', '2022-12-26 06:59:34'),
(1438, 4, 1, 1, 12, 9, 225, 'default_roll_no', NULL, '600.0000', '161.0000', '26.8333', 6, 'Fail', 38, 38, 0, '2022-11-29 04:00:59', '2022-12-26 06:59:34'),
(1439, 4, 1, 1, 12, 9, 229, 'default_roll_no', NULL, '600.0000', '562.0000', '93.6667', 1, 'Outstanding', 2, 2, 58, '2022-11-29 04:00:59', '2022-12-28 05:56:23'),
(1440, 4, 1, 1, 12, 9, 230, 'default_roll_no', NULL, '600.0000', '578.0000', '96.3333', 1, 'Outstanding', 1, 1, 32, '2022-11-29 04:00:59', '2022-12-28 05:56:23'),
(1441, 4, 1, 1, 12, 9, 231, 'default_roll_no', NULL, '600.0000', '523.0000', '87.1667', 1, 'Outstanding', 8, 8, 115, '2022-11-29 04:00:59', '2022-12-28 05:56:23'),
(1442, 4, 1, 1, 12, 9, 232, 'default_roll_no', NULL, '600.0000', '562.0000', '93.6667', 1, 'Outstanding', 2, 2, 58, '2022-11-29 04:00:59', '2022-12-28 05:56:23'),
(1443, 4, 1, 1, 12, 9, 233, 'default_roll_no', NULL, '600.0000', '450.0000', '75.0000', 2, 'Excellent', 18, 18, 0, '2022-11-29 04:00:59', '2022-12-26 06:59:34'),
(1444, 4, 1, 1, 12, 9, 234, 'default_roll_no', NULL, '600.0000', '506.0000', '84.3333', 1, 'Outstanding', 11, 11, 0, '2022-11-29 04:00:59', '2022-12-26 06:59:34'),
(1445, 4, 1, 1, 12, 9, 235, 'default_roll_no', NULL, '600.0000', '402.0000', '67.0000', 3, 'Very Good', 22, 22, 0, '2022-11-29 04:00:59', '2022-12-26 06:59:34'),
(1446, 4, 1, 1, 12, 9, 236, 'default_roll_no', NULL, '600.0000', '477.0000', '79.5000', 1, 'Outstanding', 16, 16, 0, '2022-11-29 04:00:59', '2022-12-26 06:59:34'),
(1447, 4, 1, 1, 12, 9, 238, 'default_roll_no', NULL, '600.0000', '390.0000', '65.0000', 3, 'Very Good', 26, 26, 0, '2022-11-29 04:00:59', '2022-12-26 06:59:34'),
(1448, 4, 1, 1, 12, 9, 239, 'default_roll_no', NULL, '600.0000', '553.0000', '92.1667', 1, 'Outstanding', 5, 5, 70, '2022-11-29 04:00:59', '2022-12-28 05:56:23'),
(1449, 4, 1, 1, 12, 9, 240, 'default_roll_no', NULL, '600.0000', '336.0000', '56.0000', 4, 'Good', 31, 31, 0, '2022-11-29 04:00:59', '2022-12-26 06:59:34'),
(1450, 4, 1, 1, 12, 9, 241, 'default_roll_no', NULL, '600.0000', '425.0000', '70.8333', 2, 'Excellent', 21, 21, 0, '2022-11-29 04:00:59', '2022-12-26 06:59:34'),
(1451, 4, 1, 1, 12, 9, 242, 'default_roll_no', NULL, '600.0000', '262.0000', '43.6667', 5, 'Fair', 34, 34, 0, '2022-11-29 04:00:59', '2022-12-26 06:59:34'),
(1452, 4, 1, 1, 12, 9, 243, 'default_roll_no', NULL, '600.0000', '463.0000', '77.1667', 2, 'Excellent', 17, 17, 0, '2022-11-29 04:00:59', '2022-12-26 06:59:34'),
(1453, 4, 1, 1, 12, 9, 244, 'default_roll_no', NULL, '600.0000', '292.0000', '48.6667', 5, 'Fair', 32, 32, 0, '2022-11-29 04:00:59', '2022-12-26 06:59:34'),
(1454, 4, 1, 1, 12, 9, 245, 'default_roll_no', NULL, '600.0000', '401.0000', '66.8333', 3, 'Very Good', 23, 23, 0, '2022-11-29 04:00:59', '2022-12-26 06:59:34'),
(1455, 4, 1, 1, 12, 9, 248, 'default_roll_no', NULL, '600.0000', '436.0000', '72.6667', 2, 'Excellent', 19, 19, 0, '2022-11-29 04:00:59', '2022-12-26 06:59:34'),
(1456, 4, 1, 1, 12, 9, 250, 'default_roll_no', NULL, '600.0000', '286.0000', '47.6667', 5, 'Fair', 33, 33, 0, '2022-11-29 04:00:59', '2022-12-26 06:59:34'),
(1457, 4, 1, 1, 12, 9, 253, 'default_roll_no', NULL, '600.0000', '391.0000', '65.1667', 3, 'Very Good', 25, 25, 0, '2022-11-29 04:00:59', '2022-12-26 06:59:34'),
(1458, 4, 1, 1, 12, 9, 254, 'default_roll_no', NULL, '600.0000', '494.0000', '82.3333', 1, 'Outstanding', 15, 15, 0, '2022-11-29 04:00:59', '2022-12-26 06:59:34'),
(1459, 4, 1, 1, 12, 9, 255, 'default_roll_no', NULL, '600.0000', '530.0000', '88.3333', 1, 'Outstanding', 7, 7, 105, '2022-11-29 04:00:59', '2022-12-28 05:56:23'),
(1460, 4, 1, 1, 12, 9, 259, 'default_roll_no', NULL, '600.0000', '203.0000', '33.8333', 6, 'Fail', 36, 36, 0, '2022-11-29 04:00:59', '2022-12-26 06:59:34'),
(1461, 4, 1, 1, 12, 9, 260, 'default_roll_no', NULL, '600.0000', '344.0000', '57.3333', 4, 'Good', 30, 30, 0, '2022-11-29 04:00:59', '2022-12-26 06:59:34'),
(1462, 4, 1, 1, 12, 9, 261, 'default_roll_no', NULL, '600.0000', '515.0000', '85.8333', 1, 'Outstanding', 10, 10, 128, '2022-11-29 04:00:59', '2022-12-28 05:56:23'),
(1463, 4, 1, 1, 12, 9, 262, 'default_roll_no', NULL, '600.0000', '558.0000', '93.0000', 1, 'Outstanding', 3, 3, 62, '2022-11-29 04:00:59', '2022-12-28 05:56:23'),
(1464, 4, 1, 1, 12, 9, 266, 'default_roll_no', NULL, '600.0000', '497.0000', '82.8333', 1, 'Outstanding', 14, 14, 0, '2022-11-29 04:00:59', '2022-12-26 06:59:34'),
(1465, 4, 1, 1, 12, 9, 268, 'default_roll_no', NULL, '600.0000', '392.0000', '65.3333', 3, 'Very Good', 24, 24, 0, '2022-11-29 04:00:59', '2022-12-26 06:59:34'),
(1466, 4, 1, 1, 12, 9, 270, 'default_roll_no', NULL, '600.0000', '535.0000', '89.1667', 1, 'Outstanding', 6, 6, 96, '2022-11-29 04:00:59', '2022-12-28 05:56:23'),
(1467, 4, 1, 1, 12, 9, 271, 'default_roll_no', NULL, '600.0000', '554.0000', '92.3333', 1, 'Outstanding', 4, 4, 69, '2022-11-29 04:00:59', '2022-12-28 05:56:23'),
(1468, 4, 1, 1, 12, 9, 272, 'default_roll_no', NULL, '600.0000', '378.0000', '63.0000', 3, 'Very Good', 28, 28, 0, '2022-11-29 04:00:59', '2022-12-26 06:59:34'),
(1469, 4, 1, 1, 12, 9, 276, 'default_roll_no', NULL, '600.0000', '388.0000', '64.6667', 3, 'Very Good', 27, 27, 0, '2022-11-29 04:00:59', '2022-12-26 06:59:34'),
(1470, 4, 1, 1, 12, 9, 277, 'default_roll_no', NULL, '600.0000', '432.0000', '72.0000', 2, 'Excellent', 20, 20, 0, '2022-11-29 04:00:59', '2022-12-26 06:59:34'),
(1471, 4, 1, 1, 12, 9, 279, 'default_roll_no', NULL, '600.0000', '401.0000', '66.8333', 3, 'Very Good', 23, 23, 0, '2022-11-29 04:00:59', '2022-12-26 06:59:34'),
(1472, 4, 1, 1, 12, 9, 280, 'default_roll_no', NULL, '600.0000', '530.0000', '88.3333', 1, 'Outstanding', 7, 7, 105, '2022-11-29 04:00:59', '2022-12-28 05:56:23'),
(1473, 4, 1, 1, 12, 9, 281, 'default_roll_no', NULL, '600.0000', '515.0000', '85.8333', 1, 'Outstanding', 10, 10, 128, '2022-11-29 04:00:59', '2022-12-28 05:56:23'),
(1474, 4, 1, 1, 12, 9, 669, 'default_roll_no', NULL, '600.0000', '500.0000', '83.3333', 1, 'Outstanding', 13, 13, 0, '2022-11-29 04:00:59', '2022-12-26 06:59:34'),
(1475, 4, 1, 1, 12, 9, 671, 'default_roll_no', NULL, '600.0000', '243.0000', '40.5000', 5, 'Fair', 35, 35, 0, '2022-11-29 04:00:59', '2022-12-26 06:59:34'),
(1476, 4, 1, 1, 12, 9, 679, 'default_roll_no', NULL, '600.0000', '357.0000', '59.5000', 3, 'Very Good', 29, 29, 0, '2022-11-29 04:00:59', '2022-12-26 06:59:35'),
(1477, 4, 1, 1, 12, 9, 695, 'default_roll_no', NULL, '600.0000', '553.0000', '92.1667', 1, 'Outstanding', 5, 5, 70, '2022-11-29 04:00:59', '2022-12-28 05:56:23'),
(1478, 4, 1, 1, 12, 9, 713, 'default_roll_no', NULL, '600.0000', '553.0000', '92.1667', 1, 'Outstanding', 5, 5, 70, '2022-11-29 04:00:59', '2022-12-28 05:56:23'),
(1479, 4, 1, 1, 12, 9, 728, 'default_roll_no', NULL, '600.0000', '505.0000', '84.1667', 1, 'Outstanding', 12, 12, 0, '2022-11-29 04:00:59', '2022-12-26 06:59:35'),
(1480, 4, 1, 1, 12, 9, 729, 'default_roll_no', NULL, '600.0000', '520.0000', '86.6667', 1, 'Outstanding', 9, 9, 120, '2022-11-29 04:00:59', '2022-12-28 05:56:23'),
(1481, 4, 1, 1, 13, 19, 256, 'default_roll_no', NULL, '600.0000', '360.0000', '60.0000', 3, 'Very Good', 31, 31, 0, '2022-11-29 04:00:59', '2022-12-26 07:11:24'),
(1482, 4, 1, 1, 13, 19, 257, 'default_roll_no', NULL, '600.0000', '290.0000', '48.3333', 5, 'Fair', 38, 38, 0, '2022-11-29 04:01:00', '2022-12-26 07:11:24'),
(1483, 4, 1, 1, 13, 19, 282, 'default_roll_no', NULL, '600.0000', '312.0000', '52.0000', 4, 'Good', 37, 37, 0, '2022-11-29 04:01:00', '2022-12-26 07:11:24'),
(1484, 4, 1, 1, 13, 19, 283, 'default_roll_no', NULL, '600.0000', '555.0000', '92.5000', 1, 'Outstanding', 6, 6, 67, '2022-11-29 04:01:00', '2022-12-28 05:56:23'),
(1485, 4, 1, 1, 13, 19, 284, 'default_roll_no', NULL, '600.0000', '477.0000', '79.5000', 1, 'Outstanding', 14, 14, 0, '2022-11-29 04:01:00', '2022-12-26 07:11:24'),
(1486, 4, 1, 1, 13, 19, 285, 'default_roll_no', NULL, '600.0000', '422.0000', '70.3333', 2, 'Excellent', 23, 23, 0, '2022-11-29 04:01:00', '2022-12-26 07:11:24'),
(1487, 4, 1, 1, 13, 19, 286, 'default_roll_no', NULL, '600.0000', '365.0000', '60.8333', 3, 'Very Good', 29, 29, 0, '2022-11-29 04:01:00', '2022-12-26 07:11:24'),
(1488, 4, 1, 1, 13, 19, 287, 'default_roll_no', NULL, '600.0000', '349.0000', '58.1667', 4, 'Good', 32, 32, 0, '2022-11-29 04:01:00', '2022-12-26 07:11:24'),
(1489, 4, 1, 1, 13, 19, 289, 'default_roll_no', NULL, '600.0000', '324.0000', '54.0000', 4, 'Good', 35, 35, 0, '2022-11-29 04:01:00', '2022-12-26 07:11:24'),
(1490, 4, 1, 1, 13, 19, 290, 'default_roll_no', NULL, '600.0000', '574.0000', '95.6667', 1, 'Outstanding', 3, 3, 38, '2022-11-29 04:01:00', '2022-12-28 05:56:23'),
(1491, 4, 1, 1, 13, 19, 291, 'default_roll_no', NULL, '600.0000', '597.0000', '99.5000', 1, 'Outstanding', 1, 1, 4, '2022-11-29 04:01:00', '2022-12-26 07:11:24'),
(1492, 4, 1, 1, 13, 19, 292, 'default_roll_no', NULL, '600.0000', '432.0000', '72.0000', 2, 'Excellent', 21, 21, 0, '2022-11-29 04:01:00', '2022-12-26 07:11:24'),
(1493, 4, 1, 1, 13, 19, 293, 'default_roll_no', NULL, '600.0000', '421.0000', '70.1667', 2, 'Excellent', 24, 24, 0, '2022-11-29 04:01:00', '2022-12-26 07:11:24'),
(1494, 4, 1, 1, 13, 19, 294, 'default_roll_no', NULL, '600.0000', '430.0000', '71.6667', 2, 'Excellent', 22, 22, 0, '2022-11-29 04:01:00', '2022-12-26 07:11:24'),
(1495, 4, 1, 1, 13, 19, 295, 'default_roll_no', NULL, '600.0000', '465.0000', '77.5000', 2, 'Excellent', 16, 16, 0, '2022-11-29 04:01:00', '2022-12-26 07:11:24'),
(1496, 4, 1, 1, 13, 19, 296, 'default_roll_no', NULL, '600.0000', '379.0000', '63.1667', 3, 'Very Good', 27, 27, 0, '2022-11-29 04:01:00', '2022-12-26 07:11:24'),
(1497, 4, 1, 1, 13, 19, 297, 'default_roll_no', NULL, '600.0000', '453.0000', '75.5000', 2, 'Excellent', 18, 18, 0, '2022-11-29 04:01:00', '2022-12-26 07:11:24'),
(1498, 4, 1, 1, 13, 19, 300, 'default_roll_no', NULL, '600.0000', '519.0000', '86.5000', 1, 'Outstanding', 11, 11, 123, '2022-11-29 04:01:00', '2022-12-28 05:56:23'),
(1499, 4, 1, 1, 13, 19, 301, 'default_roll_no', NULL, '600.0000', '552.0000', '92.0000', 1, 'Outstanding', 8, 8, 71, '2022-11-29 04:01:00', '2022-12-28 05:56:23'),
(1500, 4, 1, 1, 13, 19, 302, 'default_roll_no', NULL, '600.0000', '552.0000', '92.0000', 1, 'Outstanding', 8, 8, 71, '2022-11-29 04:01:00', '2022-12-28 05:56:23'),
(1501, 4, 1, 1, 13, 19, 304, 'default_roll_no', NULL, '600.0000', '418.0000', '69.6667', 2, 'Excellent', 25, 25, 0, '2022-11-29 04:01:00', '2022-12-26 07:11:24'),
(1502, 4, 1, 1, 13, 19, 305, 'default_roll_no', NULL, '600.0000', '319.0000', '53.1667', 4, 'Good', 36, 36, 0, '2022-11-29 04:01:00', '2022-12-26 07:11:24'),
(1503, 4, 1, 1, 13, 19, 308, 'default_roll_no', NULL, '600.0000', '592.0000', '98.6667', 1, 'Outstanding', 2, 2, 9, '2022-11-29 04:01:00', '2022-12-26 07:11:24'),
(1504, 4, 1, 1, 13, 19, 309, 'default_roll_no', NULL, '600.0000', '530.0000', '88.3333', 1, 'Outstanding', 9, 9, 105, '2022-11-29 04:01:00', '2022-12-28 05:56:23'),
(1505, 4, 1, 1, 13, 19, 310, 'default_roll_no', NULL, '600.0000', '270.0000', '45.0000', 5, 'Fair', 40, 40, 0, '2022-11-29 04:01:00', '2022-12-26 07:11:24'),
(1506, 4, 1, 1, 13, 19, 312, 'default_roll_no', NULL, '600.0000', '368.0000', '61.3333', 3, 'Very Good', 28, 28, 0, '2022-11-29 04:01:00', '2022-12-26 07:11:24'),
(1507, 4, 1, 1, 13, 19, 313, 'default_roll_no', NULL, '600.0000', '571.0000', '95.1667', 1, 'Outstanding', 4, 4, 43, '2022-11-29 04:01:00', '2022-12-28 05:56:23'),
(1508, 4, 1, 1, 13, 19, 316, 'default_roll_no', NULL, '600.0000', '341.0000', '56.8333', 4, 'Good', 33, 33, 0, '2022-11-29 04:01:00', '2022-12-26 07:11:24'),
(1509, 4, 1, 1, 13, 19, 319, 'default_roll_no', NULL, '600.0000', '526.0000', '87.6667', 1, 'Outstanding', 10, 10, 110, '2022-11-29 04:01:00', '2022-12-28 05:56:23'),
(1510, 4, 1, 1, 13, 19, 322, 'default_roll_no', NULL, '600.0000', '487.0000', '81.1667', 1, 'Outstanding', 13, 13, 0, '2022-11-29 04:01:00', '2022-12-26 07:11:24'),
(1511, 4, 1, 1, 13, 19, 324, 'default_roll_no', NULL, '600.0000', '476.0000', '79.3333', 1, 'Outstanding', 15, 15, 0, '2022-11-29 04:01:00', '2022-12-26 07:11:24'),
(1512, 4, 1, 1, 13, 19, 325, 'default_roll_no', NULL, '600.0000', '463.0000', '77.1667', 2, 'Excellent', 17, 17, 0, '2022-11-29 04:01:00', '2022-12-26 07:11:24'),
(1513, 4, 1, 1, 13, 19, 326, 'default_roll_no', NULL, '600.0000', '330.0000', '55.0000', 4, 'Good', 34, 34, 0, '2022-11-29 04:01:00', '2022-12-26 07:11:24'),
(1514, 4, 1, 1, 13, 19, 327, 'default_roll_no', NULL, '600.0000', '496.0000', '82.6667', 1, 'Outstanding', 12, 12, 0, '2022-11-29 04:01:00', '2022-12-26 07:11:24'),
(1515, 4, 1, 1, 13, 19, 328, 'default_roll_no', NULL, '600.0000', '435.0000', '72.5000', 2, 'Excellent', 19, 19, 0, '2022-11-29 04:01:00', '2022-12-26 07:11:24'),
(1516, 4, 1, 1, 13, 19, 641, 'default_roll_no', NULL, '600.0000', '408.0000', '68.0000', 3, 'Very Good', 26, 26, 0, '2022-11-29 04:01:00', '2022-12-26 07:11:24'),
(1517, 4, 1, 1, 13, 19, 662, 'default_roll_no', NULL, '600.0000', '554.0000', '92.3333', 1, 'Outstanding', 7, 7, 69, '2022-11-29 04:01:00', '2022-12-28 05:56:23'),
(1518, 4, 1, 1, 13, 19, 686, 'default_roll_no', NULL, '600.0000', '496.0000', '82.6667', 1, 'Outstanding', 12, 12, 0, '2022-11-29 04:01:00', '2022-12-26 07:11:24'),
(1519, 4, 1, 1, 13, 19, 699, 'default_roll_no', NULL, '600.0000', '361.0000', '60.1667', 3, 'Very Good', 30, 30, 0, '2022-11-29 04:01:00', '2022-12-26 07:11:24'),
(1520, 4, 1, 1, 13, 19, 701, 'default_roll_no', NULL, '600.0000', '562.0000', '93.6667', 1, 'Outstanding', 5, 5, 58, '2022-11-29 04:01:00', '2022-12-28 05:56:23'),
(1521, 4, 1, 1, 13, 19, 711, 'default_roll_no', NULL, '600.0000', '434.0000', '72.3333', 2, 'Excellent', 20, 20, 0, '2022-11-29 04:01:00', '2022-12-26 07:11:24'),
(1522, 4, 1, 1, 13, 19, 720, 'default_roll_no', NULL, '600.0000', '282.0000', '47.0000', 5, 'Fair', 39, 39, 0, '2022-11-29 04:01:00', '2022-12-26 07:11:24'),
(1523, 4, 1, 1, 13, 19, 732, 'default_roll_no', NULL, '600.0000', '519.0000', '86.5000', 1, 'Outstanding', 11, 11, 123, '2022-11-29 04:01:00', '2022-12-28 05:56:23'),
(1524, 4, 1, 1, 14, 12, 303, 'default_roll_no', NULL, '550.0000', '294.0000', '53.4545', 4, 'Good', 32, 17, 0, '2022-11-29 04:01:00', '2022-12-28 05:54:03'),
(1525, 4, 1, 1, 14, 12, 314, 'default_roll_no', NULL, '550.0000', '244.0000', '44.3636', 5, 'Fair', 41, 22, 0, '2022-11-29 04:01:00', '2022-12-28 05:54:03'),
(1526, 4, 1, 1, 14, 13, 315, 'default_roll_no', NULL, '550.0000', '282.0000', '51.2727', 4, 'Good', 35, 20, 0, '2022-11-29 04:01:00', '2022-12-28 05:58:58'),
(1527, 4, 1, 1, 14, 12, 321, 'default_roll_no', NULL, '550.0000', '199.0000', '36.1818', 6, 'Fail', 46, 25, 0, '2022-11-29 04:01:00', '2022-12-28 05:54:03'),
(1528, 4, 1, 1, 14, 12, 330, 'default_roll_no', NULL, '550.0000', '509.0000', '92.5455', 1, 'Outstanding', 4, 2, 66, '2022-11-29 04:01:00', '2022-12-28 05:56:23'),
(1529, 4, 1, 1, 14, 12, 331, 'default_roll_no', NULL, '550.0000', '211.0000', '38.3636', 6, 'Fail', 45, 24, 0, '2022-11-29 04:01:00', '2022-12-28 05:54:03'),
(1530, 4, 1, 1, 14, 12, 332, 'default_roll_no', NULL, '550.0000', '389.0000', '70.7273', 2, 'Excellent', 18, 10, 0, '2022-11-29 04:01:00', '2022-12-28 05:54:03'),
(1531, 4, 1, 1, 14, 12, 333, 'default_roll_no', NULL, '550.0000', '488.0000', '88.7273', 1, 'Outstanding', 8, 4, 101, '2022-11-29 04:01:00', '2022-12-28 05:56:23'),
(1532, 4, 1, 1, 14, 12, 335, 'default_roll_no', NULL, '550.0000', '244.0000', '44.3636', 5, 'Fair', 41, 22, 0, '2022-11-29 04:01:00', '2022-12-28 05:54:03'),
(1533, 4, 1, 1, 14, 12, 341, 'default_roll_no', NULL, '550.0000', '250.0000', '45.4545', 5, 'Fair', 39, 20, 0, '2022-11-29 04:01:00', '2022-12-28 05:54:03'),
(1534, 4, 1, 1, 14, 12, 343, 'default_roll_no', NULL, '550.0000', '399.0000', '72.5455', 2, 'Excellent', 16, 8, 0, '2022-11-29 04:01:00', '2022-12-28 05:54:03'),
(1535, 4, 1, 1, 14, 12, 344, 'default_roll_no', NULL, '550.0000', '491.0000', '89.2727', 1, 'Outstanding', 7, 3, 95, '2022-11-29 04:01:00', '2022-12-28 05:56:23'),
(1536, 4, 1, 1, 14, 12, 345, 'default_roll_no', NULL, '550.0000', '346.0000', '62.9091', 3, 'Very Good', 21, 12, 0, '2022-11-29 04:01:00', '2022-12-28 05:54:03'),
(1537, 4, 1, 1, 14, 12, 346, 'default_roll_no', NULL, '550.0000', '342.0000', '62.1818', 3, 'Very Good', 22, 13, 0, '2022-11-29 04:01:00', '2022-12-28 05:54:03'),
(1538, 4, 1, 1, 14, 12, 348, 'default_roll_no', NULL, '550.0000', '444.0000', '80.7273', 1, 'Outstanding', 13, 6, 0, '2022-11-29 04:01:00', '2022-12-28 05:54:03'),
(1539, 4, 1, 1, 14, 13, 349, 'default_roll_no', NULL, '550.0000', '444.0000', '80.7273', 1, 'Outstanding', 13, 8, 0, '2022-11-29 04:01:00', '2022-12-28 05:58:58'),
(1540, 4, 1, 1, 14, 13, 350, 'default_roll_no', NULL, '550.0000', '317.0000', '57.6364', 4, 'Good', 28, 14, 0, '2022-11-29 04:01:00', '2022-12-28 05:58:58'),
(1541, 4, 1, 1, 14, 12, 351, 'default_roll_no', NULL, '550.0000', '524.0000', '95.2727', 1, 'Outstanding', 3, 1, 42, '2022-11-29 04:01:00', '2022-12-28 05:56:23'),
(1542, 4, 1, 1, 14, 12, 352, 'default_roll_no', NULL, '550.0000', '408.0000', '74.1818', 2, 'Excellent', 15, 7, 0, '2022-11-29 04:01:00', '2022-12-28 05:54:03'),
(1543, 4, 1, 1, 14, 13, 353, 'default_roll_no', NULL, '550.0000', '267.0000', '48.5455', 5, 'Fair', 37, 21, 0, '2022-11-29 04:01:00', '2022-12-28 05:58:58'),
(1544, 4, 1, 1, 14, 12, 354, 'default_roll_no', NULL, '550.0000', '229.0000', '41.6364', 5, 'Fair', 43, 23, 0, '2022-11-29 04:01:00', '2022-12-28 05:54:03'),
(1545, 4, 1, 1, 14, 12, 355, 'default_roll_no', NULL, '550.0000', '444.0000', '80.7273', 1, 'Outstanding', 13, 6, 0, '2022-11-29 04:01:00', '2022-12-28 05:54:03'),
(1546, 4, 1, 1, 14, 13, 357, 'default_roll_no', NULL, '550.0000', '485.0000', '88.1818', 1, 'Outstanding', 9, 5, 106, '2022-11-29 04:01:00', '2022-12-28 05:58:58'),
(1547, 4, 1, 1, 14, 13, 358, 'default_roll_no', NULL, '550.0000', '533.0000', '96.9091', 1, 'Outstanding', 2, 2, 27, '2022-11-29 04:01:00', '2022-12-28 05:58:58'),
(1548, 4, 1, 1, 14, 12, 359, 'default_roll_no', NULL, '550.0000', '444.0000', '80.7273', 1, 'Outstanding', 13, 6, 0, '2022-11-29 04:01:00', '2022-12-28 05:54:03'),
(1549, 4, 1, 1, 14, 13, 360, 'default_roll_no', NULL, '550.0000', '458.0000', '83.2727', 1, 'Outstanding', 11, 6, 0, '2022-11-29 04:01:00', '2022-12-28 05:58:58'),
(1550, 4, 1, 1, 14, 12, 361, 'default_roll_no', NULL, '550.0000', '332.0000', '60.3636', 3, 'Very Good', 24, 15, 0, '2022-11-29 04:01:00', '2022-12-28 05:54:03'),
(1551, 4, 1, 1, 14, 13, 362, 'default_roll_no', NULL, '550.0000', '303.0000', '55.0909', 4, 'Good', 30, 16, 0, '2022-11-29 04:01:00', '2022-12-28 05:58:58'),
(1552, 4, 1, 1, 14, 12, 363, 'default_roll_no', NULL, '550.0000', '474.0000', '86.1818', 1, 'Outstanding', 10, 5, 125, '2022-11-29 04:01:00', '2022-12-28 05:56:23'),
(1553, 4, 1, 1, 14, 13, 365, 'default_roll_no', NULL, '550.0000', '535.0000', '97.2727', 1, 'Outstanding', 1, 1, 24, '2022-11-29 04:01:00', '2022-12-28 05:58:58'),
(1554, 4, 1, 1, 14, 12, 367, 'default_roll_no', NULL, '550.0000', '295.0000', '53.6364', 4, 'Good', 31, 16, 0, '2022-11-29 04:01:00', '2022-12-28 05:54:03'),
(1555, 4, 1, 1, 14, 13, 368, 'default_roll_no', NULL, '550.0000', '295.0000', '53.6364', 4, 'Good', 31, 17, 0, '2022-11-29 04:01:00', '2022-12-28 05:58:58'),
(1556, 4, 1, 1, 14, 13, 371, 'default_roll_no', NULL, '550.0000', '215.0000', '39.0909', 5, 'Fair', 44, 23, 0, '2022-11-29 04:01:00', '2022-12-28 05:58:58'),
(1557, 4, 1, 1, 14, 13, 374, 'default_roll_no', NULL, '550.0000', '282.0000', '51.2727', 4, 'Good', 35, 20, 0, '2022-11-29 04:01:00', '2022-12-28 05:58:58'),
(1558, 4, 1, 1, 14, 12, 376, 'default_roll_no', NULL, '550.0000', '341.0000', '62.0000', 3, 'Very Good', 23, 14, 0, '2022-11-29 04:01:01', '2022-12-28 05:54:03'),
(1559, 4, 1, 1, 14, 13, 377, 'default_roll_no', NULL, '550.0000', '373.0000', '67.8182', 3, 'Very Good', 20, 10, 0, '2022-11-29 04:01:01', '2022-12-28 05:58:58'),
(1560, 4, 1, 1, 14, 12, 378, 'default_roll_no', NULL, '550.0000', '248.0000', '45.0909', 5, 'Fair', 40, 21, 0, '2022-11-29 04:01:01', '2022-12-28 05:54:03'),
(1561, 4, 1, 1, 14, 13, 379, 'default_roll_no', NULL, '550.0000', '492.0000', '89.4545', 1, 'Outstanding', 6, 4, 92, '2022-11-29 04:01:01', '2022-12-28 05:58:58'),
(1562, 4, 1, 1, 14, 13, 380, 'default_roll_no', NULL, '550.0000', '231.0000', '42.0000', 5, 'Fair', 42, 22, 0, '2022-11-29 04:01:01', '2022-12-28 05:58:58'),
(1563, 4, 1, 1, 14, 13, 385, 'default_roll_no', NULL, '550.0000', '287.0000', '52.1818', 4, 'Good', 33, 18, 0, '2022-11-29 04:01:01', '2022-12-28 05:58:58'),
(1564, 4, 1, 1, 14, 13, 388, 'default_roll_no', NULL, '550.0000', '286.0000', '52.0000', 4, 'Good', 34, 19, 0, '2022-11-29 04:01:01', '2022-12-28 05:58:58'),
(1565, 4, 1, 1, 14, 13, 389, 'default_roll_no', NULL, '550.0000', '457.0000', '83.0909', 1, 'Outstanding', 12, 7, 0, '2022-11-29 04:01:01', '2022-12-28 05:58:58'),
(1566, 4, 1, 1, 14, 12, 642, 'default_roll_no', NULL, '550.0000', '378.0000', '68.7273', 3, 'Very Good', 19, 11, 0, '2022-11-29 04:01:01', '2022-12-28 05:54:03'),
(1567, 4, 1, 1, 14, 13, 665, 'default_roll_no', NULL, '550.0000', '440.0000', '80.0000', 1, 'Outstanding', 14, 9, 0, '2022-11-29 04:01:01', '2022-12-28 05:58:58'),
(1568, 4, 1, 1, 14, 12, 676, 'default_roll_no', NULL, '550.0000', '396.0000', '72.0000', 2, 'Excellent', 17, 9, 0, '2022-11-29 04:01:01', '2022-12-28 05:54:03'),
(1569, 4, 1, 1, 14, 13, 678, 'default_roll_no', NULL, '550.0000', '310.0000', '56.3636', 4, 'Good', 29, 15, 0, '2022-11-29 04:01:01', '2022-12-28 05:58:58'),
(1570, 4, 1, 1, 14, 13, 721, 'default_roll_no', NULL, '550.0000', '326.0000', '59.2727', 3, 'Very Good', 26, 12, 0, '2022-11-29 04:01:01', '2022-12-28 05:58:58'),
(1571, 4, 1, 1, 14, 12, 722, 'default_roll_no', NULL, '550.0000', '273.0000', '49.6364', 4, 'Good', 36, 18, 0, '2022-11-29 04:01:01', '2022-12-28 05:54:03'),
(1572, 4, 1, 1, 14, 13, 723, 'default_roll_no', NULL, '550.0000', '502.0000', '91.2727', 1, 'Outstanding', 5, 3, 77, '2022-11-29 04:01:01', '2022-12-28 05:58:58'),
(1573, 4, 1, 1, 14, 13, 736, 'default_roll_no', NULL, '550.0000', '331.0000', '60.1818', 3, 'Very Good', 25, 11, 0, '2022-11-29 04:01:01', '2022-12-28 05:58:58'),
(1574, 4, 1, 1, 14, 13, 737, 'default_roll_no', NULL, '550.0000', '325.0000', '59.0909', 3, 'Very Good', 27, 13, 0, '2022-11-29 04:01:01', '2022-12-28 05:58:58'),
(1575, 4, 1, 1, 14, 13, 744, 'default_roll_no', NULL, '550.0000', '131.0000', '23.8182', 6, 'Fail', 47, 24, 0, '2022-11-29 04:01:01', '2022-12-28 05:58:58'),
(1576, 4, 1, 1, 14, 12, 746, 'default_roll_no', NULL, '550.0000', '261.0000', '47.4545', 5, 'Fair', 38, 19, 0, '2022-11-29 04:01:01', '2022-12-28 05:54:03');

-- --------------------------------------------------------

--
